{"text_format":"1","workbook":"xlsx","n_sheets":8,"sheets":["Setup","ALMD","MD","OoP","PrepOP","tables","matches","e-efoa"],"not_rendered":{"charts":0,"images":0,"macros":1,"external_links":0,"defined_names":14,"comments":1,"pivot_tables":0},"unopened":[],"bounds":{"document_bytes":16777216,"sheet_cells":100000,"rows_first":2000,"rows_last":500,"rows_between":2000,"halvings":0,"cell_chars":16384,"cell_head_chars":4096},"cells_cut":0,"cells_raw":0,"read":"whole","date_system":"1900"}

{"sheet":"Setup","index":0,"n_rows":31,"n_cols":26,"rows_kept":31,"cut":false,"hidden":false,"merged":[[1,3,2,3],[10,19,11,19],[15,19,15,20],[16,19,16,20]]}
["Singles",16,null,"Θέσεις","seed"]
["Draw16_S",null,null,"3-4",{"$f":"VALUE(LEFT(F2,1))","v":3},"3 4"]
["Διοργανωτής: ","ΣΤ' ΕΝΩΣΗ",null,null,{"$f":"VALUE(RIGHT(F2,1))","v":4},null,null,null,null,null,null,null,null,null,null,null,null,null,null,null,null,null,null,null,null,"Tour lookup"]
["Έδρα αγώνων: ","ΣΑ ΤΡΙΠΟΛΗΣ",null,null,null,null,null,null,null,null,null,null,null,null,null,null,null,null,null,null,null,null,null,null,null,{"$f":"$B$8","v":"2018-06-30"}]
["grade: ","Ε3",null,null,null,null,null,null,null,null,null,null,null,null,null,null,null,null,null,null,null,null,null,null,null,{"$f":"TRIM(IF(OR($B$5=\"Παν\",$B$5=\"ΠανΑΓ\",$B$5=\"Open\",$B$5=\"OpenΑΓ\"),$B$7&\" (\"&VLOOKUP($B$4,tables!$X:$Z,3,FALSE)&\")\",$B$7&\" (\"&VLOOKUP($B$4,tables!$X:$Z,3,FALSE)&\")\"))","v":"Ε3 26η (ΣΤ)"}]
["Κατηγορία: ","Κ14",null,null,null,null,null,null,null,null,null,null,null,null,null,null,null,null,null,"Tournament ID","Tournament",null,null,null,null,{"$f":"VLOOKUP($B$4,tables!$X:$Z,2,FALSE)","v":294}]
["Τίτλος Τουρνουά: ","Ε3 26η",null,"1 2 3 4 14 16 15 11 13 7 9 6 10 5 12 8 ",null,null,null,null,null,null,null,null,null,null,null,null,null,null,null,{"$f":"$Z$9","v":{"$error":"#N/A"}},{"$f":"IF(T7>0,VLOOKUP(T7,tables!AQ:AR,2,FALSE),\"\")","v":{"$error":"#N/A"}},null,null,null,null,"S"]
["Έναρξη Κ.Τ.: ","2018-06-30",null,"1 2 3 4 ",null,null,null,null,null,null,null,null,null,null,null,null,null,null,null,{"$f":"LOWER(B21)","v":"ε3 26η στ κ14 s md"},null,null,null,null,null,{"$f":"LOWER(TRIM(IF(SUBSTITUTE($B$6,\"1\",\"\")<>$B$6,SUBSTITUTE(UPPER($B$6),\"D\",\"\"),$B$6)))","v":"κ14"}]
["Λήξη τουρνουά: ","2018-07-01",null,"0 0 0 0 0 0 0 0 0 0 0 0 0 0 0 0 0 0 0 0 0 0 0 0 0 0 0 0 0 0 0 0 0 0 0 0 0 0 0 0  ",null,null,null,null,null,null,null,null,null,null,null,null,null,null,null,null,null,null,null,null,null,{"$f":"VLOOKUP($Z$11,tables!$AI:$AQ,9,FALSE)","v":{"$error":"#N/A"}}]
["Βδομάδα: ",{"$f":"\"βδ.: \"&TEXT(WEEKNUM(B8,2),\"00\")&\"η\"","v":"βδ.: 26η"},null,null,null,null,null,null,null,null,null,null,null,null,null,null,null,null,null,null,null,null,null,null,null,{"$f":"VLOOKUP($B$6,tables!AS1:AT51,2,FALSE)","v":10}]
["Επιδιαιτητής: ","ΚΑΛΟΓΡΗ Σ",null,0,"seed","space pos","Index","Value",null,null,null,null,null,null,null,null,null,null,null,"γραφή σκορ: ","62 76(4)",null,null,null,null,{"$f":"$Z$4&$Z$5&$Z$6&$Z$7&$Z$8","v":"43281Ε3 26η (ΣΤ)294Sκ14"}]
["Τηλέφωνο τουρνουά: ",null,null,{"$f":"IF(E12=\"-\",\"-\",IF(E12>0,D11+1,0))","v":1},{"$f":"IF(F12>0,VALUE(MID($D$7,1,F12-1)),\"-\")","v":1},{"$f":"IF(LEN($D$7)>1,FIND(\" \",$D$7,1),0)","v":2},1,1,null,null,null,null,null,null,null,null,null,null,null,null,"wo ret med"]
[{"$f":"IF(SUBSTITUTE($B$6,\"1\",\"\")<>$B$6, SUBSTITUTE(SUBSTITUTE(SUBSTITUTE(SUBSTITUTE(SUBSTITUTE(UPPER(LEFT($B$6)),\"A\",\"B\"),\"Α\",\"B\"),\"K\",\"G\"),\"Κ\",\"G\"),\"Μ\",\"X\"),\"\")","v":"G"},{"$f":"IF(SUBSTITUTE($B$6,\"1\",\"\")<>$B$6,VALUE(SUBSTITUTE(SUBSTITUTE(SUBSTITUTE(SUBSTITUTE(SUBSTITUTE(UPPER(LEFT($B$6,3)),\"A\",\"\"),\"Α\",\"\"),\"K\",\"\"),\"Κ\",\"\"),\"Μ\",\"\")), $B$6)","v":14},null,{"$f":"IF(E13=\"-\",\"-\",IF(E13>0,D12+1,0))","v":2},{"$f":"IF(F13>0,VALUE(MID($D$7,F12+1,F13-F12-1)),\"-\")","v":2},{"$f":"IF(AND(F12>0,LEN($D$7)>F12+1),FIND(\" \",$D$7,F12+1),0)","v":4},2,2]
["ίδιος Σύλλογος: ",null,null,{"$f":"IF(E14=\"-\",\"-\",IF(E14>0,D13+1,0))","v":3},3,6,3,3]
[null,null,null,{"$f":"IF(E15=\"-\",\"-\",IF(E15>0,D14+1,0))","v":4},{"$f":"IF(F15>0,VALUE(MID($D$7,F14+1,F15-F14-1)),\"-\")","v":4},8,4,4]
[null,null,null,5,{"$f":"IF(F16>0,VALUE(MID($D$7,F15+1,F16-F15-1)),\"-\")","v":14},11,5,14,null,null,null,null,null,null,null,null,null,null,null," msg "]
["Χωρίς νίκη βαθμοί γύρου: ","17_32",null,6,{"$f":"IF(F17>0,VALUE(MID($D$7,F16+1,F17-F16-1)),\"-\")","v":16},14,6,16,null,null,null,null,null,null,null,null,null,null,null,{"$f":"IF(NOW()>B22,\"Invalid program!\",\"\")","v":""}]
["Πλήθος bye (0-7): ",{"$f":"COUNTBLANK(ALMD!D3:D18)","v":0},null,7,15,17,7,15]
["Θέσεις seeded: ",4,null,8,11,20,8,11]
[null,null,null,9,13,23,9,13]
["Όνομα Excel αρχείου: ",{"$f":"LOWER(IF(LEFT($B$5,3)=\"Παν\",\"Παν \"&YEAR($B$8)&\" \"&LEFT($B$6,3)&\" s md\",IF($B$5=\"Σχολικό\",$B$5&\" \"&YEAR($B$8)&\" \"&LEFT($B$6,3)&\" S MD\",(IF(SUBSTITUTE($B$6,\"1\",\"\")<>$B$6, $B$5&\" \"&MID($B$10,6,2)&\"η \"&VLOOKUP($B$4,tables!$X:$Z,3,FALSE)&\" \"&LEFT($B$6,3)&\" S MD\", $B$5&\" \"&MID($B$10,6,2)&\"η \"&VLOOKUP($B$4,tables!$X:$Z,3,FALSE)&\" \"&$B$13&\" S MD\")))))","v":"ε3 26η στ κ14 s md"},null,10,7,25,10,7]
["exp.","2018-08-31",null,11,9,27,11,9]
[null,null,null,12,6,29,12,6]
["Κλήρωση MD: ","2018-06-30T09:33:00",null,13,10,32,13,10]
[null,null,null,14,5,34,14,5]
[null,null,null,15,12,37,15,12]
[null,null,null,16,8,39,16,8]
[{"$f":"RandNumbers(3,4)","v":"4 3"}]
[{"$f":"LEFT(D9,$B$18*2)&LEFT(D8,$B$19*2)& RandNumbers($B$19+1,16-$B$18)&\" \"","v":"1 2 3 4 5 10 16 15 11 6 12 13 7 8 9 14 "}]
[]
[null,null," "]

{"sheet":"ALMD","index":1,"n_rows":28,"n_cols":12,"rows_kept":28,"cut":false,"hidden":false,"merged":[[21,1,21,4]]}
[{"$f":"Setup!$B$3&\", \"&Setup!$B$7&\", \"&Setup!$B$4&\", \"&DAY(Setup!$B$8)&\"/\"&MONTH(Setup!$B$8)&\"-\"&DAY(Setup!$B$9)&\"/\"&MONTH(Setup!$B$9)&\"/\"&YEAR(Setup!$B$9)","v":"ΣΤ' ΕΝΩΣΗ, Ε3 26η, ΣΑ ΤΡΙΠΟΛΗΣ, 30/6-1/7/2018"},null,null,null,null,null,null,{"$f":"Setup!$B$6&\" /md\"","v":"Κ14 /md"},{"$f":"Setup!$B$6&\" /md\"","v":"Κ14 /md"}]
["α/α","από","Α.Μ.","Ονοματεπώνυμο","Γέννηση","Σύλλογος","βαθμοί","Τηλέφωνο","Υπογραφή","SortPts","Rnd"]
[1,null,26198,"ΛΑΜΠΡΟΠΟΥΛΟΥ ΒΑΣΙΛΙΚΗ","2004-01-05","ΑΕΚ ΤΡΙΠΟΛΗΣ (ΣΤ)",124,null,null,{"$f":"IF(D3>\" \",G3+K3,0)","v":124.00073546291374},7.3546291374376185E-4,{"$f":"TRIM(IF(LEN(D3)<2,\"\",LEFT(D3,MIN(20,FIND(\" \",D3)-1))&MID(D3,FIND(\" \",D3),2)&\" (\"&LEFT(F3,12)&\")\"))","v":"ΛΑΜΠΡΟΠΟΥΛΟΥ Β (ΑΕΚ ΤΡΙΠΟΛΗΣ)"}]
[2,null,37585,"ΣΤΡΑΤΗ ΓΕΩΡΓΙΑ-ΑΝΔΡΙΑΝΑ","2005-08-18","ΑΟΑ ΠΑΤΡΩΝ (ΣΤ)",98,null,null,98.002041547749911,2.0415477499052866E-3,{"$f":"TRIM(IF(LEN(D4)<2,\"\",LEFT(D4,MIN(20,FIND(\" \",D4)-1))&MID(D4,FIND(\" \",D4),2)&\" (\"&LEFT(F4,12)&\")\"))","v":"ΣΤΡΑΤΗ Γ (ΑΟΑ ΠΑΤΡΩΝ ()"}]
[3,null,37337,"ΔΕΛΗ ΜΑΡΙΑ","2004-08-26","ΡΗΓΑΣ ΑΟΑ ΑΡΓΟΛΙΔΑΣ (ΣΤ)",65.5,null,null,65.504403080544961,4.4030805449619594E-3,"ΔΕΛΗ Μ (ΡΗΓΑΣ ΑΟΑ ΑΡ)"]
[4,null,35985,"ΖΟΥΓΡΑ ΙΣΜΗΝΗ","2005-03-04","ΖΑΚΥΝΘΙΝΟΣ ΑΟΑ (ΣΤ)",56.1,null," ",56.100791172222415,7.9117222241149323E-4,"ΖΟΥΓΡΑ Ι (ΖΑΚΥΝΘΙΝΟΣ Α)"]
[5,null,90169,"ΑΣΕΝΟΒΑ ΓΚΕΡΓΚΑΝΑ",null,"ΟΑ ΚΑΛΑΜΑΤΑΣ(ΣΤ)",53.6,null,null,53.602871802518649,2.8718025186510116E-3,"ΑΣΕΝΟΒΑ Γ (ΟΑ ΚΑΛΑΜΑΤΑΣ)"]
[6,null,33668,"ΚΑΛΤΕΖΙΩΤΗ ΕΛΕΝΗ-ΜΑΡΙΑ","2004-05-17","ΣΑ ΤΡΙΠΟΛΗΣ (ΣΤ)",45.5,null,null,45.500571671188837,5.716711888385682E-4,"ΚΑΛΤΕΖΙΩΤΗ Ε (ΣΑ ΤΡΙΠΟΛΗΣ )"]
[7,null,33355,"ΒΟΥΔΟΥΡΗ ΜΑΡΙΑ-ΕΛΕΝΗ","2004-12-03","ΑΕΚ ΤΡΙΠΟΛΗΣ (ΣΤ)",42.6,null,null,42.600673950239496,6.7395023949707905E-4,"ΒΟΥΔΟΥΡΗ Μ (ΑΕΚ ΤΡΙΠΟΛΗΣ)"]
[8,null,39327,"ΜΠΟΥΖΟΥ ΕΛΕΝΗ-ΙΩΑΝΝΑ","2005-03-08","ΣΑ ΤΡΙΠΟΛΗΣ (ΣΤ)",28.5,null,null,28.50096042078291,9.6042078290864473E-4,"ΜΠΟΥΖΟΥ Ε (ΣΑ ΤΡΙΠΟΛΗΣ )"]
[9,null,35595,"ΤΟΥΛΑ ΜΑΡΙΝΑ","2006-02-07","ΑΟΑ ΠΑΤΡΩΝ (ΣΤ)",21.5,null,null,21.501151932451599,1.151932451598413E-3,"ΤΟΥΛΑ Μ (ΑΟΑ ΠΑΤΡΩΝ ()"]
[10,null,35515,"ΚΟΤΙΝΗ ΜΑΡΙΑ","2006-01-26","ΑΟΑ ΠΑΤΡΩΝ (ΣΤ)",20.5,null,null,20.501504983380197,1.5049833801987747E-3,"ΚΟΤΙΝΗ Μ (ΑΟΑ ΠΑΤΡΩΝ ()"]
[11,null,38401,"ΚΛΑΟΥΔΑΤΟΥ ΔΑΝΑΗ","2007-03-17","ΧΡΥΣΟΣ ΟΑ (ΣΤ)",20.399999999999999,null,null,20.403448675776271,3.4486757762713658E-3,"ΚΛΑΟΥΔΑΤΟΥ Δ (ΧΡΥΣΟΣ ΟΑ (Σ)"]
[12,null,38845,"ΤΣΙΛΙΜΠΗ ΔΗΜΗΤΡΑ-ΑΙΚΑΤΕΡ","2005-10-14","ΡΗΓΑΣ ΑΟΑ ΑΡΓΟΛΙΔΑΣ (ΣΤ)",18.899999999999999,null,null,18.902151184124207,2.1511841242102549E-3,"ΤΣΙΛΙΜΠΗ Δ (ΡΗΓΑΣ ΑΟΑ ΑΡ)"]
[13,null,40340,"ΝΙΚΟΛΑΚΟΠΟΥΛΟΥ ΑΝΝΑ-ΜΑΡΙ","2006-03-05","ΧΡΥΣΟΣ ΟΑ (ΣΤ)",18.3,null,null,18.301029475830628,1.0294758306259989E-3,"ΝΙΚΟΛΑΚΟΠΟΥΛΟΥ Α (ΧΡΥΣΟΣ ΟΑ (Σ)"]
[14,null,34396,"ΜΗΤΡΟΠΟΥΛΟΥ ΑΘΑΝΑΣΙΑ","2005-01-21","ΣΑ ΤΡΙΠΟΛΗΣ (ΣΤ)",18,null,null,18.003400898329552,3.4008983295511887E-3,"ΜΗΤΡΟΠΟΥΛΟΥ Α (ΣΑ ΤΡΙΠΟΛΗΣ )"]
[15,null,38912,"ΖΩΓΡΑΦΟΥ ΑΡΙΑΔΝΗ","2006-04-27","ΟΑ ΚΟΡΙΝΘΟΥ (ΣΤ)",13.9,null,null,13.90026881108399,2.688110839890369E-4,"ΖΩΓΡΑΦΟΥ Α (ΟΑ ΚΟΡΙΝΘΟΥ )"]
[16,null,40747,"ΤΟΥΜΠΑΝΙΑΡΗ ΜΑΡΙΑ","2005-06-13","ΟΑ ΚΟΡΙΝΘΟΥ (ΣΤ)",7.5,null,null,7.5002043156479976,2.0431564799723142E-4,"ΤΟΥΜΠΑΝΙΑΡΗ Μ (ΟΑ ΚΟΡΙΝΘΟΥ )"]
[]
[null,null,null,null,null,null,null,"επιδιαιτητής: "]
[null,null,null,null,null,null,null,{"$f":"Setup!$B$11","v":"ΚΑΛΟΓΡΗ Σ"}]
[null,"Walk-over"]
[null,"α/α","Α.Μ.","Ονοματεπώνυμο","med"]
[null,1,38914,"ΤΖΕΚΟΥ ΑΝΑΣΤΑΣΙΑ","Όχι"]
[null,2]
[null,3]
[null,4]
[null,5]

{"sheet":"MD","index":2,"n_rows":44,"n_cols":27,"rows_kept":44,"cut":false,"hidden":false,"merged":[[2,9,2,11]]}
[{"$f":"Setup!$B$3&\", \"&Setup!$B$7&\", \"&Setup!$B$4&\", \"&DAY(Setup!$B$8)&\"/\"&MONTH(Setup!$B$8)&\"-\"&DAY(Setup!$B$9)&\"/\"&MONTH(Setup!$B$9)&\"/\"&YEAR(Setup!$B$9)","v":"ΣΤ' ΕΝΩΣΗ, Ε3 26η, ΣΑ ΤΡΙΠΟΛΗΣ, 30/6-1/7/2018"},null,null,null,null,null,null,null,null,null,null,null,null,null,null,null,null,null,null,null,{"$f":"Setup!B6","v":"Κ14"},{"$f":"\"bye: \"&COUNTIF(J5:J20,\"bye\")","v":"bye: 0"},"SYNC\n& save"]
[null,{"$f":"Setup!$B$18","v":0},null,null,null,null,null,null,{"$f":"\"αλλαγές: \"&TEXT(HOUR(NOW()),\"00\")&\":\"&TEXT(MINUTE(NOW()),\"00\")&\", \"&DAY(TODAY())&\"/\"&MONTH(TODAY())&\"/\"&YEAR(TODAY())","v":"αλλαγές: 03:42, 2/7/2018"}]
[null,null,null,null,null,null,null,null,null,16,null,null,null,null,8,null,null,4,null,null,2,null,null,null,null,null,"same club"]
["α/α",null,"ByeOrder","ByeSum","ByeCnt","από","seed","Pts","Α.Μ.","Ονοματεπώνυμο","επώνυμο","Σύλλογος",null,null,null,null,null,null,null,null,null,null,null,null,null,null,{"$f":"COUNTIF(AA5:AA20,2)","v":2}]
[1,1,null,null,0,{"$f":"IF(NOT($G5=\"-\"),VLOOKUP($G5,ALMD!$A$3:$H$18,2,FALSE),\"\")","v":0},{"$f":"VLOOKUP($B5,Setup!$G$12:$H$27,2,FALSE)","v":1},{"$f":"IF($I5>0,VLOOKUP($G5,ALMD!$A$3:$H$18,7,FALSE),0)","v":124},{"$f":"IF(Setup!$B$24=\"\",0,IF($G5>0,VLOOKUP($G5,ALMD!$A$3:$H$18,3,FALSE),0))","v":26198},{"$f":"IF($I5>0,VLOOKUP($I5,ALMD!$C$3:$H$18,2,FALSE),\"bye\")","v":"ΛΑΜΠΡΟΠΟΥΛΟΥ ΒΑΣΙΛΙΚΗ"},{"$f":"IF(NOT(I5>0),\"\",LEFT(J5,MIN(15,FIND(\" \",J5)-1))&MID(J5,FIND(\" \",J5),2))","v":"ΛΑΜΠΡΟΠΟΥΛΟΥ Β"},{"$f":"IF($I5>0,VLOOKUP($I5,ALMD!$C$3:$H$18,4,FALSE),\"\")","v":"ΑΕΚ ΤΡΙΠΟΛΗΣ (ΣΤ)"},1,{"$f":"IF(OR(M5=1,M5=2),IF(M5=1,I5,I6),\"\")","v":26198},{"$f":"IF(OR(M5=1,M5=2),IF(M5=1,K5,K6),\"\")","v":"ΛΑΜΠΡΟΠΟΥΛΟΥ Β"},null,null,null,null,null,null,null,null,null,null,null,{"$f":"COUNTIF(L5:L6,L5)","v":1}]
[2,{"$f":"1-D6+4","v":5},1,{"$f":"E6","v":0},{"$f":"IF($B$2>=C6,1,0)","v":0},{"$f":"IF(NOT($G6=\"-\"),VLOOKUP($G6,ALMD!$A$3:$H$18,2,FALSE),\"\")","v":0},{"$f":"IF($B$2>=C6,\"-\",VLOOKUP($B6,Setup!$G$12:$H$27,2,FALSE))","v":14},{"$f":"IF($I6>0,VLOOKUP($G6,ALMD!$A$3:$H$18,7,FALSE),0)","v":18},{"$f":"IF(Setup!$B$24=\"\",0,IF(NOT($G6=\"-\"),VLOOKUP($G6,ALMD!$A$3:$H$18,3,FALSE),0))","v":34396},{"$f":"IF($I6>0,VLOOKUP($I6,ALMD!$C$3:$H$18,2,FALSE),\"bye\")","v":"ΜΗΤΡΟΠΟΥΛΟΥ ΑΘΑΝΑΣΙΑ"},{"$f":"IF(NOT(I6>0),\"\",LEFT(J6,MIN(15,FIND(\" \",J6)-1))&MID(J6,FIND(\" \",J6),2))","v":"ΜΗΤΡΟΠΟΥΛΟΥ Α"},{"$f":"IF($I6>0,VLOOKUP($I6,ALMD!$C$3:$H$18,4,FALSE),\"\")","v":"ΣΑ ΤΡΙΠΟΛΗΣ (ΣΤ)"},null,null,"40 40",1,{"$f":"IF(OR(P6=1,P6=2),IF(P6=1,N5,N7),\"\")","v":26198},{"$f":"IF(OR(P6=1,P6=2),IF(OR(AND(O6=\"\",I5>0,I6>0),AND(O8=\"\",I7>0,I8>0)),\"* αποτέλεσμα! *\",IF(P6=1,O5,O7)),\"\")","v":"ΛΑΜΠΡΟΠΟΥΛΟΥ Β"},null,null,null,null,null,null,null,null,{"$f":"COUNTIF(L5:L6,L6)","v":1}]
[3,{"$f":"2-D7+4","v":6},null,{"$f":"D6+E7","v":0},0,{"$f":"IF(NOT($G7=\"-\"),VLOOKUP($G7,ALMD!$A$3:$H$18,2,FALSE),\"\")","v":0},{"$f":"VLOOKUP($B7,Setup!$G$12:$H$27,2,FALSE)","v":16},{"$f":"IF($I7>0,VLOOKUP($G7,ALMD!$A$3:$H$18,7,FALSE),0)","v":7.5},{"$f":"IF(Setup!$B$24=\"\",0,IF($G7>0,VLOOKUP($G7,ALMD!$A$3:$H$18,3,FALSE),0))","v":40747},{"$f":"IF($I7>0,VLOOKUP($I7,ALMD!$C$3:$H$18,2,FALSE),\"bye\")","v":"ΤΟΥΜΠΑΝΙΑΡΗ ΜΑΡΙΑ"},"ΤΟΥΜΠΑΝΙΑΡΗ Μ",{"$f":"IF($I7>0,VLOOKUP($I7,ALMD!$C$3:$H$18,4,FALSE),\"\")","v":"ΟΑ ΚΟΡΙΝΘΟΥ (ΣΤ)"},2,{"$f":"IF(OR(M7=1,M7=2),IF(M7=1,I7,I8),\"\")","v":38912},{"$f":"IF(OR(M7=1,M7=2),IF(M7=1,K7,K8),\"\")","v":"ΖΩΓΡΑΦΟΥ Α"},null,null,"41 41",null,null,null,null,null,null,null,null,{"$f":"COUNTIF(L7:L8,L7)","v":2}]
[4,{"$f":"3-D8+4","v":7},7,0,{"$f":"IF($B$2>=C8,1,0)","v":0},{"$f":"IF(NOT($G8=\"-\"),VLOOKUP($G8,ALMD!$A$3:$H$18,2,FALSE),\"\")","v":0},{"$f":"IF($B$2>=C8,\"-\",VLOOKUP($B8,Setup!$G$12:$H$27,2,FALSE))","v":15},{"$f":"IF($I8>0,VLOOKUP($G8,ALMD!$A$3:$H$18,7,FALSE),0)","v":13.9},{"$f":"IF(Setup!$B$24=\"\",0,IF(NOT($G8=\"-\"),VLOOKUP($G8,ALMD!$A$3:$H$18,3,FALSE),0))","v":38912},{"$f":"IF($I8>0,VLOOKUP($I8,ALMD!$C$3:$H$18,2,FALSE),\"bye\")","v":"ΖΩΓΡΑΦΟΥ ΑΡΙΑΔΝΗ"},"ΖΩΓΡΑΦΟΥ Α",{"$f":"IF($I8>0,VLOOKUP($I8,ALMD!$C$3:$H$18,4,FALSE),\"\")","v":"ΟΑ ΚΟΡΙΝΘΟΥ (ΣΤ)"},null,null,"53 40",null,null,null,1,{"$f":"IF(OR(S8=1,S8=2),IF(S8=1,Q6,Q10),\"\")","v":26198},{"$f":"IF(OR(S8=1,S8=2),IF(OR(AND(R7=\"\",N5>0,N7>0),AND(R11=\"\",N9>0,N11>0)),\"* αποτέλεσμα! *\",IF(S8=1,R6,R10)),\"\")","v":"ΛΑΜΠΡΟΠΟΥΛΟΥ Β"},null,null,null,null,null,{"$f":"COUNTIF(L7:L8,L8)","v":2}]
[5,{"$f":"VALUE(Setup!E2)","v":3},null,0,0,{"$f":"IF(NOT($G9=\"-\"),VLOOKUP($G9,ALMD!$A$3:$H$18,2,FALSE),\"\")","v":0},{"$f":"VLOOKUP($B9,Setup!$G$12:$H$27,2,FALSE)","v":3},{"$f":"IF($I9>0,VLOOKUP($G9,ALMD!$A$3:$H$18,7,FALSE),0)","v":65.5},{"$f":"IF(Setup!$B$24=\"\",0,IF($G9>0,VLOOKUP($G9,ALMD!$A$3:$H$18,3,FALSE),0))","v":37337},{"$f":"IF($I9>0,VLOOKUP($I9,ALMD!$C$3:$H$18,2,FALSE),\"bye\")","v":"ΔΕΛΗ ΜΑΡΙΑ"},"ΔΕΛΗ Μ",{"$f":"IF($I9>0,VLOOKUP($I9,ALMD!$C$3:$H$18,4,FALSE),\"\")","v":"ΡΗΓΑΣ ΑΟΑ ΑΡΓΟΛΙΔΑΣ (ΣΤ)"},1,{"$f":"IF(OR(M9=1,M9=2),IF(M9=1,I9,I10),\"\")","v":37337},{"$f":"IF(OR(M9=1,M9=2),IF(M9=1,K9,K10),\"\")","v":"ΔΕΛΗ Μ"},null,null,null,null,null,"62 57 63",null,null,null,null,null,{"$f":"COUNTIF(L9:L10,L9)","v":1}]
[6,{"$f":"4-D10+4","v":8},{"$f":"IF(Setup!E2=3,3,4)","v":3},0,{"$f":"IF($B$2>=C10,1,0)","v":0},{"$f":"IF(NOT($G10=\"-\"),VLOOKUP($G10,ALMD!$A$3:$H$18,2,FALSE),\"\")","v":0},{"$f":"IF($B$2>=C10,\"-\",VLOOKUP($B10,Setup!$G$12:$H$27,2,FALSE))","v":11},{"$f":"IF($I10>0,VLOOKUP($G10,ALMD!$A$3:$H$18,7,FALSE),0)","v":20.399999999999999},{"$f":"IF(Setup!$B$24=\"\",0,IF(NOT($G10=\"-\"),VLOOKUP($G10,ALMD!$A$3:$H$18,3,FALSE),0))","v":38401},{"$f":"IF($I10>0,VLOOKUP($I10,ALMD!$C$3:$H$18,2,FALSE),\"bye\")","v":"ΚΛΑΟΥΔΑΤΟΥ ΔΑΝΑΗ"},"ΚΛΑΟΥΔΑΤΟΥ Δ",{"$f":"IF($I10>0,VLOOKUP($I10,ALMD!$C$3:$H$18,4,FALSE),\"\")","v":"ΧΡΥΣΟΣ ΟΑ (ΣΤ)"},null,null,"40 41",1,{"$f":"IF(OR(P10=1,P10=2),IF(P10=1,N9,N11),\"\")","v":37337},{"$f":"IF(OR(P10=1,P10=2),IF(OR(AND(O10=\"\",I9>0,I10>0),AND(O12=\"\",I11>0,I12>0)),\"* αποτέλεσμα! *\",IF(P10=1,O9,O11)),\"\")","v":"ΔΕΛΗ Μ"},null,null,null,null,null,null,null,null,{"$f":"COUNTIF(L9:L10,L10)","v":1}]
[7,{"$f":"5-D11+4","v":9},5,0,{"$f":"IF($B$2>=C11,1,0)","v":0},{"$f":"IF(NOT($G11=\"-\"),VLOOKUP($G11,ALMD!$A$3:$H$18,2,FALSE),\"\")","v":0},{"$f":"IF($B$2>=C11,\"-\",VLOOKUP($B11,Setup!$G$12:$H$27,2,FALSE))","v":13},{"$f":"IF($I11>0,VLOOKUP($G11,ALMD!$A$3:$H$18,7,FALSE),0)","v":18.3},{"$f":"IF(Setup!$B$24=\"\",0,IF(NOT($G11=\"-\"),VLOOKUP($G11,ALMD!$A$3:$H$18,3,FALSE),0))","v":40340},{"$f":"IF($I11>0,VLOOKUP($I11,ALMD!$C$3:$H$18,2,FALSE),\"bye\")","v":"ΝΙΚΟΛΑΚΟΠΟΥΛΟΥ ΑΝΝΑ-ΜΑΡΙ"},"ΝΙΚΟΛΑΚΟΠΟΥΛΟΥ Α",{"$f":"IF($I11>0,VLOOKUP($I11,ALMD!$C$3:$H$18,4,FALSE),\"\")","v":"ΧΡΥΣΟΣ ΟΑ (ΣΤ)"},2,{"$f":"IF(OR(M11=1,M11=2),IF(M11=1,I11,I12),\"\")","v":33355},{"$f":"IF(OR(M11=1,M11=2),IF(M11=1,K11,K12),\"\")","v":"ΒΟΥΔΟΥΡΗ Μ"},null,null,"41 41",null,null,null,null,null,null,null,null,{"$f":"COUNTIF(L11:L12,L11)","v":1}]
[8,{"$f":"6-D12+4","v":10},null,0,0,{"$f":"IF(NOT($G12=\"-\"),VLOOKUP($G12,ALMD!$A$3:$H$18,2,FALSE),\"\")","v":0},{"$f":"VLOOKUP($B12,Setup!$G$12:$H$27,2,FALSE)","v":7},{"$f":"IF($I12>0,VLOOKUP($G12,ALMD!$A$3:$H$18,7,FALSE),0)","v":42.6},{"$f":"IF(Setup!$B$24=\"\",0,IF($G12>0,VLOOKUP($G12,ALMD!$A$3:$H$18,3,FALSE),0))","v":33355},{"$f":"IF($I12>0,VLOOKUP($I12,ALMD!$C$3:$H$18,2,FALSE),\"bye\")","v":"ΒΟΥΔΟΥΡΗ ΜΑΡΙΑ-ΕΛΕΝΗ"},"ΒΟΥΔΟΥΡΗ Μ",{"$f":"IF($I12>0,VLOOKUP($I12,ALMD!$C$3:$H$18,4,FALSE),\"\")","v":"ΑΕΚ ΤΡΙΠΟΛΗΣ (ΣΤ)"},null,null,"40 40",null,null,null,2,{"$f":"IF(OR(S12=1,S12=2),IF(S12=1,T8,T16),\"\")","v":37585},{"$f":"IF(OR(S12=1,S12=2),IF(S12=1,U8,U16),\"\")","v":"ΣΤΡΑΤΗ Γ"},null,null,null,null,null,{"$f":"COUNTIF(L11:L12,L12)","v":1}]
[9,{"$f":"VALUE(Setup!E3)","v":4},null,0,0,{"$f":"IF(NOT($G13=\"-\"),VLOOKUP($G13,ALMD!$A$3:$H$18,2,FALSE),\"\")","v":0},{"$f":"VLOOKUP($B13,Setup!$G$12:$H$27,2,FALSE)","v":4},{"$f":"IF($I13>0,VLOOKUP($G13,ALMD!$A$3:$H$18,7,FALSE),0)","v":56.1},{"$f":"IF(Setup!$B$24=\"\",0,IF($G13>0,VLOOKUP($G13,ALMD!$A$3:$H$18,3,FALSE),0))","v":35985},{"$f":"IF($I13>0,VLOOKUP($I13,ALMD!$C$3:$H$18,2,FALSE),\"bye\")","v":"ΖΟΥΓΡΑ ΙΣΜΗΝΗ"},"ΖΟΥΓΡΑ Ι",{"$f":"IF($I13>0,VLOOKUP($I13,ALMD!$C$3:$H$18,4,FALSE),\"\")","v":"ΖΑΚΥΝΘΙΝΟΣ ΑΟΑ (ΣΤ)"},1,{"$f":"IF(OR(M13=1,M13=2),IF(M13=1,I13,I14),\"\")","v":35985},{"$f":"IF(OR(M13=1,M13=2),IF(M13=1,K13,K14),\"\")","v":"ΖΟΥΓΡΑ Ι"},null,null,null,null,null,"67(3) 60 ret.",null,null,null,null,null,{"$f":"COUNTIF(L13:L14,L13)","v":1}]
[10,{"$f":"7-D14+4","v":11},{"$f":"IF(Setup!E2=3,4,3)","v":4},0,{"$f":"IF($B$2>=C14,1,0)","v":0},{"$f":"IF(NOT($G14=\"-\"),VLOOKUP($G14,ALMD!$A$3:$H$18,2,FALSE),\"\")","v":0},{"$f":"IF($B$2>=C14,\"-\",VLOOKUP($B14,Setup!$G$12:$H$27,2,FALSE))","v":9},{"$f":"IF(I14>0,VLOOKUP($G14,ALMD!$A$3:$H$18,7,FALSE),0)","v":21.5},{"$f":"IF(Setup!$B$24=\"\",0,IF(NOT($G14=\"-\"),VLOOKUP($G14,ALMD!$A$3:$H$18,3,FALSE),0))","v":35595},{"$f":"IF($I14>0,VLOOKUP($I14,ALMD!$C$3:$H$18,2,FALSE),\"bye\")","v":"ΤΟΥΛΑ ΜΑΡΙΝΑ"},"ΤΟΥΛΑ Μ",{"$f":"IF($I14>0,VLOOKUP($I14,ALMD!$C$3:$H$18,4,FALSE),\"\")","v":"ΑΟΑ ΠΑΤΡΩΝ (ΣΤ)"},null,null,"41 42",1,{"$f":"IF(OR(P14=1,P14=2),IF(P14=1,N13,N15),\"\")","v":35985},{"$f":"IF(OR(P14=1,P14=2),IF(OR(AND(O14=\"\",I13>0,I14>0),AND(O16=\"\",I15>0,I16>0)),\"* αποτέλεσμα! *\",IF(P14=1,O13,O15)),\"\")","v":"ΖΟΥΓΡΑ Ι"},null,null,null,null,null,null,null,null,{"$f":"COUNTIF(L13:L14,L14)","v":1}]
[11,{"$f":"8-D15+4","v":12},null,0,0,{"$f":"IF(NOT($G15=\"-\"),VLOOKUP($G15,ALMD!$A$3:$H$18,2,FALSE),\"\")","v":0},{"$f":"VLOOKUP($B15,Setup!$G$12:$H$27,2,FALSE)","v":6},{"$f":"IF($I15>0,VLOOKUP($G15,ALMD!$A$3:$H$18,7,FALSE),0)","v":45.5},{"$f":"IF(Setup!$B$24=\"\",0,IF($G15>0,VLOOKUP($G15,ALMD!$A$3:$H$18,3,FALSE),0))","v":33668},{"$f":"IF($I15>0,VLOOKUP($I15,ALMD!$C$3:$H$18,2,FALSE),\"bye\")","v":"ΚΑΛΤΕΖΙΩΤΗ ΕΛΕΝΗ-ΜΑΡΙΑ"},"ΚΑΛΤΕΖΙΩΤΗ Ε",{"$f":"IF($I15>0,VLOOKUP($I15,ALMD!$C$3:$H$18,4,FALSE),\"\")","v":"ΣΑ ΤΡΙΠΟΛΗΣ (ΣΤ)"},2,{"$f":"IF(OR(M15=1,M15=2),IF(M15=1,I15,I16),\"\")","v":35515},{"$f":"IF(OR(M15=1,M15=2),IF(M15=1,K15,K16),\"\")","v":"ΚΟΤΙΝΗ Μ"},null,null,"54(3) 40",null,null,null,null,null,null,null,null,{"$f":"COUNTIF(L15:L16,L15)","v":1}]
[12,{"$f":"9-D16+4","v":13},6,0,{"$f":"IF($B$2>=C16,1,0)","v":0},{"$f":"IF(NOT($G16=\"-\"),VLOOKUP($G16,ALMD!$A$3:$H$18,2,FALSE),\"\")","v":0},{"$f":"IF($B$2>=C16,\"-\",VLOOKUP($B16,Setup!$G$12:$H$27,2,FALSE))","v":10},{"$f":"IF($I16>0,VLOOKUP($G16,ALMD!$A$3:$H$18,7,FALSE),0)","v":20.5},{"$f":"IF(Setup!$B$24=\"\",0,IF(NOT($G16=\"-\"),VLOOKUP($G16,ALMD!$A$3:$H$18,3,FALSE),0))","v":35515},{"$f":"IF($I16>0,VLOOKUP($I16,ALMD!$C$3:$H$18,2,FALSE),\"bye\")","v":"ΚΟΤΙΝΗ ΜΑΡΙΑ"},"ΚΟΤΙΝΗ Μ",{"$f":"IF($I16>0,VLOOKUP($I16,ALMD!$C$3:$H$18,4,FALSE),\"\")","v":"ΑΟΑ ΠΑΤΡΩΝ (ΣΤ)"},null,null,"42 41",null,null,null,2,{"$f":"IF(OR(S16=1,S16=2),IF(S16=1,Q14,Q18),\"\")","v":37585},{"$f":"IF(OR(S16=1,S16=2),IF(OR(AND(R15=\"\",N13>0,N15>0),AND(R19=\"\",N17>0,N19>0)),\"* αποτέλεσμα! *\",IF(S16=1,R14,R18)),\"\")","v":"ΣΤΡΑΤΗ Γ"},null,null,null,null,null,{"$f":"COUNTIF(L15:L16,L16)","v":1}]
[13,{"$f":"10-D17+4","v":14},null,0,0,{"$f":"IF(NOT($G17=\"-\"),VLOOKUP($G17,ALMD!$A$3:$H$18,2,FALSE),\"\")","v":0},{"$f":"VLOOKUP($B17,Setup!$G$12:$H$27,2,FALSE)","v":5},{"$f":"IF($I17>0,VLOOKUP($G17,ALMD!$A$3:$H$18,7,FALSE),0)","v":53.6},{"$f":"IF(Setup!$B$24=\"\",0,IF($G17>0,VLOOKUP($G17,ALMD!$A$3:$H$18,3,FALSE),0))","v":90169},{"$f":"IF($I17>0,VLOOKUP($I17,ALMD!$C$3:$H$18,2,FALSE),\"bye\")","v":"ΑΣΕΝΟΒΑ ΓΚΕΡΓΚΑΝΑ"},"ΑΣΕΝΟΒΑ Γ",{"$f":"IF($I17>0,VLOOKUP($I17,ALMD!$C$3:$H$18,4,FALSE),\"\")","v":"ΟΑ ΚΑΛΑΜΑΤΑΣ(ΣΤ)"},1,{"$f":"IF(OR(M17=1,M17=2),IF(M17=1,I17,I18),\"\")","v":90169},{"$f":"IF(OR(M17=1,M17=2),IF(M17=1,K17,K18),\"\")","v":"ΑΣΕΝΟΒΑ Γ"},null,null,null,null,null,"57 62 62",null,null,null,null,null,{"$f":"COUNTIF(L17:L18,L17)","v":1}]
[14,{"$f":"11-D18+4","v":15},8,0,{"$f":"IF($B$2>=C18,1,0)","v":0},{"$f":"IF(NOT($G18=\"-\"),VLOOKUP($G18,ALMD!$A$3:$H$18,2,FALSE),\"\")","v":0},{"$f":"IF($B$2>=C18,\"-\",VLOOKUP($B18,Setup!$G$12:$H$27,2,FALSE))","v":12},{"$f":"IF($I18>0,VLOOKUP($G18,ALMD!$A$3:$H$18,7,FALSE),0)","v":18.899999999999999},{"$f":"IF(Setup!$B$24=\"\",0,IF(NOT($G18=\"-\"),VLOOKUP($G18,ALMD!$A$3:$H$18,3,FALSE),0))","v":38845},{"$f":"IF($I18>0,VLOOKUP($I18,ALMD!$C$3:$H$18,2,FALSE),\"bye\")","v":"ΤΣΙΛΙΜΠΗ ΔΗΜΗΤΡΑ-ΑΙΚΑΤΕΡ"},"ΤΣΙΛΙΜΠΗ Δ",{"$f":"IF($I18>0,VLOOKUP($I18,ALMD!$C$3:$H$18,4,FALSE),\"\")","v":"ΡΗΓΑΣ ΑΟΑ ΑΡΓΟΛΙΔΑΣ (ΣΤ)"},null,null,"40 42",2,{"$f":"IF(OR(P18=1,P18=2),IF(P18=1,N17,N19),\"\")","v":37585},{"$f":"IF(OR(P18=1,P18=2),IF(OR(AND(O18=\"\",I17>0,I18>0),AND(O20=\"\",I19>0,I20>0)),\"* αποτέλεσμα! *\",IF(P18=1,O17,O19)),\"\")","v":"ΣΤΡΑΤΗ Γ"},null,null,null,null,null,null,null,null,{"$f":"COUNTIF(L17:L18,L18)","v":1}]
[15,{"$f":"12-D19+4","v":16},2,0,{"$f":"IF($B$2>=C19,1,0)","v":0},{"$f":"IF(NOT($G19=\"-\"),VLOOKUP($G19,ALMD!$A$3:$H$18,2,FALSE),\"\")","v":0},{"$f":"IF($B$2>=C19,\"-\",VLOOKUP($B19,Setup!$G$12:$H$27,2,FALSE))","v":8},{"$f":"IF($I19>0,VLOOKUP($G19,ALMD!$A$3:$H$18,7,FALSE),0)","v":28.5},{"$f":"IF(Setup!$B$24=\"\",0,IF(NOT($G19=\"-\"),VLOOKUP($G19,ALMD!$A$3:$H$18,3,FALSE),0))","v":39327},{"$f":"IF($I19>0,VLOOKUP($I19,ALMD!$C$3:$H$18,2,FALSE),\"bye\")","v":"ΜΠΟΥΖΟΥ ΕΛΕΝΗ-ΙΩΑΝΝΑ"},"ΜΠΟΥΖΟΥ Ε",{"$f":"IF($I19>0,VLOOKUP($I19,ALMD!$C$3:$H$18,4,FALSE),\"\")","v":"ΣΑ ΤΡΙΠΟΛΗΣ (ΣΤ)"},2,{"$f":"IF(OR(M19=1,M19=2),IF(M19=1,I19,I20),\"\")","v":37585},{"$f":"IF(OR(M19=1,M19=2),IF(M19=1,K19,K20),\"\")","v":"ΣΤΡΑΤΗ Γ"},null,null,"41 41",null,null,null,null,null,null,null,null,{"$f":"COUNTIF(L19:L20,L19)","v":1}]
[16,2,null,0,0,{"$f":"IF(NOT($G20=\"-\"),VLOOKUP($G20,ALMD!$A$3:$H$18,2,FALSE),\"\")","v":0},{"$f":"VLOOKUP($B20,Setup!$G$12:$H$27,2,FALSE)","v":2},{"$f":"IF($I20>0,VLOOKUP($G20,ALMD!$A$3:$H$18,7,FALSE),0)","v":98},{"$f":"IF(Setup!$B$24=\"\",0,IF($G20>0,VLOOKUP($G20,ALMD!$A$3:$H$18,3,FALSE),0))","v":37585},{"$f":"IF($I20>0,VLOOKUP($I20,ALMD!$C$3:$H$18,2,FALSE),\"bye\")","v":"ΣΤΡΑΤΗ ΓΕΩΡΓΙΑ-ΑΝΔΡΙΑΝΑ"},"ΣΤΡΑΤΗ Γ",{"$f":"IF($I20>0,VLOOKUP($I20,ALMD!$C$3:$H$18,4,FALSE),\"\")","v":"ΑΟΑ ΠΑΤΡΩΝ (ΣΤ)"},null,null,"40 40",null,null,null,null,null,null,null,null,null,null,null,{"$f":"COUNTIF(L19:L20,L20)","v":1}]
[null,null,null,null,null,null,null,null,null,null,null,null,null,null," ",null,null," ",null,null," "]
[]
[]
[null,null,null,null,null,null,null,null,null,"seeded players"]
[null,null,null,null,null,null,null,null,null,{"$f":"\"1. \" & IF(Setup!B19>0,LEFT(ALMD!D3,FIND(\" \",ALMD!D3)+1),\"\")","v":"1. ΛΑΜΠΡΟΠΟΥΛΟΥ Β"}]
[null,null,null,null,null,null,null,null,null,{"$f":"\"2. \" & IF(Setup!B19>1,LEFT(ALMD!D4,FIND(\" \",ALMD!D4)+1),\"\")","v":"2. ΣΤΡΑΤΗ Γ"},null,null,null,null,null,null,null,"επιδιαιτητής"]
[null,null,null,null,null,null,null,null,null,{"$f":"\"3. \" & IF(Setup!B19>2,LEFT(ALMD!D5,FIND(\" \",ALMD!D5)+1),\"\")","v":"3. ΔΕΛΗ Μ"},null,null,null,null,null,null,null,{"$f":"IF(Setup!$B$11>\" \",Setup!$B$11,\"ΧΩΡΙΣ ΑΔΕΙΑ ΧΡΗΣΗΣ\")","v":"ΚΑΛΟΓΡΗ Σ"}]
[null,null,null,null,null,null,null,null,null,{"$f":"\"4. \" & IF(Setup!B19>3,LEFT(ALMD!D6,FIND(\" \",ALMD!D6)+1),\"\")","v":"4. ΖΟΥΓΡΑ Ι"}]
[]
[]
[]
[]
[]
[]
[]
[]
[]
[]
[]
[null,null,null,null,null,null,null,null,null,"BoldPlayers"]
[null,null,null,null,null,null,null,null,null,{"$f":"IF(Setup!$B$19>0,LEFT(ALMD!D3,MIN(15,FIND(\" \",ALMD!D3)-1))&MID(ALMD!D3,FIND(\" \",ALMD!D3),2))","v":"ΛΑΜΠΡΟΠΟΥΛΟΥ Β"}]
[null,null,null,null,null,null,null,null,null,{"$f":"IF(Setup!$B$19>1,LEFT(ALMD!D4,MIN(15,FIND(\" \",ALMD!D4)-1))&MID(ALMD!D4,FIND(\" \",ALMD!D4),2))","v":"ΣΤΡΑΤΗ Γ"}]
[null,null,null,null,null,null,null,null,null,{"$f":"IF(Setup!$B$19>2,LEFT(ALMD!D5,MIN(15,FIND(\" \",ALMD!D5)-1))&MID(ALMD!D5,FIND(\" \",ALMD!D5),2))","v":"ΔΕΛΗ Μ"}]
[null,null,null,null,null,null,null,null,null,{"$f":"IF(Setup!$B$19>3,LEFT(ALMD!D6,MIN(15,FIND(\" \",ALMD!D6)-1))&MID(ALMD!D6,FIND(\" \",ALMD!D6),2))","v":"ΖΟΥΓΡΑ Ι"}]

{"sheet":"OoP","index":3,"n_rows":30,"n_cols":6,"rows_kept":30,"cut":false,"hidden":false,"merged":[]}
["ΣΤ' ΕΝΩΣΗ, Ε3 26η, ΣΑ ΤΡΙΠΟΛΗΣ, 30/6-1/7 (Κ14)"]
["ΚΑΛΟΓΡΗ Σ"]
[null,null,"Πρόγραμμα αγώνων"]
[]
[null,null,"Round 16",null,null,"info"]
["ΩΡΑ","Κτγρ.","Αθλητής-Σύλλογος",null,"Αθλητής-Σύλλογος"]
[null,"Κ14 R16","ΛΑΜΠΡΟΠΟΥΛΟΥ Β (ΑΕΚ ΤΡΙΠΟΛΗΣ)","-","ΜΗΤΡΟΠΟΥΛΟΥ Α (ΣΑ ΤΡΙΠΟΛΗΣ )"]
[null,"Κ14 R16","ΤΟΥΜΠΑΝΙΑΡΗ Μ (ΟΑ ΚΟΡΙΝΘΟΥ )","-","ΖΩΓΡΑΦΟΥ Α (ΟΑ ΚΟΡΙΝΘΟΥ )"]
[null,"Κ14 R16","ΔΕΛΗ Μ (ΡΗΓΑΣ ΑΟΑ ΑΡ)","-","ΚΛΑΟΥΔΑΤΟΥ Δ (ΧΡΥΣΟΣ ΟΑ (Σ)"]
[null,"Κ14 R16","ΝΙΚΟΛΑΚΟΠΟΥΛΟΥ Α (ΧΡΥΣΟΣ ΟΑ (Σ)","-","ΒΟΥΔΟΥΡΗ Μ (ΑΕΚ ΤΡΙΠΟΛΗΣ)"]
[null,"Κ14 R16","ΖΟΥΓΡΑ Ι (ΖΑΚΥΝΘΙΝΟΣ Α)",null,"ΤΟΥΛΑ Μ (ΑΟΑ ΠΑΤΡΩΝ ()"]
[null,"Κ14 R16","ΚΑΛΤΕΖΙΩΤΗ Ε (ΣΑ ΤΡΙΠΟΛΗΣ )",null,"ΚΟΤΙΝΗ Μ (ΑΟΑ ΠΑΤΡΩΝ ()"]
[null,"Κ14 R16","ΑΣΕΝΟΒΑ Γ (ΟΑ ΚΑΛΑΜΑΤΑΣ)",null,"ΤΣΙΛΙΜΠΗ Δ (ΡΗΓΑΣ ΑΟΑ ΑΡ)"]
[null,"Κ14 R16","ΜΠΟΥΖΟΥ Ε (ΣΑ ΤΡΙΠΟΛΗΣ )",null,"ΣΤΡΑΤΗ Γ (ΑΟΑ ΠΑΤΡΩΝ ()"]
[]
[null,null,"Round 8",null,null,"info"]
["ΩΡΑ","Κτγρ.","Αθλητής-Σύλλογος",null,"Αθλητής-Σύλλογος"]
[null,"Κ14 R8","ΛΑΜΠΡΟΠΟΥΛΟΥ Β (ΑΕΚ ΤΡΙΠΟΛΗΣ)","-","ΖΩΓΡΑΦΟΥ Α (ΟΑ ΚΟΡΙΝΘΟΥ )"]
[null,"Κ14 R8","ΔΕΛΗ Μ (ΡΗΓΑΣ ΑΟΑ ΑΡ)","-","ΒΟΥΔΟΥΡΗ Μ (ΑΕΚ ΤΡΙΠΟΛΗΣ)"]
[null,"Κ14 R8","ΖΟΥΓΡΑ Ι (ΖΑΚΥΝΘΙΝΟΣ Α)","-","ΚΟΤΙΝΗ Μ (ΑΟΑ ΠΑΤΡΩΝ ()"]
[null,"Κ14 R8","ΑΣΕΝΟΒΑ Γ (ΟΑ ΚΑΛΑΜΑΤΑΣ)","-","ΣΤΡΑΤΗ Γ (ΑΟΑ ΠΑΤΡΩΝ ()"]
[]
[null,null,"Ημιτελικοί",null,null,"info"]
["ΩΡΑ","Κτγρ.","Αθλητής-Σύλλογος",null,"Αθλητής-Σύλλογος"]
[null,"Κ14 Ημιτελ","ΛΑΜΠΡΟΠΟΥΛΟΥ Β (ΑΕΚ ΤΡΙΠΟΛΗΣ)",null,"ΔΕΛΗ Μ (ΡΗΓΑΣ ΑΟΑ ΑΡ)"]
[null,"Κ14 Ημιτελ","ΖΟΥΓΡΑ Ι (ΖΑΚΥΝΘΙΝΟΣ Α)",null,"ΣΤΡΑΤΗ Γ (ΑΟΑ ΠΑΤΡΩΝ ()"]
[]
[null,null,"Τελικός",null,null,"info"]
["ΩΡΑ","Κτγρ.","Αθλητής-Σύλλογος",null,"Αθλητής-Σύλλογος"]
[null,"Κ14 Τελ.","ΛΑΜΠΡΟΠΟΥΛΟΥ Β (ΑΕΚ ΤΡΙΠΟΛΗΣ)",null,"ΣΤΡΑΤΗ Γ (ΑΟΑ ΠΑΤΡΩΝ ()"]

{"sheet":"PrepOP","index":4,"n_rows":30,"n_cols":6,"rows_kept":30,"cut":false,"hidden":true,"merged":[]}
[{"$f":"Setup!$B$3&\", \"&Setup!$B$7&\", \"&Setup!$B$4&\", \"&DAY(Setup!$B$8)&\"/\"&MONTH(Setup!$B$8)&\"-\"&DAY(Setup!$B$9)&\"/\"&MONTH(Setup!$B$9)& \" (\" & Setup!B6 & \")\"","v":"ΣΤ' ΕΝΩΣΗ, Ε3 26η, ΣΑ ΤΡΙΠΟΛΗΣ, 30/6-1/7 (Κ14)"}]
[{"$f":"Setup!$B$11","v":"ΚΑΛΟΓΡΗ Σ"}]
[null,null,"Πρόγραμμα αγώνων"]
[]
[null,null,"Round 16",null,null,"info"]
["ΩΡΑ","Κτγρ.","Αθλητής-Σύλλογος",null,"Αθλητής-Σύλλογος"]
[null,{"$f":"Setup!$B$6&\" R16\"","v":"Κ14 R16"},{"$f":"IF(LEN(MD!I5)<2,\"\",VLOOKUP(MD!I5,ALMD!$C:$L,10,FALSE))","v":"ΛΑΜΠΡΟΠΟΥΛΟΥ Β (ΑΕΚ ΤΡΙΠΟΛΗΣ)"},{"$f":"IF(OR(C7=\"\",E7=\"\"),\" \",\"-\")","v":"-"},{"$f":"IF(LEN(MD!I6)<2, \"\",VLOOKUP(MD!I6,ALMD!$C:$L,10,FALSE))","v":"ΜΗΤΡΟΠΟΥΛΟΥ Α (ΣΑ ΤΡΙΠΟΛΗΣ )"}]
[null,{"$f":"Setup!$B$6&\" R16\"","v":"Κ14 R16"},{"$f":"IF(LEN(MD!I7)<2,\"\",VLOOKUP(MD!I7,ALMD!$C:$L,10,FALSE))","v":"ΤΟΥΜΠΑΝΙΑΡΗ Μ (ΟΑ ΚΟΡΙΝΘΟΥ )"},{"$f":"IF(OR(C8=\"\",E8=\"\"),\" \",\"-\")","v":"-"},{"$f":"IF(LEN(MD!I8)<2, \"\",VLOOKUP(MD!I8,ALMD!$C:$L,10,FALSE))","v":"ΖΩΓΡΑΦΟΥ Α (ΟΑ ΚΟΡΙΝΘΟΥ )"}]
[null,{"$f":"Setup!$B$6&\" R16\"","v":"Κ14 R16"},{"$f":"IF(LEN(MD!I9)<2,\"\",VLOOKUP(MD!I9,ALMD!$C:$L,10,FALSE))","v":"ΔΕΛΗ Μ (ΡΗΓΑΣ ΑΟΑ ΑΡ)"},"-",{"$f":"IF(LEN(MD!I10)<2,\"\",VLOOKUP(MD!I10,ALMD!$C:$L,10,FALSE))","v":"ΚΛΑΟΥΔΑΤΟΥ Δ (ΧΡΥΣΟΣ ΟΑ (Σ)"}]
[null,{"$f":"Setup!$B$6&\" R16\"","v":"Κ14 R16"},{"$f":"IF(LEN(MD!I11)<2,\"\",VLOOKUP(MD!I11,ALMD!$C:$L,10,FALSE))","v":"ΝΙΚΟΛΑΚΟΠΟΥΛΟΥ Α (ΧΡΥΣΟΣ ΟΑ (Σ)"},"-",{"$f":"IF(LEN(MD!I12)<2,\"\",VLOOKUP(MD!I12,ALMD!$C:$L,10,FALSE))","v":"ΒΟΥΔΟΥΡΗ Μ (ΑΕΚ ΤΡΙΠΟΛΗΣ)"}]
[null,{"$f":"Setup!$B$6&\" R16\"","v":"Κ14 R16"},{"$f":"IF(LEN(MD!I13)<2,\"\",VLOOKUP(MD!I13,ALMD!$C:$L,10,FALSE))","v":"ΖΟΥΓΡΑ Ι (ΖΑΚΥΝΘΙΝΟΣ Α)"},null,{"$f":"IF(LEN(MD!I14)<2,\"\",VLOOKUP(MD!I14,ALMD!$C:$L,10,FALSE))","v":"ΤΟΥΛΑ Μ (ΑΟΑ ΠΑΤΡΩΝ ()"}]
[null,{"$f":"Setup!$B$6&\" R16\"","v":"Κ14 R16"},{"$f":"IF(LEN(MD!I15)<2,\"\",VLOOKUP(MD!I15,ALMD!$C:$L,10,FALSE))","v":"ΚΑΛΤΕΖΙΩΤΗ Ε (ΣΑ ΤΡΙΠΟΛΗΣ )"},null,{"$f":"IF(LEN(MD!I16)<2,\"\",VLOOKUP(MD!I16,ALMD!$C:$L,10,FALSE))","v":"ΚΟΤΙΝΗ Μ (ΑΟΑ ΠΑΤΡΩΝ ()"}]
[null,{"$f":"Setup!$B$6&\" R16\"","v":"Κ14 R16"},{"$f":"IF(LEN(MD!I17)<2,\"\",VLOOKUP(MD!I17,ALMD!$C:$L,10,FALSE))","v":"ΑΣΕΝΟΒΑ Γ (ΟΑ ΚΑΛΑΜΑΤΑΣ)"},null,{"$f":"IF(LEN(MD!I18)<2,\"\",VLOOKUP(MD!I18,ALMD!$C:$L,10,FALSE))","v":"ΤΣΙΛΙΜΠΗ Δ (ΡΗΓΑΣ ΑΟΑ ΑΡ)"}]
[null,{"$f":"Setup!$B$6&\" R16\"","v":"Κ14 R16"},{"$f":"IF(LEN(MD!I19)<2,\"\",VLOOKUP(MD!I19,ALMD!$C:$L,10,FALSE))","v":"ΜΠΟΥΖΟΥ Ε (ΣΑ ΤΡΙΠΟΛΗΣ )"},null,{"$f":"IF(LEN(MD!I20)<2,\"\",VLOOKUP(MD!I20,ALMD!$C:$L,10,FALSE))","v":"ΣΤΡΑΤΗ Γ (ΑΟΑ ΠΑΤΡΩΝ ()"}]
[]
[null,null,"Round 8",null,null,"info"]
["ΩΡΑ","Κτγρ.","Αθλητής-Σύλλογος",null,"Αθλητής-Σύλλογος"]
[null,{"$f":"Setup!$B$6&\" R8\"","v":"Κ14 R8"},{"$f":"IF(LEN(MD!N5)<2,\"\",VLOOKUP(MD!N5,ALMD!$C:$L,10,FALSE))","v":"ΛΑΜΠΡΟΠΟΥΛΟΥ Β (ΑΕΚ ΤΡΙΠΟΛΗΣ)"},{"$f":"IF(OR(C18=\"\",E18=\"\"),\" \",\"-\")","v":"-"},{"$f":"IF(LEN(MD!N7)<2,\"\",VLOOKUP(MD!N7,ALMD!$C:$L,10,FALSE))","v":"ΖΩΓΡΑΦΟΥ Α (ΟΑ ΚΟΡΙΝΘΟΥ )"}]
[null,{"$f":"Setup!$B$6&\" R8\"","v":"Κ14 R8"},{"$f":"IF(LEN(MD!N9)<2,\"\",VLOOKUP(MD!N9,ALMD!$C:$L,10,FALSE))","v":"ΔΕΛΗ Μ (ΡΗΓΑΣ ΑΟΑ ΑΡ)"},{"$f":"IF(OR(C19=\"\",E19=\"\"),\" \",\"-\")","v":"-"},{"$f":"IF(LEN(MD!N11)<2,\"\",VLOOKUP(MD!N11,ALMD!$C:$L,10,FALSE))","v":"ΒΟΥΔΟΥΡΗ Μ (ΑΕΚ ΤΡΙΠΟΛΗΣ)"}]
[null,{"$f":"Setup!$B$6&\" R8\"","v":"Κ14 R8"},{"$f":"IF(LEN(MD!N13)<2,\"\",VLOOKUP(MD!N13,ALMD!$C:$L,10,FALSE))","v":"ΖΟΥΓΡΑ Ι (ΖΑΚΥΝΘΙΝΟΣ Α)"},{"$f":"IF(OR(C20=\"\",E20=\"\"),\" \",\"-\")","v":"-"},{"$f":"IF(LEN(MD!N15)<2,\"\",VLOOKUP(MD!N15,ALMD!$C:$L,10,FALSE))","v":"ΚΟΤΙΝΗ Μ (ΑΟΑ ΠΑΤΡΩΝ ()"}]
[null,{"$f":"Setup!$B$6&\" R8\"","v":"Κ14 R8"},{"$f":"IF(LEN(MD!N17)<2,\"\",VLOOKUP(MD!N17,ALMD!$C:$L,10,FALSE))","v":"ΑΣΕΝΟΒΑ Γ (ΟΑ ΚΑΛΑΜΑΤΑΣ)"},{"$f":"IF(OR(C21=\"\",E21=\"\"),\" \",\"-\")","v":"-"},{"$f":"IF(LEN(MD!N19)<2,\"\",VLOOKUP(MD!N19,ALMD!$C:$L,10,FALSE))","v":"ΣΤΡΑΤΗ Γ (ΑΟΑ ΠΑΤΡΩΝ ()"}]
[]
[null,null,"Ημιτελικοί",null,null,"info"]
["ΩΡΑ","Κτγρ.","Αθλητής-Σύλλογος",null,"Αθλητής-Σύλλογος"]
[null,{"$f":"Setup!$B$6&\" Ημιτελ\"","v":"Κ14 Ημιτελ"},{"$f":"IF(LEN(MD!Q6)<2,\"\",VLOOKUP(MD!Q6,ALMD!$C:$L,10,FALSE))","v":"ΛΑΜΠΡΟΠΟΥΛΟΥ Β (ΑΕΚ ΤΡΙΠΟΛΗΣ)"},null,{"$f":"IF(LEN(MD!Q10)<2,\"\",VLOOKUP(MD!Q10,ALMD!$C:$L,10,FALSE))","v":"ΔΕΛΗ Μ (ΡΗΓΑΣ ΑΟΑ ΑΡ)"}]
[null,{"$f":"Setup!$B$6&\" Ημιτελ\"","v":"Κ14 Ημιτελ"},{"$f":"IF(LEN(MD!Q14)<2,\"\",VLOOKUP(MD!Q14,ALMD!$C:$L,10,FALSE))","v":"ΖΟΥΓΡΑ Ι (ΖΑΚΥΝΘΙΝΟΣ Α)"},null,{"$f":"IF(LEN(MD!Q18)<2,\"\",VLOOKUP(MD!Q18,ALMD!$C:$L,10,FALSE))","v":"ΣΤΡΑΤΗ Γ (ΑΟΑ ΠΑΤΡΩΝ ()"}]
[]
[null,null,"Τελικός",null,null,"info"]
["ΩΡΑ","Κτγρ.","Αθλητής-Σύλλογος",null,"Αθλητής-Σύλλογος"]
[null,{"$f":"Setup!$B$6&\" Τελ.\"","v":"Κ14 Τελ."},{"$f":"IF(LEN(MD!T8)<2,\"\",VLOOKUP(MD!T8,ALMD!$C:$L,10,FALSE))","v":"ΛΑΜΠΡΟΠΟΥΛΟΥ Β (ΑΕΚ ΤΡΙΠΟΛΗΣ)"},null,{"$f":"IF(LEN(MD!T16)<2,\"\",VLOOKUP(MD!T16,ALMD!$C:$L,10,FALSE))","v":"ΣΤΡΑΤΗ Γ (ΑΟΑ ΠΑΤΡΩΝ ()"}]

{"sheet":"tables","index":5,"n_rows":1281,"n_cols":46,"rows_kept":1281,"cut":false,"hidden":true,"merged":[]}
["RndIndx","random","FixRandom",null,null,null,"33-64","17-32","9-16","5-8","3-4","2ος","1ος",null,null,"Categories","Juniors","Serniors",null,null,null,"Tours",null,"Clubs","Id","Union",null,"Organizers",null,"Referees",null,"key","pts18",null,"KEY TourDetails","Date","TourName","CLUBid","CLUB","TYPE","GRP","GRPid","TDid","Tid","Group","GroupID"]
[1,{"$f":"RAND()/222","v":2.1077605607672996E-4},7.3546291374376185E-4,null,null,"Ε1-12",null,5,7.5,10,15,25,30,null,null,null,"Α10","m35",null,null,null,null,null,null,null,null,null,null,null,null,null,"Ε1S-12-1st",30,null,{"$f":"AJ2&AK2&AL2&AN2&AO2","v":"42737ITF (BELGRADE)14Sα18"},"2017-01-02","ITF (BELGRADE)",14,"ITF","S","α18",8,2388,585,"Α10",3]
[2,{"$f":"RAND()/222","v":4.1002824409650052E-3},2.0415477499052866E-3,null,null,"Ε1-14",null,10,15,20,30,50,60,null,null,"Α12","Α12","m40",null,null,null,"Ε3",null,"ΑΑ ΑΙΓΑΛΕΩ",366,"Θ",null,"ΕΦΟΑ",null,"Θα-ανακοινωθεί",null,"Ε1S-12-2nd",25,null,{"$f":"AJ3&AK3&AL3&AN3&AO3","v":"42737TE (BOZICNI)15Sα14"},"2017-01-02","TE (BOZICNI)",15,"Tennis Europe","S","α14",6,2389,586,"Κ10",4]
[3,{"$f":"RAND()/222","v":1.1830670788302992E-3},4.4030805449619594E-3,null,null,"Ε1-16",null,20,30,40,60,100,120,null,null,"Α14","Α14","m45",null,null,null,"Ε4",null,"ΑΑ ΑΛΜΠΑΤΡΟΣ",124,"Β",null,"Α' ΕΝΩΣΗ",null,"ΑΛΕΞΙΟΥ Δ",null,"Ε1S-12-3_4",15,null,"42744ITF (16TH ABU DHABI)14Sα18","2017-01-09","ITF (16TH ABU DHABI)",14,"ITF","S","α18",8,2390,587,"Α12",5]
[4,{"$f":"RAND()/222","v":1.8864909720423424E-3},7.9117222241149323E-4,null,null,"Ε1-18",null,25,37.5,50,75,125,150,null,null,"Α16","Α16","m50",null,null,null,"Παν",null,"ΑΑ ΚΕΡΚΥΡΑΣ",201,"Δ",null,"Β' ΕΝΩΣΗ",null,"ΑΜΟΥΤΖΟΓΛΟΥ Κ",null,"Ε1S-12-5_8",10,null,"42744TE (17TH TENNISLINE)15Sκ16","2017-01-09","TE (17TH TENNISLINE)",15,"Tennis Europe","S","κ16",11,2391,588,"Α14",6]
[5,{"$f":"RAND()/222","v":2.1131527166446261E-3},5.716711888385682E-4,null,null,"Ε2-12",null,2.5,4,5,7.5,12.5,15,null,null,"Α18","Α18","m55",null,null,null,"Open",null,"ΑΑ ΝΑΟΥΣΑΣ",169,"Γ",null,"Γ' ΕΝΩΣΗ",null,"ΑΞΑΡΛΗ Ν",null,"Ε1S-12-9_16",7.5,null,"42751ITF (HOTEL KURZ)14Sα18","2017-01-16","ITF (HOTEL KURZ)",14,"ITF","S","α18",8,2392,589,"Α16",7]
[6,{"$f":"RAND()/222","v":1.9622156145871728E-4},6.7395023949707905E-4,null,null,"Ε2-14",null,5,7.5,10,15,25,30,null,null,"Κ12","Κ10","m60",null,null,null,"ΠανΑΓ",null,"ΑΑΑ ΑΛΙΜΟΥ",407,"ΙΑ",null,"Δ' ΕΝΩΣΗ",null,"ΒΑΒΙΤΣΑ Π",null,"Ε1S-12-17_32",1,null,"42751ITF (HOTEL KURZ)14Dα18","2017-01-16","ITF (HOTEL KURZ)",14,"ITF","D","α18",16,2393,589,"Α18",8]
[7,2.548873380860261E-3,9.6042078290864473E-4,null,null,"Ε2-16",null,10,16,20,30,50,60,null,null,"Κ14","Κ12","m65",null,null,null,"OpenΑΓ",null,"ΑΓΟ ΒΟΛΟΥ",470,"Ε",null,"Ε' ΕΝΩΣΗ",null,"ΒΑΒΟΥΡΑΚΗ Ε",null,"Ε1S-12-q8",2,null,"42751TE (SMENA CUP)15Sα14","2017-01-16","TE (SMENA CUP)",15,"Tennis Europe","S","α14",6,2394,590,"Κ12",9]
[8,1.5399432680014344E-3,1.151932451598413E-3,null,null,"Ε3-12",0.5,1.5,2.4,3,4.5,7.5,9,null,null,"Κ16","Κ14","m70",null,null,null,"Σχολικό",null,"ΑΓΟ ΕΥΡΥΑΛΗ ΓΛΥΦΑΔΑΣ",408,"ΙΑ",null,"ΣΤ' ΕΝΩΣΗ",null,"ΒΑΚΟΥΦΑΡΗΣ Δ",null,"Ε1S-12-q16",2,null,"42758ITF (CLTK CUP)14Sα18","2017-01-23","ITF (CLTK CUP)",14,"ITF","S","α18",8,2395,591,"Κ14",10]
[9,1.6847835424567857E-3,1.5049833801987747E-3,null,null,"Ε3-14",1,3,4.5,6,9,15,18,null,null,"Κ18","Κ16","m75",null,null,null,"Cons",null,"ΑΓΟ ΘΕΣΠΡΩΤΙΚΟΥ",202,"Δ",null,"Ζ' ΕΝΩΣΗ",null,"ΒΑΛΤΑΔΩΡΟΣ Δ",null,"Ε1S-12-q8/2",1,null,"42758ITF (DONETSK)14Sα18","2017-01-23","ITF (DONETSK)",14,"ITF","S","α18",8,2396,592,"Κ16",11]
[10,2.75961833960913E-3,3.4486757762713658E-3,null,null,"Ε3-16",2,6,9.6,12,18,30,36,null,null,"Α10","Κ18","w35",null,null,null,null,null,"ΑΓΟ ΝΑΥΠΑΚΤΟΥ",203,"Δ",null,"Η' ΕΝΩΣΗ",null,"ΒΑΛΤΑΔΩΡΟΣ Μ",null,"Ε1S-12-q32",1,null,"42758ITF (TOUR. 2)14Sκ18","2017-01-23","ITF (TOUR. 2)",14,"ITF","S","κ18",12,2397,593,"Κ18",12]
[11,3.1731598122466749E-3,2.1511841242102549E-3,null,null,"Ε4-12",0.2,0.5,1,1.2,1.7,3.2,3.7,null,null,"Κ10","ΑΝΔ","w40",null,null,null,null,null,"ΑΓΟ ΦΙΛΙΠΠΙΑΔΑΣ",204,"Δ",null,"Θ' ΕΝΩΣΗ",null,"ΒΑΧΑΡΙΔΗΣ Γ",null,"Ε1S-12-33_64",0,null,"42758ITF (TUNISIA 1)14Sκ18","2017-01-23","ITF (TUNISIA 1)",14,"ITF","S","κ18",12,2398,594,"Α12 Δ",13]
[12,7.8798522277214518E-5,1.0294758306259989E-3,null,null,"Ε4-14",0.5,1.2,1.8,2.5,3.7,6.2,7.5,null,null,"Ανδ","ΓΥΝ","w45",null,null,null,"Παν",null,"ΑΓΣ ΜΥΛΩΝ Ο ΛΕΡΝΟΣ",258,"ΣΤ",null,"ΙΑ' ΕΝΩΣΗ",null,"ΒΟΥΡΟΥΚΟΣ Κ",null,"Ε1S-12-q",0,null,"42758ITF (TUNISIA 1)14Dκ18","2017-01-23","ITF (TUNISIA 1)",14,"ITF","D","κ18",20,2399,594,"Α14 Δ",14]
[13,1.8664786374290277E-4,3.4008983295511887E-3,null,null,"Ε4-16",1,2.5,4,5,7.5,12.5,15,null,null,"Γυν","-","w50",null,null,null,"Ε1",null,"ΑΕ ΒΟΥΛΑΣ",496,"ΙΑ",null,"ΣΒΑΕ",null,"ΓΑΛΑΤΙΔΗΣ Α",null,"Ε1S-12-q64",0,null,"42758TE (STAVANGER)15Sα16","2017-01-23","TE (STAVANGER)",15,"Tennis Europe","S","α16",7,2400,595,"Α16 Δ",15]
[14,2.9425946019396051E-3,2.688110839890369E-4,null,null,"Παν-12",5,10,15,20,30,50,60,null,null,null,"-","w55",null,null,null,"Ε2",null,"ΑΕ ΚΑΛΑΒΡΥΤΩΝ",259,"ΣΤ",null,"ITF & ΣΒΑΕ",null,"ΓΕΡΑΡΔΟΣ Γ",null,"Ε1S-12-q128",0,null,"42765ITF (EGYPT 1)14Sα18","2017-01-30","ITF (EGYPT 1)",14,"ITF","S","α18",8,2401,596,"Α18 Δ",16]
[15,6.6512438472123521E-5,2.0431564799723142E-4,null,null,"Παν-14",10,20,30,40,60,100,120,null,null,null,"-","-",null,null,null,"Ε3",null,"ΑΕ ΠΟΡΤΟ ΡΑΦΤΗ",313,"Η",null,"INTERSPORT",null,"ΓΕΩΡΓΑΚΗΣ Κ",null,"Ε1S-12-q256",0,null,"42765ITF (EGYPT 1)14Dα18","2017-01-30","ITF (EGYPT 1)",14,"ITF","D","α18",16,2402,596,"Κ12 Δ",17]
[16,5.9302624248907035E-4,2.8718025186510116E-3,null,null,"Παν-16",20,40,60,80,120,200,240,null,null,null,null,null,null,null,null,"Ε4",null,"ΑΕΚ ΤΡΙΠΟΛΗΣ",260,"ΣΤ",null,null,null,"ΓΕΩΡΓΑΡΑ Ε",null,"Ε1S-12-wo",0,null,"42765ITF (EGYPT 1)14Sκ18","2017-01-30","ITF (EGYPT 1)",14,"ITF","S","κ18",12,2403,596,"Κ14 Δ",18]
[null,null,null,null,null,"Παν-18",25,50,75,100,150,250,300,null,null,null,null,null,null,null,null,null,null,"ΑΕΣΑ Φ ΚΟΥΡΟΣ",478,"Η",null,null,null,"ΓΕΩΡΓΑΤΗΣ Ι",null,"Ε1D-12-1st",7.5,null,"42769Ε3 05η (Α)102Sα12","2017-02-03","Ε3 05η (Α)",102,"ΑΟ ΚΑΒΑΛΑΣ ΜΑΚΕΔΟΝΙΚΟΣ","S","α12",5,2404,597,"Κ16 Δ",19]
[null,null,null,null,null,null,null,null,null,null,null,null,null,null,null,null,null,null,null,null,null,"G1",null,"ΑΕΤ ΝΙΚΗ ΠΑΤΡΩΝ",261,"ΣΤ",null,null,null,"ΓΕΩΡΓΙΑΔΗΣ Σ",null,"Ε1D-12-2nd",6.5,null,"42769Ε3 05η (Α)102Sα14","2017-02-03","Ε3 05η (Α)",102,"ΑΟ ΚΑΒΑΛΑΣ ΜΑΚΕΔΟΝΙΚΟΣ","S","α14",6,2405,597,"Κ18 Δ",20]
[null,null,null,null,null,null,"q256","q128","q64","q32","q16","q8",null,null,null,null,null,null,null,null,null,"G2",null,"ΑΘΛ ΑΚΑΔ ΙΩΑΝΝΙΝΩΝ",205,"Δ",null,null,null,"ΓΙΑΝΝΟΥΛΟΠΟΥΛΟΥ Α",null,"Ε1D-12-3_4",4,null,"42769Ε3 05η (Α)102Sα16","2017-02-03","Ε3 05η (Α)",102,"ΑΟ ΚΑΒΑΛΑΣ ΜΑΚΕΔΟΝΙΚΟΣ","S","α16",7,2406,597,"Μ12 Δ",21]
[null,null,null,null,null,"Ε1-12",null,null,null,1,2,2,null,null,null,null,null,null,null,null,null,"G3",null,"ΑΘΛ ΚΕΝΤΡΟ ΑΝΤΙΣΦ ΛΑΜΙΑΣ",223,"Ε",null,null,null,"ΓΙΑΤΣΟΣ Β",null,"Ε1D-12-5_8",2.5,null,"42769Ε3 05η (Α)102Sκ12","2017-02-03","Ε3 05η (Α)",102,"ΑΟ ΚΑΒΑΛΑΣ ΜΑΚΕΔΟΝΙΚΟΣ","S","κ12",9,2407,597,"Μ14 Δ",22]
[null,null,null,null,null,"Ε1-14",null,null,null,2,4,4,null,null,null,null,null,null,null,null,null,"G4",null,"ΑΙΟΛΟΣ ΑΛ ΙΛΙΟΥ",367,"Θ",null,null,null,"ΓΙΩΓΙΑ Π",null,"Ε1D-12-9_16",2,null,"42769Ε3 05η (Α)102Sκ14","2017-02-03","Ε3 05η (Α)",102,"ΑΟ ΚΑΒΑΛΑΣ ΜΑΚΕΔΟΝΙΚΟΣ","S","κ14",10,2408,597,"Μ16 Δ",23]
[null,null,null,null,null,"Ε1-16",null,null,null,4,8,8,null,null,null,null,null,null,null,null,null,"G5",null,"ΑΚ ΖΩΓΡΑΦΟΥ",410,"ΙΑ",null,null,null,"ΓΚΟΓΚΟΥ Κ",null,"Ε1D-12-17_32",0,null,"42769Ε3 05η (Α)102Sκ16","2017-02-03","Ε3 05η (Α)",102,"ΑΟ ΚΑΒΑΛΑΣ ΜΑΚΕΔΟΝΙΚΟΣ","S","κ16",11,2409,597,"Μ18 Δ",24]
[null,null,null,null,null,"Ε1-18",null,null,null,5,10,10,null,null,null,null,null,null,null,null,null,null,null,"ΑΚΑ Α ΠΑΝΤΑΛΚΗΣ",487,"Θ",null,null,null,"ΓΚΟΥΝΤΑΝΗ Γ",null,"Ε1D-12-wo",0,null,"42769Ε3 05η (Β)130Sα12","2017-02-03","Ε3 05η (Β)",130,"ΑΟΑ ΛΕ ΡΑΚΕΤ","S","α12",5,2410,598,"ΑΝΔ",25]
[null,null,null,null,null,"Ε2-12",null,null,null,0.5,1,1,null,null,null,null,null,null,null,null,null,null,null,"ΑΚΑ ΜΑΡΑΘΩΝΑ",315,"Η",null,null,null,"ΔΑΜΙΑΝΟΥ Α",null,"Ε1S-14-1st",60,null,"42769Ε3 05η (Β)152Sα14","2017-02-03","Ε3 05η (Β)",152,"ΟΑ ΚΑΛΑΜΑΡΙΑΣ","S","α14",6,2411,598,"ΓΥΝ",26]
[null,null,null,null,null,"Ε2-14",null,null,null,1,2,2,null,null,null,null,null,null,null,null,null,null,null,"ΑΚΑΔ ΑΝΤΙΣΦ ΙΩΑΝΝΙΝΩΝ",206,"Δ",null,null,null,"ΔΕΡΜΙΤΖΑΚΗ Ε",null,"Ε1S-14-2nd",50,null,"42769Ε3 05η (Β)152Sα16","2017-02-03","Ε3 05η (Β)",152,"ΟΑ ΚΑΛΑΜΑΡΙΑΣ","S","α16",7,2412,598,"ΑΝΔ Δ",27]
[null,null,null,null,null,"Ε2-16",null,null,null,2,4,4,null,null,null,"Ναι",null,null,null,null,null,null,null,"ΑΚΑΔ ΑΝΤΙΣΦ ΣΕΡΡΩΝ 2008",101,"Α",null,null,null,"ΔΗΜΗΤΡΙΟΥ Ε",null,"Ε1S-14-3_4",30,null,"42769Ε3 05η (Β)130Sκ12","2017-02-03","Ε3 05η (Β)",130,"ΑΟΑ ΛΕ ΡΑΚΕΤ","S","κ12",9,2413,598,"ΓΥΝ Δ",28]
[null,null,null,null,null,"Ε3-12",null,null,null,null,null,null,null,null,null,"Όχι",null,null,null,null,null,null,null,"ΑΚΑΔ ΑΝΤΙΣΦ ΧΑΝΙΩΝ",298,"Ζ",null,null,null,"ΔΡΑΓΟΥΜΗΣ Π",null,"Ε1S-14-5_8",20,null,"42769Ε3 05η (Β)152Sκ14","2017-02-03","Ε3 05η (Β)",152,"ΟΑ ΚΑΛΑΜΑΡΙΑΣ","S","κ14",10,2414,598,"ΜΙΚΤ Α/Γ",29]
[null,null,null,null,null,"Ε3-14",null,null,null,null,null,null,null,null,null,null,null,null,null,null,null,null,null,"ΑΜΕΣ Ν ΕΡΥΘΡΑΙΑΣ",316,"Η",null,null,null,"ΘΕΟΔΩΡΟΠΟΥΛΟΥ Α",null,"Ε1S-14-9_16",15,null,"42769Ε3 05η (Β)152Sκ16","2017-02-03","Ε3 05η (Β)",152,"ΟΑ ΚΑΛΑΜΑΡΙΑΣ","S","κ16",11,2415,598]
[null,null,null,null,null,"Ε3-16",null,null,null,null,null,null,null,null,null,"από values",null,null,null,null,null,null,null,"ΑΜΣ ΠΑΝΟΡΑΜΑΤΟΣ",458,"Β",null,null,null,"ΙΩΑΝΝΙΔΗΣ Ι",null,"Ε1S-14-17_32",2,null,"42769Ε3 05η (Ε)244Sα12","2017-02-03","Ε3 05η (Ε)",244,"ΟΑ ΜΑΓΝΗΣΙΑΣ","S","α12",5,2416,599]
[null,null,null,null,null,"Ε4-12",null,null,null,null,null,null,null,null,null,null,null,null,null,null,null,null,null,"ΑΝΟ ΓΛΥΦΑΔΑΣ",411,"ΙΑ",null,null,null,"ΚΑΔΟΓΛΟΥ Κ",null,"Ε1S-14-q8",4,null,"42769Ε3 05η (Ε)244Sα14","2017-02-03","Ε3 05η (Ε)",244,"ΟΑ ΜΑΓΝΗΣΙΑΣ","S","α14",6,2417,599]
[null,null,null,null,null,"Ε4-14",null,null,null,null,null,null,null,null,null,"alt",null,null,null,null,null,null,null,"ΑΝΣ ΕΛΛΗΝΙΚΙΩΤΩΝ",412,"ΙΑ",null,null,null,"ΚΑΖΑΝΗΣ Γ",null,"Ε1S-14-q16",4,null,"42769Ε3 05η (Ε)244Sα16","2017-02-03","Ε3 05η (Ε)",244,"ΟΑ ΜΑΓΝΗΣΙΑΣ","S","α16",7,2418,599]
[null,null,null,null,null,"Ε4-16",null,null,null,null,null,null,null,null,null,"Q",null,null,null,null,null,null,null,"ΑΟ ΑΘΗΝΑΪΚΗ",488,"Θ",null,null,null,"ΚΑΚΚΑΛΟΣ Γ",null,"Ε1S-14-q8/2",2,null,"42769Ε3 05η (Ε)244Sκ12","2017-02-03","Ε3 05η (Ε)",244,"ΟΑ ΜΑΓΝΗΣΙΑΣ","S","κ12",9,2419,599]
[null,null,null,null,null,"Παν-12",0.5,1,1.5,2.5,2.5,null,null,null,null,"LL",null,null,null,null,null,null,null,"ΑΟ ΑΙΓΙΟΥ ΜΟΡΕΑΣ",262,"ΣΤ",null,null,null,"ΚΑΛΟΓΡΗ Σ",null,"Ε1S-14-q32",2,null,"42769Ε3 05η (Ε)244Sκ14","2017-02-03","Ε3 05η (Ε)",244,"ΟΑ ΜΑΓΝΗΣΙΑΣ","S","κ14",10,2420,599]
[null,null,null,null,null,"Παν-14",1,2,3,5,5,null,null,null,null,"DQ",null,null,null,null,null,null,null,"ΑΟ ΑΛΦΕΙΟΣ ΕΠΙΤΑΛΙΟΥ",501,"ΣΤ",null,null,null,"ΚΑΜΙΛΗ Α",null,"Ε1S-14-33_64",0,null,"42769Ε3 05η (Ε)244Sκ16","2017-02-03","Ε3 05η (Ε)",244,"ΟΑ ΜΑΓΝΗΣΙΑΣ","S","κ16",11,2421,599]
[null,null,null,null,null,"Παν-16",2,4,6,10,10,null,null,null,null,null,null,null,null,null,null,null,null,"ΑΟ ΑΣΤΕΡΑΣ ΗΛΙΟΥΠΟΛΗΣ",497,"ΙΑ",null,null,null,"ΚΑΡΑΜΗΤΡΟΣ Κ",null,"Ε1S-14-q",0,null,"42769Ε3 05η (Η)336Sα12","2017-02-03","Ε3 05η (Η)",336,"ΑΟΑ ΦΙΛΟΘΕΗΣ","S","α12",5,2422,600]
[null,null,null,null,null,"Παν-18",2.5,5,7.5,12.5,12.5,null,null,null,null,null,null,null,null,null,null,null,null,"ΑΟ ΑΤΛΑΝΤΙΣ",317,"Η",null,null,null,"ΚΑΡΑΤΑΣΟΣ Κ",null,"Ε1S-14-q64",0,null,"42769Ε3 05η (Η)336Sα14","2017-02-03","Ε3 05η (Η)",336,"ΑΟΑ ΦΙΛΟΘΕΗΣ","S","α14",6,2423,600]
[null,null,null,null,null,null,null,null,null,null,null,null,null,null,null,null,null,null,null,null,null,null,null,"ΑΟ ΒΑΡΗΣ ΑΝΑΓΥΡΟΥΣ",318,"Η",null,null,null,"ΚΑΦΕΤΖΟΠΟΥΛΟΣ Π",null,"Ε1S-14-q128",0,null,"42769Ε3 05η (Η)336Sα16","2017-02-03","Ε3 05η (Η)",336,"ΑΟΑ ΦΙΛΟΘΕΗΣ","S","α16",7,2424,600]
[null,null,null,null,null,null,null,null,null,null,null,null,null,null,null,null,null,null,null,null,null,null,null,"ΑΟ ΒΟΥΛΙΑΓΜΕΝΗΣ",415,"ΙΑ",null,null,null,"ΚΑΦΦΕ Μ",null,"Ε1S-14-q256",0,null,"42769Ε3 05η (Η)336Sκ12","2017-02-03","Ε3 05η (Η)",336,"ΑΟΑ ΦΙΛΟΘΕΗΣ","S","κ12",9,2425,600]
[null,null,null,null,null,null,null,null,null,null,null,null,null,null,null,null,null,null,null,null,null,null,null,"ΑΟ ΓΛΥΦΑΔΑΣ ΦΙΛΙΑ 2000",416,"ΙΑ",null,null,null,"ΚΙΜΟΓΛΟΥ Ε",null,"Ε1S-14-wo",0,null,"42769Ε3 05η (Η)336Sκ14","2017-02-03","Ε3 05η (Η)",336,"ΑΟΑ ΦΙΛΟΘΕΗΣ","S","κ14",10,2426,600]
[null,null,null,null,null,null,null,null,null,null,null,null,null,null,null,null,null,null,null,null,null,null,null,"ΑΟ ΔΑΣΟΣ ΧΑΪΔΑΡΙΟΥ",489,"Θ",null,null,null,"ΚΟΣΚΙΝΑΣ Ι",null,"Ε1D-14-1st",15,null,"42769Ε3 05η (Η)336Sκ16","2017-02-03","Ε3 05η (Η)",336,"ΑΟΑ ΦΙΛΟΘΕΗΣ","S","κ16",11,2427,600]
[null,null,null,null,null,null,null,null,null,null,null,null,null,null,null,null,null,null,null,null,null,null,null,"ΑΟ ΔΙΑΣ ΠΟΛΙΧΝΗΣ",126,"Β",null,null,null,"ΚΟΤΣΑΡΙΝΗΣ Β",null,"Ε1D-14-2nd",13,null,"42772ITF (9TH KENYA)14Sα18","2017-02-06","ITF (9TH KENYA)",14,"ITF","S","α18",8,2428,601]
[null,null,null,null,null,null,null,null,null,null,null,null,null,null,null,"sync-save",null,null,null,null,null,null,null,"ΑΟ ΔΙΛΟΦΟ ΒΑΡΗΣ",319,"Η",null,null,null,"ΚΟΤΣΩΝΗΣ Ε",null,"Ε1D-14-3_4",8,null,"42772ITF (YONEX)14Sα18","2017-02-06","ITF (YONEX)",14,"ITF","S","α18",8,2429,602]
[null,null,null,null,null,null,null,null,null,null,null,null,null,null,null,"sync only",null,null,null,null,null,null,null,"ΑΟ ΕΜΙΛΕΟΝ",207,"Δ",null,null,null,"ΚΟΥΚΟΥΒΙΤΑΚΗ Γ",null,"Ε1D-14-5_8",5,null,"42776Ε3 06η (Δ)204Sα12","2017-02-10","Ε3 06η (Δ)",204,"ΑΓΟ ΦΙΛΙΠΠΙΑΔΑΣ","S","α12",5,2430,603]
[null,null,null,null,null,null,null,null,null,null,null,null,null,null,null,null,null,null,null,null,null,null,null,"ΑΟ ΘΕΡΜΗΣ ΘΕΡΜΑΙΟΣ",127,"Β",null,null,null,"ΚΟΥΚΟΥΝΙΑΣ Χ",null,"Ε1D-14-9_16",4,null,"42776Ε3 06η (Δ)204Sα14","2017-02-10","Ε3 06η (Δ)",204,"ΑΓΟ ΦΙΛΙΠΠΙΑΔΑΣ","S","α14",6,2431,603]
[null,null,null,null,null,null,null,null,null,null,null,null,null,null,null,null,null,null,null,null,null,null,null,"ΑΟ ΚΑΒΑΛΑΣ ΜΑΚΕΔΟΝΙΚΟΣ",102,"Α",null,null,null,"ΚΟΥΛΟΥΡΗΣ Π",null,"Ε1D-14-17_32",0,null,"42776Ε3 06η (Δ)204Sα16","2017-02-10","Ε3 06η (Δ)",204,"ΑΓΟ ΦΙΛΙΠΠΙΑΔΑΣ","S","α16",7,2432,603]
[null,null,null,null,null,null,null,null,null,null,null,null,null,null,null,null,null,null,null,null,null,null,null,"ΑΟ ΚΑΛΛΙΤΕΧΝΟΥΠΟΛΗΣ",320,"Η",null,null,null,"ΚΟΥΜΑΝΤΑΣ Κ",null,"Ε1D-14-wo",0,null,"42776Ε3 06η (Δ)204Sκ12","2017-02-10","Ε3 06η (Δ)",204,"ΑΓΟ ΦΙΛΙΠΠΙΑΔΑΣ","S","κ12",9,2433,603]
[null,null,null,null,null,null,null,null,null,null,null,null,null,null,null,null,null,null,null,null,null,null,null,"ΑΟ ΚΗΦΙΣΙΑΣ",321,"Η",null,null,null,"ΚΟΥΤΣΟΛΑΜΠΡΟΥ Α",null,"Ε1S-16-1st",120,null,"42776Ε3 06η (Δ)204Sκ14","2017-02-10","Ε3 06η (Δ)",204,"ΑΓΟ ΦΙΛΙΠΠΙΑΔΑΣ","S","κ14",10,2434,603]
[null,null,null,null,null,null,null,null,null,null,null,null,null,null,null,null,null,null,null,null,null,null,null,"ΑΟ ΚΡΑΝΙΔΙΟΥ",264,"ΣΤ",null,null,null,"ΚΡΑΝΙΩΤΗ Σ",null,"Ε1S-16-2nd",100,null,"42776Ε3 06η (Δ)204Sκ16","2017-02-10","Ε3 06η (Δ)",204,"ΑΓΟ ΦΙΛΙΠΠΙΑΔΑΣ","S","κ16",11,2435,603]
[null,null,null,null,null,null,null,null,null,null,null,null,null,null,null,null,null,null,null,null,null,null,null,"ΑΟ ΚΥΔΩΝΙΑΣ",299,"Ζ",null,null,null,"ΚΩΝΣΤΑΝΤΙΝΟΥ Κ",null,"Ε1S-16-3_4",60,null,"42776Ε3 06η (Θ)374Sα12","2017-02-10","Ε3 06η (Θ)",374,"ΑΟΑ ΧΑΪΔΑΡΙΟΥ","S","α12",5,2436,604]
[null,null,null,null,null,null,null,null,null,null,null,null,null,null,null,null,null,null,null,null,null,null,null,"ΑΟ ΛΑΓΟΝΗΣΙΟΥ",322,"Η",null,null,null,"ΚΩΣΤΙΔΟΥ Χ",null,"Ε1S-16-5_8",40,null,"42776Ε3 06η (Θ)374Sα14","2017-02-10","Ε3 06η (Θ)",374,"ΑΟΑ ΧΑΪΔΑΡΙΟΥ","S","α14",6,2437,604]
[null,null,null,null,null,null,null,null,null,null,null,null,null,null,null,null,null,null,null,null,null,null,null,"ΑΟ ΛΑΤΩ ΑΓ ΝΙΚΟΛΑΟΥ",300,"Ζ",null,null,null,"ΛΑΖΑΡΙΔΗΣ Ι",null,"Ε1S-16-9_16",30,null,"42776Ε3 06η (Θ)374Sα16","2017-02-10","Ε3 06η (Θ)",374,"ΑΟΑ ΧΑΪΔΑΡΙΟΥ","S","α16",7,2438,604]
[null,null,null,null,null,null,null,null,null,null,null,null,null,null,null,null,null,null,null,null,null,null,null,"ΑΟ ΛΙΒΑΔΕΙΩΝ ΒΟΥΡΕΙΟΣ",323,"Η",null,null,null,"ΛΑΛΟΥΜΗΣ Λ",null,"Ε1S-16-17_32",4,null,"42776Ε3 06η (Θ)374Sκ12","2017-02-10","Ε3 06η (Θ)",374,"ΑΟΑ ΧΑΪΔΑΡΙΟΥ","S","κ12",9,2439,604]
[null,null,null,null,null,null,null,null,null,null,null,null,null,null,null,null,null,null,null,null,null,null,null,"ΑΟ ΜΑΡΚΟΠΟΥΛΟΥ",479,"Η",null,null,null,"ΛΑΜΠΡΟΥ Μ",null,"Ε1S-16-q8",8,null,"42776Ε3 06η (Θ)374Sκ14","2017-02-10","Ε3 06η (Θ)",374,"ΑΟΑ ΧΑΪΔΑΡΙΟΥ","S","κ14",10,2440,604]
[null,null,null,null,null,null,null,null,null,null,null,null,null,null,null,null,null,null,null,null,null,null,null,"ΑΟ ΜΕΓΑΣ ΑΛΕΞΑΝΔΡΟΣ",418,"ΙΑ",null,null,null,"ΛΙΓΓΟΣ Ι",null,"Ε1S-16-q16",8,null,"42776Ε3 06η (Θ)374Sκ16","2017-02-10","Ε3 06η (Θ)",374,"ΑΟΑ ΧΑΪΔΑΡΙΟΥ","S","κ16",11,2441,604]
[null,null,null,null,null,null,null,null,null,null,null,null,null,null,null,null,null,null,null,null,null,null,null,"ΑΟ ΜΟΡΤΕΡΟΥ",480,"Η",null,null,null,"ΜΕΛΛΙΟΣ Α",null,"Ε1S-16-q8/2",4,null,"42776Ε3 06η (ΙΑ)435Sα12","2017-02-10","Ε3 06η (ΙΑ)",435,"ΟΑ ΓΛΥΦΑΔΑΣ","S","α12",5,2442,605]
[null,null,null,null,null,null,null,null,null,null,null,null,null,null,null,null,null,null,null,null,null,null,null,"ΑΟ ΜΥΤΙΛΗΝΗΣ",371,"Θ",null,null,null,"ΜΙΧΑΗΛΙΔΗΣ Σ",null,"Ε1S-16-q32",4,null,"42776Ε3 06η (ΙΑ)435Sα14","2017-02-10","Ε3 06η (ΙΑ)",435,"ΟΑ ΓΛΥΦΑΔΑΣ","S","α14",6,2443,605]
[null,null,null,null,null,null,null,null,null,null,null,null,null,null,null,null,null,null,null,null,null,null,null,"ΑΟ Ν ΣΜΥΡΝΗΣ ΜΙΛΩΝ",419,"ΙΑ",null,null,null,"ΜΟΥΡΒΑΤΗΣ Π",null,"Ε1S-16-33_64",0,null,"42776Ε3 06η (ΙΑ)435Sα16","2017-02-10","Ε3 06η (ΙΑ)",435,"ΟΑ ΓΛΥΦΑΔΑΣ","S","α16",7,2444,605]
[null,null,null,null,null,null,null,null,null,null,null,null,null,null,null,null,null,null,null,null,null,null,null,"ΑΟ ΝΕΟΥ ΦΑΛΗΡΟΥ",490,"Θ",null,null,null,"ΜΟΥΡΤΖΙΟΥ Ι",null,"Ε1S-16-q",0,null,"42776Ε3 06η (ΙΑ)435Sκ12","2017-02-10","Ε3 06η (ΙΑ)",435,"ΟΑ ΓΛΥΦΑΔΑΣ","S","κ12",9,2445,605]
[null,null,null,null,null,null,null,null,null,null,null,null,null,null,null,null,null,null,null,null,null,null,null,"ΑΟ ΝΦ ΑΤΤΑΛΟΣ",326,"Η",null,null,null,"ΜΠΑΛΑΦΑΣ Σ",null,"Ε1S-16-q64",0,null,"42776Ε3 06η (ΙΑ)435Sκ14","2017-02-10","Ε3 06η (ΙΑ)",435,"ΟΑ ΓΛΥΦΑΔΑΣ","S","κ14",10,2446,605]
[null,null,null,null,null,null,null,null,null,null,null,null,null,null,null,null,null,null,null,null,null,null,null,"ΑΟ ΟΛΥΜΠΙΑΔΑ ΒΥΡΩΝΑ",481,"Η",null,null,null,"ΜΠΑΡΚΑΣ Α",null,"Ε1S-16-q128",0,null,"42776Ε3 06η (ΙΑ)435Sκ16","2017-02-10","Ε3 06η (ΙΑ)",435,"ΟΑ ΓΛΥΦΑΔΑΣ","S","κ16",11,2447,605]
[null,null,null,null,null,null,null,null,null,null,null,null,null,null,null,null,null,null,null,null,null,null,null,"ΑΟ ΟΡΕΣΤΙΑΔΑΣ",103,"Α",null,null,null,"ΜΠΑΡΜΠΟΠΟΥΛΟΣ Κ",null,"Ε1S-16-q256",0,null,"42776Ε3 06η (ΣΤ)261Sα12","2017-02-10","Ε3 06η (ΣΤ)",261,"ΑΕΤ ΝΙΚΗ ΠΑΤΡΩΝ","S","α12",5,2448,606]
[null,null,null,null,null,null,null,null,null,null,null,null,null,null,null,null,null,null,null,null,null,null,null,"ΑΟ Π ΦΑΛΗΡΟΥ",420,"ΙΑ",null,null,null,"ΜΠΑΤΣΙΟΣ Κ",null,"Ε1S-16-wo",0,null,"42776Ε3 06η (ΣΤ)261Sα14","2017-02-10","Ε3 06η (ΣΤ)",261,"ΑΕΤ ΝΙΚΗ ΠΑΤΡΩΝ","S","α14",6,2449,606]
[null,null,null,null,null,null,null,null,null,null,null,null,null,null,null,null,null,null,null,null,null,null,null,"ΑΟ ΠΑΡΑΔΕΙΣΟΣ ΑΜΑΡΟΥΣΙΟΥ",482,"Η",null,null,null,"ΝΙΚΗΦΟΡΑΚΗΣ Σ",null,"Ε1D-16-1st",30,null,"42776Ε3 06η (ΣΤ)261Sα16","2017-02-10","Ε3 06η (ΣΤ)",261,"ΑΕΤ ΝΙΚΗ ΠΑΤΡΩΝ","S","α16",7,2450,606]
[null,null,null,null,null,null,null,null,null,null,null,null,null,null,null,null,null,null,null,null,null,null,null,"ΑΟ ΠΑΡΓΑΣ",468,"Δ",null,null,null,"ΝΤΑΛΑΜΑΓΚΑ Β",null,"Ε1D-16-2nd",26,null,"42776Ε3 06η (ΣΤ)261Sκ12","2017-02-10","Ε3 06η (ΣΤ)",261,"ΑΕΤ ΝΙΚΗ ΠΑΤΡΩΝ","S","κ12",9,2451,606]
[null,null,null,null,null,null,null,null,null,null,null,null,null,null,null,null,null,null,null,null,null,null,null,"ΑΟ ΠΕΥΚΗΣ TIE BREAK",329,"Η",null,null,null,"ΝΤΙΝΟΠΟΥΛΟΣ Π",null,"Ε1D-16-3_4",16,null,"42776Ε3 06η (ΣΤ)261Sκ14","2017-02-10","Ε3 06η (ΣΤ)",261,"ΑΕΤ ΝΙΚΗ ΠΑΤΡΩΝ","S","κ14",10,2452,606]
[null,null,null,null,null,null,null,null,null,null,null,null,null,null,null,null,null,null,null,null,null,null,null,"ΑΟ ΠΟΣΕΙΔΩΝ ΛΟΥΤΡΑΚΙΟΥ",265,"ΣΤ",null,null,null,"ΟΥΛΑΣΟΓΛΟΥ Ν",null,"Ε1D-16-5_8",10,null,{"$f":"AJ67&AK67&AL67&AN67&AO67","v":"42776Ε3 06η (ΣΤ)261Sκ16"},"2017-02-10","Ε3 06η (ΣΤ)",261,"ΑΕΤ ΝΙΚΗ ΠΑΤΡΩΝ","S","κ16",11,2453,606]
[null,null,null,null,null,null,null,null,null,null,null,null,null,null,null,null,null,null,null,null,null,null,null,"ΑΟ ΣΙΚΥΩΝΟΣ ΚΙΑΤΟΥ",266,"ΣΤ",null,null,null,"ΟΥΝΑΝΙΔΟΥ Λ",null,"Ε1D-16-9_16",8,null,"42783Ε3 07η (Γ)186Sα12","2017-02-17","Ε3 07η (Γ)",186,"ΟΑ ΒΕΡΟΙΑΣ","S","α12",5,2454,607]
[null,null,null,null,null,null,null,null,null,null,null,null,null,null,null,null,null,null,null,null,null,null,null,"ΑΟ ΤΑΤΑΥΛΑ ΚΩΝΣΤ",421,"ΙΑ",null,null,null,"ΟΥΡΑΝΙΔΗΣ Φ",null,"Ε1D-16-17_32",0,null,"42783Ε3 07η (Γ)181Sκ12","2017-02-17","Ε3 07η (Γ)",181,"ΓΑΣ ΚΑΡΑΤΕ ΕΡΜΗΣ","S","κ12",9,2455,607]
[null,null,null,null,null,null,null,null,null,null,null,null,null,null,null,null,null,null,null,null,null,null,null,"ΑΟ ΤΑΤΟΪΟΥ",330,"Η",null,null,null,"ΠΑΛΑΙΣΤΗ Γ",null,"Ε1D-16-wo",0,null,"42783Ε3 07η (Γ)186Sκ16","2017-02-17","Ε3 07η (Γ)",186,"ΟΑ ΒΕΡΟΙΑΣ","S","κ16",11,2456,607]
[null,null,null,null,null,null,null,null,null,null,null,null,null,null,null,null,null,null,null,null,null,null,null,"ΑΟ ΤΕΡΨΙΘΕΑΣ ΓΛΥΦΑΔΑΣ",422,"ΙΑ",null,null,null,"ΠΑΛΑΙΣΤΗ Ν",null,"Ε1S-18-1st",150,null,"42783Ε3 07η (Ζ)309Sα12","2017-02-17","Ε3 07η (Ζ)",309,"ΟΑ ΣΟΥΔΑΣ","S","α12",5,2457,608]
[null,null,null,null,null,null,null,null,null,null,null,null,null,null,null,null,null,null,null,null,null,null,null,"ΑΟ ΦΙΛΙΠΠΟΣ ΠΟΛΥΔΡΟΣΟΥ",331,"Η",null,null,null,"ΠΑΛΑΙΣΤΗ Χ",null,"Ε1S-18-2nd",125,null,"42783Ε3 07η (Ζ)310Sα14","2017-02-17","Ε3 07η (Ζ)",310,"ΟΑ ΧΑΝΙΩΝ","S","α14",6,2458,608]
[null,null,null,null,null,null,null,null,null,null,null,null,null,null,null,null,null,null,null,null,null,null,null,"ΑΟ ΦΟΥΡΕΣΙ ΓΛ ΝΕΡΩΝ",483,"Η",null,null,null,"ΠΑΝΤΕΛΙΔΗΣ Σ",null,"Ε1S-18-3_4",75,null,"42783Ε3 07η (Ζ)309Sα16","2017-02-17","Ε3 07η (Ζ)",309,"ΟΑ ΣΟΥΔΑΣ","S","α16",7,2459,608]
[null,null,null,null,null,null,null,null,null,null,null,null,null,null,null,null,null,null,null,null,null,null,null,"ΑΟ ΧΡΥΣΟΥΠΟΛΗΣ",104,"Α",null,null,null,"ΠΑΠΑΒΑΣΙΛΕΙΟΥ Χ",null,"Ε1S-18-5_8",50,null,"42783Ε3 07η (Ζ)309Sκ12","2017-02-17","Ε3 07η (Ζ)",309,"ΟΑ ΣΟΥΔΑΣ","S","κ12",9,2460,608]
[null,null,null,null,null,null,null,null,null,null,null,null,null,null,null,null,null,null,null,null,null,null,null,"ΑΟΑ ΑΙΓΑΛΕΩ 92",373,"Θ",null,null,null,"ΠΑΠΑΝΙΚΟΛΑΟΥ Γ",null,"Ε1S-18-9_16",37.5,null,"42783Ε3 07η (Ζ)298Sκ14","2017-02-17","Ε3 07η (Ζ)",298,"ΑΚΑΔ ΑΝΤΙΣΦ ΧΑΝΙΩΝ","S","κ14",10,2461,608]
[null,null,null,null,null,null,null,null,null,null,null,null,null,null,null,null,null,null,null,null,null,null,null,"ΑΟΑ ΑΛΕΞΑΝΔΡΟΣ Β",333,"Η",null,null,null,"ΠΑΠΑΧΡΗΣΤΟΥ Δ",null,"Ε1S-18-17_32",5,null,"42783Ε3 07η (Ζ)309Sκ16","2017-02-17","Ε3 07η (Ζ)",309,"ΟΑ ΣΟΥΔΑΣ","S","κ16",11,2462,608]
[null,null,null,null,null,null,null,null,null,null,null,null,null,null,null,null,null,null,null,null,null,null,null,"ΑΟΑ ΑΜΠΕΛ ΜΕΝΕΜΕΝΗΣ",128,"Β",null,null,null,"ΠΑΠΠΑΣ Α",null,"Ε1S-18-q8",10,null,"42784Ε3 07η (Γ)181Sα16","2017-02-18","Ε3 07η (Γ)",181,"ΓΑΣ ΚΑΡΑΤΕ ΕΡΜΗΣ","S","α16",7,2463,609]
[null,null,null,null,null,null,null,null,null,null,null,null,null,null,null,null,null,null,null,null,null,null,null,"ΑΟΑ ΑΡΓΥΡΟΥΠΟΛΗΣ",423,"ΙΑ",null,null,null,"ΠΑΠΠΑΣ Π",null,"Ε1S-18-q16",10,null,"42786ITF (BAVARIAN)14Dα18","2017-02-20","ITF (BAVARIAN)",14,"ITF","D","α18",16,2464,610]
[null,null,null,null,null,null,null,null,null,null,null,null,null,null,null,null,null,null,null,null,null,null,null,"ΑΟΑ ΑΣΤΕΡΑΣ ΘΕΣ",129,"Β",null,null,null,"ΠΑΤΡΙΚΙΟΣ Ν",null,"Ε1S-18-q8/2",5,null,"42786TE (BAKU JUNIOR)15Sα14","2017-02-20","TE (BAKU JUNIOR)",15,"Tennis Europe","S","α14",6,2465,611]
[null,null,null,null,null,null,null,null,null,null,null,null,null,null,null,null,null,null,null,null,null,null,null,"ΑΟΑ ΑΤΤΙΚΟΣ ΗΛΙΟΣ",334,"Η",null,null,null,"ΠΑΤΣΟΥΡΑΚΟΥ Δ",null,"Ε1S-18-q32",5,null,"42786TE (BAKU JUNIOR)15Dα14","2017-02-20","TE (BAKU JUNIOR)",15,"Tennis Europe","D","α14",14,2466,611]
[null,null,null,null,null,null,null,null,null,null,null,null,null,null,null,null,null,null,null,null,null,null,null,"ΑΟΑ ΔΗΜΟΥ ΕΛΕΥΘΕΡΩΝ",105,"Α",null,null,null,"ΠΕΡΝΑΓΚΙΔΗ Γ",null,"Ε1S-18-33_64",0,null,"42791Ε2α (Ε)256Sα12","2017-02-25","Ε2α (Ε)",256,"ΦΘΙΩΤΙΚΟΣ ΟΑ","S","α12",5,2467,612]
[null,null,null,null,null,null,null,null,null,null,null,null,null,null,null,null,null,null,null,null,null,null,null,"ΑΟΑ ΕΛΕΥΣΙΝΑΣ",441,"Θ",null,null,null,"ΠΟΝΤΙΔΑΣ Α",null,"Ε1S-18-q",0,null,"42791Ε2α (Ε)256Dα12","2017-02-25","Ε2α (Ε)",256,"ΦΘΙΩΤΙΚΟΣ ΟΑ","D","α12",13,2468,612]
[null,null,null,null,null,null,null,null,null,null,null,null,null,null,null,null,null,null,null,null,null,null,null,"ΑΟΑ ΗΛΙΟΥΠΟΛΗΣ",424,"ΙΑ",null,null,null,"ΠΡΑΣΙΝΟΣ Β",null,"Ε1S-18-q64",0,null,"42791Ε2α (Ε)244Sα14","2017-02-25","Ε2α (Ε)",244,"ΟΑ ΜΑΓΝΗΣΙΑΣ","S","α14",6,2469,612]
[null,null,null,null,null,null,null,null,null,null,null,null,null,null,null,null,null,null,null,null,null,null,null,"ΑΟΑ ΚΑΒΑΛΑΣ",106,"Α",null,null,null,"ΠΡΙΤΣΚΑΣ Π",null,"Ε1S-18-q128",0,null,"42791Ε2α (Ε)244Dα14","2017-02-25","Ε2α (Ε)",244,"ΟΑ ΜΑΓΝΗΣΙΑΣ","D","α14",14,2470,612]
[null,null,null,null,null,null,null,null,null,null,null,null,null,null,null,null,null,null,null,null,null,null,null,"ΑΟΑ ΚΑΒΟΥΡΙΟΥ",442,"ΙΑ",null,null,null,"ΣΑΚΚΑΣ Β",null,"Ε1S-18-q256",0,null,"42791Ε2α (Ε)244Sα16","2017-02-25","Ε2α (Ε)",244,"ΟΑ ΜΑΓΝΗΣΙΑΣ","S","α16",7,2471,612]
[null,null,null,null,null,null,null,null,null,null,null,null,null,null,null,null,null,null,null,null,null,null,null,"ΑΟΑ ΚΑΙΣΑΡΙΑΝΗΣ",390,"Θ",null,null,null,"ΣΑΜΑΡΑ Ε",null,"Ε1S-18-wo",0,null,"42791Ε2α (Ε)244Dα16","2017-02-25","Ε2α (Ε)",244,"ΟΑ ΜΑΓΝΗΣΙΑΣ","D","α16",15,2472,612]
[null,null,null,null,null,null,null,null,null,null,null,null,null,null,null,null,null,null,null,null,null,null,null,"ΑΟΑ ΚΑΣΤΟΡΙΑΣ",463,"Γ",null,null,null,"ΣΑΡΑΤΖΙΔΗΣ Δ",null,"Ε1D-18-1st",37.5,null,"42791Ε2α (Ε)256Sκ12","2017-02-25","Ε2α (Ε)",256,"ΦΘΙΩΤΙΚΟΣ ΟΑ","S","κ12",9,2473,612]
[null,null,null,null,null,null,null,null,null,null,null,null,null,null,null,null,null,null,null,null,null,null,null,"ΑΟΑ ΚΑΤΕΡΙΝΗΣ",171,"Γ",null,null,null,"ΣΑΧΠΑΤΖΙΔΗΣ Γ",null,"Ε1D-18-2nd",32.5,null,"42791Ε2α (Ε)256Dκ12","2017-02-25","Ε2α (Ε)",256,"ΦΘΙΩΤΙΚΟΣ ΟΑ","D","κ12",17,2474,612]
[null,null,null,null,null,null,null,null,null,null,null,null,null,null,null,null,null,null,null,null,null,null,null,"ΑΟΑ ΚΟΖΑΝΗΣ",464,"Γ",null,null,null,"ΣΙΑΠΑΤΗΣ Γ",null,"Ε1D-18-3_4",20,null,"42791Ε2α (Ε)244Sκ14","2017-02-25","Ε2α (Ε)",244,"ΟΑ ΜΑΓΝΗΣΙΑΣ","S","κ14",10,2475,612]
[null,null,null,null,null,null,null,null,null,null,null,null,null,null,null,null,null,null,null,null,null,null,null,"ΑΟΑ ΛΕ ΡΑΚΕΤ",130,"Β",null,null,null,"ΣΙΟΝΤΗ Η",null,"Ε1D-18-5_8",12.5,null,"42791Ε2α (Ε)244Dκ14","2017-02-25","Ε2α (Ε)",244,"ΟΑ ΜΑΓΝΗΣΙΑΣ","D","κ14",18,2476,612]
[null,null,null,null,null,null,null,null,null,null,null,null,null,null,null,null,null,null,null,null,null,null,null,"ΑΟΑ ΜΕΓΑΛΟΠΟΛΗΣ",267,"ΣΤ",null,null,null,"ΣΙΡΠΟΣ Π",null,"Ε1D-18-9_16",10,null,"42791Ε2α (Ε)244Sκ16","2017-02-25","Ε2α (Ε)",244,"ΟΑ ΜΑΓΝΗΣΙΑΣ","S","κ16",11,2477,612]
[null,null,null,null,null,null,null,null,null,null,null,null,null,null,null,null,null,null,null,null,null,null,null,"ΑΟΑ Ν ΠΕΡΑΜΟΥ ΤΙΤΑΝΕΣ",107,"Α",null,null,null,"ΣΚΟΥΡΤΙΑΣ Ε",null,"Ε1D-18-wo",0,null,"42791Ε2α (Ε)244Dκ16","2017-02-25","Ε2α (Ε)",244,"ΟΑ ΜΑΓΝΗΣΙΑΣ","D","κ16",19,2478,612]
[null,null,null,null,null,null,null,null,null,null,null,null,null,null,null,null,null,null,null,null,null,null,null,"ΑΟΑ ΠΑΠΑΓΟΥ",425,"ΙΑ",null,null,null,"ΣΠΑΘΗΣ Μ",null,"Ε1D-18-17_32",0,null,"42791Ε2α (Ζ)305Sα12","2017-02-25","Ε2α (Ζ)",305,"ΗΡΑΚΛΕΙΟ ΟΑΑ","S","α12",5,2479,613]
[null,null,null,null,null,null,null,null,null,null,null,null,null,null,null,null,null,null,null,null,null,null,null,"ΑΟΑ ΠΑΤΡΩΝ",268,"ΣΤ",null,null,null,"ΣΤΑΜΑΤΙΑΔΗΣ Γ",null,"Ε2S-12-1st",15,null,"42791Ε2α (Ζ)305Dα12","2017-02-25","Ε2α (Ζ)",305,"ΗΡΑΚΛΕΙΟ ΟΑΑ","D","α12",13,2480,613]
[null,null,null,null,null,null,null,null,null,null,null,null,null,null,null,null,null,null,null,null,null,null,null,"ΑΟΑ ΠΟΣΕΙΔΩΝ ΘΕΣ",131,"Β",null,null,null,"ΣΤΑΜΑΤΙΑΔΟΥ Ε",null,"Ε2S-12-2nd",12.5,null,"42791Ε2α (Ζ)305Sα14","2017-02-25","Ε2α (Ζ)",305,"ΗΡΑΚΛΕΙΟ ΟΑΑ","S","α14",6,2481,613]
[null,null,null,null,null,null,null,null,null,null,null,null,null,null,null,null,null,null,null,null,null,null,null,"ΑΟΑ ΠΡΩΤΑΘΛ ΚΑΒΑΛΑΣ",108,"Α",null,null,null,"ΣΤΑΦΥΛΙΔΗΣ Α",null,"Ε2S-12-3_4",7.5,null,"42791Ε2α (Ζ)305Dα14","2017-02-25","Ε2α (Ζ)",305,"ΗΡΑΚΛΕΙΟ ΟΑΑ","D","α14",14,2482,613]
[null,null,null,null,null,null,null,null,null,null,null,null,null,null,null,null,null,null,null,null,null,null,null,"ΑΟΑ ΡΕΘΥΜΝΟ ΤΚ",476,"Ζ",null,null,null,"ΣΤΕΦΑΝΙΔΗΣ Γ",null,"Ε2S-12-5_8",5,null,"42791Ε2α (Ζ)305Sα16","2017-02-25","Ε2α (Ζ)",305,"ΗΡΑΚΛΕΙΟ ΟΑΑ","S","α16",7,2483,613]
[null,null,null,null,null,null,null,null,null,null,null,null,null,null,null,null,null,null,null,null,null,null,null,"ΑΟΑ ΣΤΑΥΡΟΥΠΟΛΗΣ ΙΦΙΤΟΣ",132,"Β",null,null,null,"ΣΤΟΛΗ Κ",null,"Ε2S-12-9_16",4,null,"42791Ε2α (Ζ)305Dα16","2017-02-25","Ε2α (Ζ)",305,"ΗΡΑΚΛΕΙΟ ΟΑΑ","D","α16",15,2484,613]
[null,null,null,null,null,null,null,null,null,null,null,null,null,null,null,null,null,null,null,null,null,null,null,"ΑΟΑ ΥΕΛΟΥ",335,"Η",null,null,null,"ΤΑΜΠΟΣΗ Τ",null,"Ε2S-12-17_32",0.5,null,"42791Ε2α (Ζ)305Sκ12","2017-02-25","Ε2α (Ζ)",305,"ΗΡΑΚΛΕΙΟ ΟΑΑ","S","κ12",9,2485,613]
[null,null,null,null,null,null,null,null,null,null,null,null,null,null,null,null,null,null,null,null,null,null,null,"ΑΟΑ ΦΙΛΟΘΕΗΣ",336,"Η",null,null,null,"ΤΑΡΑΜΟΝΛΗΣ Ι",null,"Ε2S-12-q8",1,null,"42791Ε2α (Ζ)305Dκ12","2017-02-25","Ε2α (Ζ)",305,"ΗΡΑΚΛΕΙΟ ΟΑΑ","D","κ12",17,2486,613]
[null,null,null,null,null,null,null,null,null,null,null,null,null,null,null,null,null,null,null,null,null,null,null,"ΑΟΑ Χ ΤΡΙΠΟΛΗΣ",500,"ΣΤ",null,null,null,"ΤΖΙΓΚΟΥΝΑΚΗΣ Κ",null,"Ε2S-12-q16",1,null,"42791Ε2α (Ζ)305Sκ14","2017-02-25","Ε2α (Ζ)",305,"ΗΡΑΚΛΕΙΟ ΟΑΑ","S","κ14",10,2487,613]
[null,null,null,null,null,null,null,null,null,null,null,null,null,null,null,null,null,null,null,null,null,null,null,"ΑΟΑ ΧΑΪΔΑΡΙΟΥ",374,"Θ",null,null,null,"ΤΖΟΒΑΡΑΣ Ν",null,"Ε2S-12-q8/2",0.5,null,"42791Ε2α (Ζ)305Dκ14","2017-02-25","Ε2α (Ζ)",305,"ΗΡΑΚΛΕΙΟ ΟΑΑ","D","κ14",18,2488,613]
[null,null,null,null,null,null,null,null,null,null,null,null,null,null,null,null,null,null,null,null,null,null,null,"ΑΠΜΣ ΑΣΚΗΣΗ ΗΡΑΚΛΕΙΟΥ",302,"Ζ",null,null,null,"ΤΟΚΑΤΛΙΔΗΣ Χ",null,"Ε2S-12-q32",0.5,null,"42791Ε2α (Ζ)305Sκ16","2017-02-25","Ε2α (Ζ)",305,"ΗΡΑΚΛΕΙΟ ΟΑΑ","S","κ16",11,2489,613]
[null,null,null,null,null,null,null,null,null,null,null,null,null,null,null,null,null,null,null,null,null,null,null,"ΑΠΟ ΣΑΝΗ",337,"Η",null,null,null,"ΤΟΥΤΟΥΚΤΣΗΣ Ε",null,"Ε2S-12-33_64",0,null,"42791Ε2α (Ζ)305Dκ16","2017-02-25","Ε2α (Ζ)",305,"ΗΡΑΚΛΕΙΟ ΟΑΑ","D","κ16",19,2490,613]
[null,null,null,null,null,null,null,null,null,null,null,null,null,null,null,null,null,null,null,null,null,null,null,"ΑΡΚΑΔΙΚΟΣ ΟΑ ΑΤΛΑΣ",270,"ΣΤ",null,null,null,"ΤΡΙΚΚΑ-ΨΩΜΑ Δ",null,"Ε2S-12-q",0,null,"42791Ε2α (ΣΤ)294Sα12","2017-02-25","Ε2α (ΣΤ)",294,"ΣΑ ΤΡΙΠΟΛΗΣ","S","α12",5,2491,614]
[null,null,null,null,null,null,null,null,null,null,null,null,null,null,null,null,null,null,null,null,null,null,null,"ΑΣ ΑΘΛΟΠΑΙΔΕΙΑ ΝΑΞΟΥ",509,"Η",null,null,null,"ΤΣΑΓΛΙΩΤΗΣ Ε",null,"Ε2S-12-q64",0,null,"42791Ε2α (ΣΤ)294Dα12","2017-02-25","Ε2α (ΣΤ)",294,"ΣΑ ΤΡΙΠΟΛΗΣ","D","α12",13,2492,614]
[null,null,null,null,null,null,null,null,null,null,null,null,null,null,null,null,null,null,null,null,null,null,null,"ΑΣ ΑΚΑΔ ΠΡΩΤΑΘΛ ΠΕΥΚΩΝ",133,"Β",null,null,null,"ΤΣΑΡΚΝΙΑΣ Π",null,"Ε2S-12-q128",0,null,"42791Ε2α (ΣΤ)260Sα14","2017-02-25","Ε2α (ΣΤ)",260,"ΑΕΚ ΤΡΙΠΟΛΗΣ","S","α14",6,2493,614]
[null,null,null,null,null,null,null,null,null,null,null,null,null,null,null,null,null,null,null,null,null,null,null,"ΑΣ ΑΚΡΟΠΟΛΙΣ",338,"Η",null,null,null,"ΤΣΑΡΚΝΙΑΣ Σ",null,"Ε2S-12-q256",0,null,"42791Ε2α (ΣΤ)260Dα14","2017-02-25","Ε2α (ΣΤ)",260,"ΑΕΚ ΤΡΙΠΟΛΗΣ","D","α14",14,2494,614]
[null,null,null,null,null,null,null,null,null,null,null,null,null,null,null,null,null,null,null,null,null,null,null,"ΑΣ ΑΝΤΙΣΦΑΙΡΙΣΗ κ ΖΩΗ",444,"Ε",null,null,null,"ΤΣΙΑΡΤΑΣ Β",null,"Ε2S-12-wo",0,null,"42791Ε2α (ΣΤ)294Sα16","2017-02-25","Ε2α (ΣΤ)",294,"ΣΑ ΤΡΙΠΟΛΗΣ","S","α16",7,2495,614]
[null,null,null,null,null,null,null,null,null,null,null,null,null,null,null,null,null,null,null,null,null,null,null,"ΑΣ ΑΠΟΛΛΩΝ ΚΑΛΥΜΝΟΥ",375,"Θ",null,null,null,"ΤΣΟΥΛΦΑ Α",null,"Ε2D-12-1st",4,null,"42791Ε2α (ΣΤ)294Dα16","2017-02-25","Ε2α (ΣΤ)",294,"ΣΑ ΤΡΙΠΟΛΗΣ","D","α16",15,2496,614]
[null,null,null,null,null,null,null,null,null,null,null,null,null,null,null,null,null,null,null,null,null,null,null,"ΑΣ ΑΣΤΕΡΑΣ ΠΕΝΤΕΛΙΚΟΥ",484,"Η",null,null,null,"ΦΟΝΔΟΥΛΑΚΟΣ Μ",null,"Ε2D-12-2nd",3,null,"42791Ε2α (ΣΤ)294Sκ12","2017-02-25","Ε2α (ΣΤ)",294,"ΣΑ ΤΡΙΠΟΛΗΣ","S","κ12",9,2497,614]
[null,null,null,null,null,null,null,null,null,null,null,null,null,null,null,null,null,null,null,null,null,null,null,"ΑΣ ΒΑ ΚΥΝΟΥΡΙΑΣ ΑΙΟΛΟΣ",271,"ΣΤ",null,null,null,"ΧΑΝΤΖΗΣ Δ",null,"Ε2D-12-3_4",2,null,"42791Ε2α (ΣΤ)294Dκ12","2017-02-25","Ε2α (ΣΤ)",294,"ΣΑ ΤΡΙΠΟΛΗΣ","D","κ12",17,2498,614]
[null,null,null,null,null,null,null,null,null,null,null,null,null,null,null,null,null,null,null,null,null,null,null,"ΑΣ ΒΕΡΟΙΑΣ ΗΜΑΘΙΩΝ",173,"Γ",null,null,null,"ΧΑΡΜΑΝΑΣ Α",null,"Ε2D-12-5_8",1.5,null,"42791Ε2α (ΣΤ)260Sκ14","2017-02-25","Ε2α (ΣΤ)",260,"ΑΕΚ ΤΡΙΠΟΛΗΣ","S","κ14",10,2499,614]
[null,null,null,null,null,null,null,null,null,null,null,null,null,null,null,null,null,null,null,null,null,null,null,"ΑΣ Δ ΚΟΛΛΕΓΙΟΥ ICBS 2009",134,"Β",null,null,null,"ΧΑΤΖΗΜΕΝΤΩΡ Α",null,"Ε2D-12-9_16",1,null,"42791Ε2α (ΣΤ)294Sκ16","2017-02-25","Ε2α (ΣΤ)",294,"ΣΑ ΤΡΙΠΟΛΗΣ","S","κ16",11,2500,614]
[null,null,null,null,null,null,null,null,null,null,null,null,null,null,null,null,null,null,null,null,null,null,null,"ΑΣ Η ΠΑΡΝΗΘΑ",376,"Θ",null,null,null,"ΧΡΙΣΤΟΠΟΥΛΟΣ Χ",null,"Ε2D-12-17_32",0,null,"42791Ε2α (ΣΤ)294Dκ16","2017-02-25","Ε2α (ΣΤ)",294,"ΣΑ ΤΡΙΠΟΛΗΣ","D","κ16",19,2501,614]
[null,null,null,null,null,null,null,null,null,null,null,null,null,null,null,null,null,null,null,null,null,null,null,"ΑΣ ΚΑΡΠΕΝΗΣΙ ΤΕΝΙΣ ΚΛΑΜΠ",224,"Ε",null,null,null,"ΧΡΟΝΗ Ο",null,"Ε2D-12-wo",0,null,"42793TE (LE CHAMBON)15Sα16","2017-02-27","TE (LE CHAMBON)",15,"Tennis Europe","S","α16",7,2502,615]
[null,null,null,null,null,null,null,null,null,null,null,null,null,null,null,null,null,null,null,null,null,null,null,"ΑΣ ΚΟΛΛΕΓΙΟΥ ΝΤΕΡΗ",340,"Η",null,null,null,null,null,"Ε2S-14-1st",30,null,"42793TE (LE CHAMBON)15Dα16","2017-02-27","TE (LE CHAMBON)",15,"Tennis Europe","D","α16",15,2503,615]
[null,null,null,null,null,null,null,null,null,null,null,null,null,null,null,null,null,null,null,null,null,null,null,"ΑΣ ΜΑΧΗΤΕΣ ΠΕΥΚΩΝ",135,"Β",null,null,null,null,null,"Ε2S-14-2nd",25,null,"42797Ε3 09η (Α)122Sα12","2017-03-03","Ε3 09η (Α)",122,"ΣΕΡΡΑΪΚΟΣ ΟΑ","S","α12",5,2504,616]
[null,null,null,null,null,null,null,null,null,null,null,null,null,null,null,null,null,null,null,null,null,null,null,"ΑΣ Ν ΒΟΥΤΖΑ ΠΡΟΟΔΟΣ",341,"Η",null,null,null,null,null,"Ε2S-14-3_4",15,null,"42797Ε3 09η (Α)122Sα14","2017-03-03","Ε3 09η (Α)",122,"ΣΕΡΡΑΪΚΟΣ ΟΑ","S","α14",6,2505,616]
[null,null,null,null,null,null,null,null,null,null,null,null,null,null,null,null,null,null,null,null,null,null,null,"ΑΣ ΝΗΡΕΑΣ ΒΕΡΟΙΑΣ",174,"Γ",null,null,null,null,null,"Ε2S-14-5_8",10,null,"42797Ε3 09η (Α)122Sα16","2017-03-03","Ε3 09η (Α)",122,"ΣΕΡΡΑΪΚΟΣ ΟΑ","S","α16",7,2506,616]
[null,null,null,null,null,null,null,null,null,null,null,null,null,null,null,null,null,null,null,null,null,null,null,"ΑΣ ΝΙΚΗ ΑΓ ΔΗΜΗΤΡΙΟΥ",507,"ΙΑ",null,null,null,null,null,"Ε2S-14-9_16",7.5,null,"42797Ε3 09η (Α)122Sκ12","2017-03-03","Ε3 09η (Α)",122,"ΣΕΡΡΑΪΚΟΣ ΟΑ","S","κ12",9,2507,616]
[null,null,null,null,null,null,null,null,null,null,null,null,null,null,null,null,null,null,null,null,null,null,null,"ΑΣ ΟΛΥΜΠ ΧΩΡΙΟΥ Ο ΦΟΙΒΟΣ",377,"Θ",null,null,null,null,null,"Ε2S-14-17_32",1,null,"42797Ε3 09η (Α)122Sκ14","2017-03-03","Ε3 09η (Α)",122,"ΣΕΡΡΑΪΚΟΣ ΟΑ","S","κ14",10,2508,616]
[null,null,null,null,null,null,null,null,null,null,null,null,null,null,null,null,null,null,null,null,null,null,null,"ΑΣ ΟΡΦΕΑΣ ΛΑΡΙΣΑΣ",225,"Ε",null,null,null,null,null,"Ε2S-14-q8",2,null,"42797Ε3 09η (Α)122Sκ16","2017-03-03","Ε3 09η (Α)",122,"ΣΕΡΡΑΪΚΟΣ ΟΑ","S","κ16",11,2509,616]
[null,null,null,null,null,null,null,null,null,null,null,null,null,null,null,null,null,null,null,null,null,null,null,"ΑΣ ΠΑΝΟΡΑΜΑ",136,"Β",null,null,null,null,null,"Ε2S-14-q16",2,null,"42797Ε3 09η (Γ)185Sα14","2017-03-03","Ε3 09η (Γ)",185,"ΟΑ ΑΡΙΔΑΙΑΣ","S","α14",6,2510,617]
[null,null,null,null,null,null,null,null,null,null,null,null,null,null,null,null,null,null,null,null,null,null,null,"ΑΣ ΠΑΠΑΓΟΥ",498,"ΙΑ",null,null,null,null,null,"Ε2S-14-q8/2",1,null,"42797Ε3 09η (Γ)185Sκ14","2017-03-03","Ε3 09η (Γ)",185,"ΟΑ ΑΡΙΔΑΙΑΣ","S","κ14",10,2511,617]
[null,null,null,null,null,null,null,null,null,null,null,null,null,null,null,null,null,null,null,null,null,null,null,"ΑΣ ΠΕΝΤΕΛΗΣ ΑΣΤΕΡΑΣ",445,"Η",null,null,null,null,null,"Ε2S-14-q32",1,null,"42797Ε3 09η (Ε)245Sα12","2017-03-03","Ε3 09η (Ε)",245,"ΟΑ ΝΙΚΑΙΑ ΛΑΡΙΣΑΣ","S","α12",5,2512,618]
[null,null,null,null,null,null,null,null,null,null,null,null,null,null,null,null,null,null,null,null,null,null,null,"ΑΣ ΠΕΡΑ",427,"ΙΑ",null,null,null,null,null,"Ε2S-14-33_64",0,null,"42797Ε3 09η (Ε)245Sα16","2017-03-03","Ε3 09η (Ε)",245,"ΟΑ ΝΙΚΑΙΑ ΛΑΡΙΣΑΣ","S","α16",7,2513,618]
[null,null,null,null,null,null,null,null,null,null,null,null,null,null,null,null,null,null,null,null,null,null,null,"ΑΣ ΠΙΕΡΙΑ ΤΕΝΙΣ",465,"Γ",null,null,null,null,null,"Ε2S-14-q",0,null,"42797Ε3 09η (Ε)245Sκ12","2017-03-03","Ε3 09η (Ε)",245,"ΟΑ ΝΙΚΑΙΑ ΛΑΡΙΣΑΣ","S","κ12",9,2514,618]
[null,null,null,null,null,null,null,null,null,null,null,null,null,null,null,null,null,null,null,null,null,null,null,"ΑΣ ΣΠΑΡΤΑΚΟΣ ΓΛΥΦΑΔΑΣ",428,"ΙΑ",null,null,null,null,null,"Ε2S-14-q64",0,null,"42797Ε3 09η (Ε)245Sκ16","2017-03-03","Ε3 09η (Ε)",245,"ΟΑ ΝΙΚΑΙΑ ΛΑΡΙΣΑΣ","S","κ16",11,2515,618]
[null,null,null,null,null,null,null,null,null,null,null,null,null,null,null,null,null,null,null,null,null,null,null,"ΑΣ ΤΕΝΙΣ ΚΛΑΜΠ ΚΟΖΑΝΗΣ",176,"Γ",null,null,null,null,null,"Ε2S-14-q128",0,null,"42797Ε3 09η (Ζ)307Sα14","2017-03-03","Ε3 09η (Ζ)",307,"ΟΑ ΡΕΘΥΜΝΟΥ","S","α14",6,2516,619]
[null,null,null,null,null,null,null,null,null,null,null,null,null,null,null,null,null,null,null,null,null,null,null,"ΑΣ ΦΛΟΓΑ ΑΘΗΝΩΝ",342,"Η",null,null,null,null,null,"Ε2S-14-q256",0,null,{"$f":"AJ131&AK131&AL131&AN131&AO131","v":"42797Ε3 09η (Ζ)307Sκ14"},"2017-03-03","Ε3 09η (Ζ)",307,"ΟΑ ΡΕΘΥΜΝΟΥ","S","κ14",10,2517,619]
[null,null,null,null,null,null,null,null,null,null,null,null,null,null,null,null,null,null,null,null,null,null,null,"ΑΣ ΦΠ ΑΝΑΠΛΑΣΗΣ ΦΕΡΕΝΙΚΟΣ",343,"Η",null,null,null,null,null,"Ε2S-14-wo",0,null,"42800TE (16TH REALSPORT)15Sκ16","2017-03-06","TE (16TH REALSPORT)",15,"Tennis Europe","S","κ16",11,2518,620]
[null,null,null,null,null,null,null,null,null,null,null,null,null,null,null,null,null,null,null,null,null,null,null,"ΑΣΑ ΑΓΡΙΝΙΟΥ",209,"Δ",null,null,null,null,null,"Ε2D-14-1st",8,null,"42804Ε1α (ΙΑ)424Sα12","2017-03-10","Ε1α (ΙΑ)",424,"ΑΟΑ ΗΛΙΟΥΠΟΛΗΣ","S","α12",5,2519,621]
[null,null,null,null,null,null,null,null,null,null,null,null,null,null,null,null,null,null,null,null,null,null,null,"ΑΣΑ ΓΡΕΒΕΝΩΝ",177,"Γ",null,null,null,null,null,"Ε2D-14-2nd",6,null,"42804Ε1α (ΙΑ)424Dα12","2017-03-10","Ε1α (ΙΑ)",424,"ΑΟΑ ΗΛΙΟΥΠΟΛΗΣ","D","α12",13,2520,621]
[null,null,null,null,null,null,null,null,null,null,null,null,null,null,null,null,null,null,null,null,null,null,null,"ΑΣΑ ΕΛΠΙΔΑ ΣΟΥΦΛΙΟΥ",443,"Α",null,null,null,null,null,"Ε2D-14-3_4",4,null,"42804Ε1α (ΙΑ)424Sα14","2017-03-10","Ε1α (ΙΑ)",424,"ΑΟΑ ΗΛΙΟΥΠΟΛΗΣ","S","α14",6,2521,621]
[null,null,null,null,null,null,null,null,null,null,null,null,null,null,null,null,null,null,null,null,null,null,null,"ΑΣΑ ΖΕΦΥΡΟΣ",178,"Γ",null,null,null,null,null,"Ε2D-14-5_8",3,null,"42804Ε1α (ΙΑ)424Dα14","2017-03-10","Ε1α (ΙΑ)",424,"ΑΟΑ ΗΛΙΟΥΠΟΛΗΣ","D","α14",14,2522,621]
[null,null,null,null,null,null,null,null,null,null,null,null,null,null,null,null,null,null,null,null,null,null,null,"ΑΣΑ ΘΕΣΣΑΛΟΝΙΚΗΣ",165,"Β",null,null,null,null,null,"Ε2D-14-9_16",2,null,"42804Ε1α (ΙΑ)435Sα16","2017-03-10","Ε1α (ΙΑ)",435,"ΟΑ ΓΛΥΦΑΔΑΣ","S","α16",7,2523,621]
[null,null,null,null,null,null,null,null,null,null,null,null,null,null,null,null,null,null,null,null,null,null,null,"ΑΣΑ ΛΑΡΙΣΑΣ",226,"Ε",null,null,null,null,null,"Ε2D-14-17_32",0,null,"42804Ε1α (ΙΑ)435Dα16","2017-03-10","Ε1α (ΙΑ)",435,"ΟΑ ΓΛΥΦΑΔΑΣ","D","α16",15,2524,621]
[null,null,null,null,null,null,null,null,null,null,null,null,null,null,null,null,null,null,null,null,null,null,null,"ΑΣΑ ΜΑΥΡΟΧΩΡΙΟΥ ΚΑΣΤΟΡΙΑΣ",179,"Γ",null,null,null,null,null,"Ε2D-14-wo",0,null,"42804Ε1α (ΙΑ)435Sα18","2017-03-10","Ε1α (ΙΑ)",435,"ΟΑ ΓΛΥΦΑΔΑΣ","S","α18",8,2525,621]
[null,null,null,null,null,null,null,null,null,null,null,null,null,null,null,null,null,null,null,null,null,null,null,"ΑΣΑ ΜΥΤΙΛΗΝΗΣ",491,"Θ",null,null,null,null,null,"Ε2S-16-1st",60,null,"42804Ε1α (ΙΑ)424Sκ12","2017-03-10","Ε1α (ΙΑ)",424,"ΑΟΑ ΗΛΙΟΥΠΟΛΗΣ","S","κ12",9,2526,621]
[null,null,null,null,null,null,null,null,null,null,null,null,null,null,null,null,null,null,null,null,null,null,null,"ΑΣΑ ΠΑΜΒΩΤΙΣ ΙΩΑΝΝΙΝΩΝ",210,"Δ",null,null,null,null,null,"Ε2S-16-2nd",50,null,"42804Ε1α (ΙΑ)424Dκ12","2017-03-10","Ε1α (ΙΑ)",424,"ΑΟΑ ΗΛΙΟΥΠΟΛΗΣ","D","κ12",17,2527,621]
[null,null,null,null,null,null,null,null,null,null,null,null,null,null,null,null,null,null,null,null,null,null,null,"ΑΣΑ ΠΑΝΟΡΑΜΑΤΟΣ ΠΥΛΑΙΑΣ",137,"Β",null,null,null,null,null,"Ε2S-16-3_4",30,null,"42804Ε1α (ΙΑ)424Sκ14","2017-03-10","Ε1α (ΙΑ)",424,"ΑΟΑ ΗΛΙΟΥΠΟΛΗΣ","S","κ14",10,2528,621]
[null,null,null,null,null,null,null,null,null,null,null,null,null,null,null,null,null,null,null,null,null,null,null,"ΑΣΑ ΤΡΙΚΑΛΩΝ",508,"Ε",null,null,null,null,null,"Ε2S-16-5_8",20,null,"42804Ε1α (ΙΑ)424Dκ14","2017-03-10","Ε1α (ΙΑ)",424,"ΑΟΑ ΗΛΙΟΥΠΟΛΗΣ","D","κ14",18,2529,621]
[null,null,null,null,null,null,null,null,null,null,null,null,null,null,null,null,null,null,null,null,null,null,null,"ΑΣΑ ΩΡΩΠΟΥ",344,"Η",null,null,null,null,null,"Ε2S-16-9_16",16,null,"42804Ε1α (ΙΑ)435Sκ16","2017-03-10","Ε1α (ΙΑ)",435,"ΟΑ ΓΛΥΦΑΔΑΣ","S","κ16",11,2530,621]
[null,null,null,null,null,null,null,null,null,null,null,null,null,null,null,null,null,null,null,null,null,null,null,"ΑΣΕ ΘΗΣΕΑΣ ΑΓ ΔΗΜΗΤΡΙΟΥ",417,"ΙΑ",null,null,null,null,null,"Ε2S-16-17_32",2,null,"42804Ε1α (ΙΑ)435Dκ16","2017-03-10","Ε1α (ΙΑ)",435,"ΟΑ ΓΛΥΦΑΔΑΣ","D","κ16",19,2531,621]
[null,null,null,null,null,null,null,null,null,null,null,null,null,null,null,null,null,null,null,null,null,null,null,"ΑΤ ΧΟΛΑΡΓΟΥ",429,"ΙΑ",null,null,null,null,null,"Ε2S-16-q8",4,null,"42804Ε1α (ΙΑ)435Sκ18","2017-03-10","Ε1α (ΙΑ)",435,"ΟΑ ΓΛΥΦΑΔΑΣ","S","κ18",12,2532,621]
[null,null,null,null,null,null,null,null,null,null,null,null,null,null,null,null,null,null,null,null,null,null,null,"ΑΧΑΪΚΟΣ ΟΑ",502,"ΣΤ",null,null,null,null,null,"Ε2S-16-q16",4,null,"42804Ε1α (ΙΑ)435Dκ18","2017-03-10","Ε1α (ΙΑ)",435,"ΟΑ ΓΛΥΦΑΔΑΣ","D","κ18",20,2533,621]
[null,null,null,null,null,null,null,null,null,null,null,null,null,null,null,null,null,null,null,null,null,null,null,"ΑΨΛ ΑΓ ΓΕΩΡΓΙΟΥ ΗΣΙΟΔΟΣ",227,"Ε",null,null,null,null,null,"Ε2S-16-q8/2",2,null,"42804Ε3 10η (Δ)217Sα14","2017-03-10","Ε3 10η (Δ)",217,"ΟΑ ΑΡΤΑΣ","S","α14",6,2534,622]
[null,null,null,null,null,null,null,null,null,null,null,null,null,null,null,null,null,null,null,null,null,null,null,"ΑΨΛ ΜΕΔΕΩΝ",228,"Ε",null,null,null,null,null,"Ε2S-16-q32",2,null,"42804Ε3 10η (Δ)217Sκ14","2017-03-10","Ε3 10η (Δ)",217,"ΟΑ ΑΡΤΑΣ","S","κ14",10,2535,622]
[null,null,null,null,null,null,null,null,null,null,null,null,null,null,null,null,null,null,null,null,null,null,null,"ΓΑΕ ΤΡΙΦΥΛΙΑΣ ΚΥΠΑΡΙΣΣΕΥΣ",273,"ΣΤ",null,null,null,null,null,"Ε2S-16-33_64",0,null,"42804Ε3 10η (ΣΤ)289Sα14","2017-03-10","Ε3 10η (ΣΤ)",289,"ΟΑ ΡΙΟΥ","S","α14",6,2536,623]
[null,null,null,null,null,null,null,null,null,null,null,null,null,null,null,null,null,null,null,null,null,null,null,"ΓΑΣ ΑΛΕΞΑΝΔΡΕΙΑ",466,"Γ",null,null,null,null,null,"Ε2S-16-q",0,null,"42804Ε3 10η (ΣΤ)289Sκ14","2017-03-10","Ε3 10η (ΣΤ)",289,"ΟΑ ΡΙΟΥ","S","κ14",10,2537,623]
[null,null,null,null,null,null,null,null,null,null,null,null,null,null,null,null,null,null,null,null,null,null,null,"ΓΑΣ ΓΟΥΡΝΩΝ",303,"Ζ",null,null,null,null,null,"Ε2S-16-q64",0,null,"42804Ε4α (ΙΑ)439Sα12","2017-03-10","Ε4α (ΙΑ)",439,"ΟΑ ΧΟΛΑΡΓΟΥ","S","α12",5,2538,624]
[null,null,null,null,null,null,null,null,null,null,null,null,null,null,null,null,null,null,null,null,null,null,null,"ΓΑΣ ΘΥΕΛΛΑ ΦΕΡΩΝ",109,"Α",null,null,null,null,null,"Ε2S-16-q128",0,null,"42804Ε4α (ΙΑ)439Sα14","2017-03-10","Ε4α (ΙΑ)",439,"ΟΑ ΧΟΛΑΡΓΟΥ","S","α14",6,2539,624]
[null,null,null,null,null,null,null,null,null,null,null,null,null,null,null,null,null,null,null,null,null,null,null,"ΓΑΣ ΚΑΡΑΤΕ ΕΡΜΗΣ",181,"Γ",null,null,null,null,null,"Ε2S-16-q256",0,null,"42804Ε4α (ΙΑ)424Sα16","2017-03-10","Ε4α (ΙΑ)",424,"ΑΟΑ ΗΛΙΟΥΠΟΛΗΣ","S","α16",7,2540,624]
[null,null,null,null,null,null,null,null,null,null,null,null,null,null,null,null,null,null,null,null,null,null,null,"ΓΑΣ ΜΑΓΝΗΣΙΑΣ",229,"Ε",null,null,null,null,null,"Ε2S-16-wo",0,null,"42804Ε4α (ΙΑ)439Sκ12","2017-03-10","Ε4α (ΙΑ)",439,"ΟΑ ΧΟΛΑΡΓΟΥ","S","κ12",9,2541,624]
[null,null,null,null,null,null,null,null,null,null,null,null,null,null,null,null,null,null,null,null,null,null,null,"ΓΑΣ ΝΙΓΡΙΤΑΣ ΒΙΣΑΛΤΗΣ",453,"Α",null,null,null,null,null,"Ε2D-16-1st",16,null,"42804Ε4α (ΙΑ)439Sκ14","2017-03-10","Ε4α (ΙΑ)",439,"ΟΑ ΧΟΛΑΡΓΟΥ","S","κ14",10,2542,624]
[null,null,null,null,null,null,null,null,null,null,null,null,null,null,null,null,null,null,null,null,null,null,null,"ΓΕ ΑΡΓΟΛΙΔΑΣ",503,"ΣΤ",null,null,null,null,null,"Ε2D-16-2nd",12,null,"42804Ε4α (ΙΑ)424Sκ16","2017-03-10","Ε4α (ΙΑ)",424,"ΑΟΑ ΗΛΙΟΥΠΟΛΗΣ","S","κ16",11,2543,624]
[null,null,null,null,null,null,null,null,null,null,null,null,null,null,null,null,null,null,null,null,null,null,null,"ΓΕ ΑΤΑΛΑΝΤΗΣ",471,"Ε",null,null,null,null,null,"Ε2D-16-3_4",8,null,"42812Ε3 11η (Β)152Sα12","2017-03-18","Ε3 11η (Β)",152,"ΟΑ ΚΑΛΑΜΑΡΙΑΣ","S","α12",5,2544,625]
[null,null,null,null,null,null,null,null,null,null,null,null,null,null,null,null,null,null,null,null,null,null,null,"ΓΕ ΛΑΡΙΣΑΣ",472,"Ε",null,null,null,null,null,"Ε2D-16-5_8",6,null,"42812Ε3 11η (Β)151Sα16","2017-03-18","Ε3 11η (Β)",151,"ΟΑ ΘΕΣΣΑΛΟΝΙΚΗΣ","S","α16",7,2545,625]
[null,null,null,null,null,null,null,null,null,null,null,null,null,null,null,null,null,null,null,null,null,null,null,"ΓΕ ΠΡΕΒΕΖΑΣ",211,"Δ",null,null,null,null,null,"Ε2D-16-9_16",4,null,"42812Ε3 11η (Β)152Sκ12","2017-03-18","Ε3 11η (Β)",152,"ΟΑ ΚΑΛΑΜΑΡΙΑΣ","S","κ12",9,2546,625]
[null,null,null,null,null,null,null,null,null,null,null,null,null,null,null,null,null,null,null,null,null,null,null,"ΓΟ ΠΕΡΙΣΤΕΡΙΟΥ ΠΑΛΑΣΚΑΣ",379,"Θ",null,null,null,null,null,"Ε2D-16-17_32",0,null,"42812Ε3 11η (Β)151Sκ16","2017-03-18","Ε3 11η (Β)",151,"ΟΑ ΘΕΣΣΑΛΟΝΙΚΗΣ","S","κ16",11,2547,625]
[null,null,null,null,null,null,null,null,null,null,null,null,null,null,null,null,null,null,null,null,null,null,null,"ΓΣ ΑΜΦΙΑΛΗΣ ΦΕΙΔΙΠΠΙΔΗΣ",492,"Θ",null,null,null,null,null,"Ε2D-16-wo",0,null,"42812Ε3 11η (Γ)171Sα12","2017-03-18","Ε3 11η (Γ)",171,"ΑΟΑ ΚΑΤΕΡΙΝΗΣ","S","α12",5,2548,626]
[null,null,null,null,null,null,null,null,null,null,null,null,null,null,null,null,null,null,null,null,null,null,null,"ΓΣ ΑΠΟΛΛΩΝ ΠΥΡΓΟΥ",504,"ΣΤ",null,null,null,null,null,"Ε2S-18-1st",0,null,"42812Ε3 11η (Γ)171Sα16","2017-03-18","Ε3 11η (Γ)",171,"ΑΟΑ ΚΑΤΕΡΙΝΗΣ","S","α16",7,2549,626]
[null,null,null,null,null,null,null,null,null,null,null,null,null,null,null,null,null,null,null,null,null,null,null,"ΓΣ ΕΛΕΥΘ ΚΟΡΔ ΑΡΓΟΝΑΥΤΕΣ",138,"Β",null,null,null,null,null,"Ε2S-18-2nd",0,null,"42812Ε3 11η (Γ)192Sκ12","2017-03-18","Ε3 11η (Γ)",192,"ΟΑ ΛΙΤΟΧΩΡΟΥ","S","κ12",9,2550,626]
[null,null,null,null,null,null,null,null,null,null,null,null,null,null,null,null,null,null,null,null,null,null,null,"ΓΣ ΗΛΙΟΥΠΟΛΗΣ",430,"ΙΑ",null,null,null,null,null,"Ε2S-18-3_4",0,null,"42812Ε3 11η (Γ)192Sκ16","2017-03-18","Ε3 11η (Γ)",192,"ΟΑ ΛΙΤΟΧΩΡΟΥ","S","κ16",11,2551,626]
[null,null,null,null,null,null,null,null,null,null,null,null,null,null,null,null,null,null,null,null,null,null,null,"ΓΣ ΙΤΕΑΣ",232,"Ε",null,null,null,null,null,"Ε2S-18-5_8",0,null,"42812Ε3 11η (Δ)217Sα12","2017-03-18","Ε3 11η (Δ)",217,"ΟΑ ΑΡΤΑΣ","S","α12",5,2552,627]
[null,null,null,null,null,null,null,null,null,null,null,null,null,null,null,null,null,null,null,null,null,null,null,"ΓΣ ΚΗΦΙΣΙΑΣ",345,"Η",null,null,null,null,null,"Ε2S-18-9_16",0,null,"42812Ε3 11η (Δ)217Sα16","2017-03-18","Ε3 11η (Δ)",217,"ΟΑ ΑΡΤΑΣ","S","α16",7,2553,627]
[null,null,null,null,null,null,null,null,null,null,null,null,null,null,null,null,null,null,null,null,null,null,null,"ΓΣ ΚΟΡΩΠΙΟΥ",346,"Η",null,null,null,null,null,"Ε2S-18-17_32",0,null,"42812Ε3 11η (Δ)217Sκ12","2017-03-18","Ε3 11η (Δ)",217,"ΟΑ ΑΡΤΑΣ","S","κ12",9,2554,627]
[null,null,null,null,null,null,null,null,null,null,null,null,null,null,null,null,null,null,null,null,null,null,null,"ΓΣ ΛΙΒΥΚΟΣ ΙΕΡΑΠΕΤΡΑΣ",304,"Ζ",null,null,null,null,null,"Ε2S-18-q8",0,null,"42812Ε3 11η (Δ)217Sκ16","2017-03-18","Ε3 11η (Δ)",217,"ΟΑ ΑΡΤΑΣ","S","κ16",11,2555,627]
[null,null,null,null,null,null,null,null,null,null,null,null,null,null,null,null,null,null,null,null,null,null,null,"ΓΣ Ν ΙΩΝΙΑΣ ΑΤΤΙΚΗΣ",381,"Θ",null,null,null,null,null,"Ε2S-18-q16",0,null,"42812Ε3 11η (Ε)245Sα14","2017-03-18","Ε3 11η (Ε)",245,"ΟΑ ΝΙΚΑΙΑ ΛΑΡΙΣΑΣ","S","α14",6,2556,628]
[null,null,null,null,null,null,null,null,null,null,null,null,null,null,null,null,null,null,null,null,null,null,null,"ΓΣ ΣΑΛΑΜΙΝΑΣ",493,"Θ",null,null,null,null,null,"Ε2S-18-q8/2",0,null,"42812Ε3 11η (Ε)245Sκ14","2017-03-18","Ε3 11η (Ε)",245,"ΟΑ ΝΙΚΑΙΑ ΛΑΡΙΣΑΣ","S","κ14",10,2557,628]
[null,null,null,null,null,null,null,null,null,null,null,null,null,null,null,null,null,null,null,null,null,null,null,"ΓΣ ΩΡΩΠΟΥ",485,"Η",null,null,null,null,null,"Ε2S-18-q32",0,null,"42812Ε3 11η (Ζ)307Sα12","2017-03-18","Ε3 11η (Ζ)",307,"ΟΑ ΡΕΘΥΜΝΟΥ","S","α12",5,2558,629]
[null,null,null,null,null,null,null,null,null,null,null,null,null,null,null,null,null,null,null,null,null,null,null,"ΔΑΣ ΑΝΩ ΛΙΟΣΙΩΝ",383,"Θ",null,null,null,null,null,"Ε2S-18-33_64",0,null,"42812Ε3 11η (Ζ)307Sα16","2017-03-18","Ε3 11η (Ζ)",307,"ΟΑ ΡΕΘΥΜΝΟΥ","S","α16",7,2559,629]
[null,null,null,null,null,null,null,null,null,null,null,null,null,null,null,null,null,null,null,null,null,null,null,"ΕΑΟ ΗΛΙΣ",384,"Θ",null,null,null,null,null,"Ε2S-18-q",0,null,"42812Ε3 11η (Ζ)307Sκ12","2017-03-18","Ε3 11η (Ζ)",307,"ΟΑ ΡΕΘΥΜΝΟΥ","S","κ12",9,2560,629]
[null,null,null,null,null,null,null,null,null,null,null,null,null,null,null,null,null,null,null,null,null,null,null,"ΕΑΣ ΛΑΚΚΑΣ ΣΥΜΠΟΛΙΤΕΙΑΣ",276,"ΣΤ",null,null,null,null,null,"Ε2S-18-q64",0,null,"42812Ε3 11η (Ζ)307Sκ16","2017-03-18","Ε3 11η (Ζ)",307,"ΟΑ ΡΕΘΥΜΝΟΥ","S","κ16",11,2561,629]
[null,null,null,null,null,null,null,null,null,null,null,null,null,null,null,null,null,null,null,null,null,null,null,"ΕΑΣ ΟΛΥΜΠΙΑΔΑ",139,"Β",null,null,null,null,null,"Ε2S-18-q128",0,null,"42812Ε3 11η (Η)333Sα12","2017-03-18","Ε3 11η (Η)",333,"ΑΟΑ ΑΛΕΞΑΝΔΡΟΣ Β","S","α12",5,2562,630]
[null,null,null,null,null,null,null,null,null,null,null,null,null,null,null,null,null,null,null,null,null,null,null,"ΕΑΣΑ ΘΕΣΣΑΛΙΚΟΣ",473,"Ε",null,null,null,null,null,"Ε2S-18-q256",0,null,"42812Ε3 11η (Η)333Sα14","2017-03-18","Ε3 11η (Η)",333,"ΑΟΑ ΑΛΕΞΑΝΔΡΟΣ Β","S","α14",6,2563,630]
[null,null,null,null,null,null,null,null,null,null,null,null,null,null,null,null,null,null,null,null,null,null,null,"ΕΑΤΕΚ ΕΛΛ ΚΟΛΛΕΓΙΟΥ",140,"Β",null,null,null,null,null,"Ε2S-18-wo",0,null,"42812Ε3 11η (Η)333Sα16","2017-03-18","Ε3 11η (Η)",333,"ΑΟΑ ΑΛΕΞΑΝΔΡΟΣ Β","S","α16",7,2564,630]
[null,null,null,null,null,null,null,null,null,null,null,null,null,null,null,null,null,null,null,null,null,null,null,"ΕΑΦΩ ΝΤΕΚΡΟΛΙ",459,"Β",null,null,null,null,null,"Ε2D-18-1st",0,null,"42812Ε3 11η (Η)333Sκ12","2017-03-18","Ε3 11η (Η)",333,"ΑΟΑ ΑΛΕΞΑΝΔΡΟΣ Β","S","κ12",9,2565,630]
[null,null,null,null,null,null,null,null,null,null,null,null,null,null,null,null,null,null,null,null,null,null,null,"ΕΕΠΚΑ ΕΥΡΩΪΔΕΑ ΚΑΡΔΙΤΣΑΣ",474,"Ε",null,null,null,null,null,"Ε2D-18-2nd",0,null,"42812Ε3 11η (Η)333Sκ14","2017-03-18","Ε3 11η (Η)",333,"ΑΟΑ ΑΛΕΞΑΝΔΡΟΣ Β","S","κ14",10,2566,630]
[null,null,null,null,null,null,null,null,null,null,null,null,null,null,null,null,null,null,null,null,null,null,null,"ΕΘΝΙΚΟΣ ΠΑΝΟΡΑΜΑΤΟΣ 2005",460,"Β",null,null,null,null,null,"Ε2D-18-3_4",0,null,"42812Ε3 11η (Η)333Sκ16","2017-03-18","Ε3 11η (Η)",333,"ΑΟΑ ΑΛΕΞΑΝΔΡΟΣ Β","S","κ16",11,2567,630]
[null,null,null,null,null,null,null,null,null,null,null,null,null,null,null,null,null,null,null,null,null,null,null,"ΕΣΟ ΕΠΙΚΟΥΡΟΣ ΠΟΛΙΧΝΗΣ",143,"Β",null,null,null,null,null,"Ε2D-18-5_8",0,null,"42812Ε3 11η (Θ)398Sα12","2017-03-18","Ε3 11η (Θ)",398,"ΟΑ ΠΕΤΡΟΥΠΟΛΗΣ","S","α12",5,2568,631]
[null,null,null,null,null,null,null,null,null,null,null,null,null,null,null,null,null,null,null,null,null,null,null,"ΕΦΤ ΑΙΟΛΙΚΗ",144,"Β",null,null,null,null,null,"Ε2D-18-9_16",0,null,"42812Ε3 11η (Θ)398Sα14","2017-03-18","Ε3 11η (Θ)",398,"ΟΑ ΠΕΤΡΟΥΠΟΛΗΣ","S","α14",6,2569,631]
[null,null,null,null,null,null,null,null,null,null,null,null,null,null,null,null,null,null,null,null,null,null,null,"ΖΑΚΥΝΘΙΝΟΣ ΑΟ",505,"ΣΤ",null,null,null,null,null,"Ε2D-18-wo",0,null,"42812Ε3 11η (Θ)398Sα16","2017-03-18","Ε3 11η (Θ)",398,"ΟΑ ΠΕΤΡΟΥΠΟΛΗΣ","S","α16",7,2570,631]
[null,null,null,null,null,null,null,null,null,null,null,null,null,null,null,null,null,null,null,null,null,null,null,"ΖΑΚΥΝΘΙΝΟΣ ΑΟΑ",278,"ΣΤ",null,null,null,null,null,"Ε2D-18-17_32",0,null,"42812Ε3 11η (Θ)398Sκ12","2017-03-18","Ε3 11η (Θ)",398,"ΟΑ ΠΕΤΡΟΥΠΟΛΗΣ","S","κ12",9,2571,631]
[null,null,null,null,null,null,null,null,null,null,null,null,null,null,null,null,null,null,null,null,null,null,null,"ΗΠΕΙΡΩΤΙΚΟΣ ΣΑ ΙΩΑΝΝΙΝΩΝ",469,"Δ",null,null,null,null,null,"Ε3S-12-1st",9,null,"42812Ε3 11η (Θ)398Sκ14","2017-03-18","Ε3 11η (Θ)",398,"ΟΑ ΠΕΤΡΟΥΠΟΛΗΣ","S","κ14",10,2572,631]
[null,null,null,null,null,null,null,null,null,null,null,null,null,null,null,null,null,null,null,null,null,null,null,"ΗΡΑΚΛΕΙΟ ΟΑΑ",305,"Ζ",null,null,null,null,null,"Ε3S-12-2nd",7.5,null,"42812Ε3 11η (Θ)398Sκ16","2017-03-18","Ε3 11η (Θ)",398,"ΟΑ ΠΕΤΡΟΥΠΟΛΗΣ","S","κ16",11,2573,631]
[null,null,null,null,null,null,null,null,null,null,null,null,null,null,null,null,null,null,null,null,null,null,null,"ΙΚΑΡΟΣ Ν ΣΜΥΡΝΗΣ",446,"ΙΑ",null,null,null,null,null,"Ε3S-12-3_4",4.5,null,"42812Ε3 11η (ΙΑ)423Sα12","2017-03-18","Ε3 11η (ΙΑ)",423,"ΑΟΑ ΑΡΓΥΡΟΥΠΟΛΗΣ","S","α12",5,2574,632]
[null,null,null,null,null,null,null,null,null,null,null,null,null,null,null,null,null,null,null,null,null,null,null,"ΚΑ ΑΓΡΙΝΙΟΥ",213,"Δ",null,null,null,null,null,"Ε3S-12-5_8",3,null,"42812Ε3 11η (ΙΑ)423Sα14","2017-03-18","Ε3 11η (ΙΑ)",423,"ΑΟΑ ΑΡΓΥΡΟΥΠΟΛΗΣ","S","α14",6,2575,632]
[null,null,null,null,null,null,null,null,null,null,null,null,null,null,null,null,null,null,null,null,null,null,null,"ΚΕΝΤΡΟ ΑΝΤΙΣΦ ΛΙΒΑΔΕΙΑΣ",235,"Ε",null,null,null,null,null,"Ε3S-12-9_16",2.4,null,"42812Ε3 11η (ΙΑ)423Sα16","2017-03-18","Ε3 11η (ΙΑ)",423,"ΑΟΑ ΑΡΓΥΡΟΥΠΟΛΗΣ","S","α16",7,2576,632]
[null,null,null,null,null,null,null,null,null,null,null,null,null,null,null,null,null,null,null,null,null,null,null,"ΚΕΡΚΥΡΑΪΚΗ ΑΚΑΔ ΤΕΝΝΙΣ",214,"Δ",null,null,null,null,null,"Ε3S-12-17_32",1.5,null,"42812Ε3 11η (ΙΑ)423Sκ12","2017-03-18","Ε3 11η (ΙΑ)",423,"ΑΟΑ ΑΡΓΥΡΟΥΠΟΛΗΣ","S","κ12",9,2577,632]
[null,null,null,null,null,null,null,null,null,null,null,null,null,null,null,null,null,null,null,null,null,null,null,"ΚΕΡΚΥΡΑΪΚΗ ΛΤ",215,"Δ",null,null,null,null,null,"Ε3S-12-33_64",0.5,null,"42812Ε3 11η (ΙΑ)423Sκ14","2017-03-18","Ε3 11η (ΙΑ)",423,"ΑΟΑ ΑΡΓΥΡΟΥΠΟΛΗΣ","S","κ14",10,2578,632]
[null,null,null,null,null,null,null,null,null,null,null,null,null,null,null,null,null,null,null,null,null,null,null,"ΚΕΦΑΛΛΗΝΙΑΚΟΣ ΟΑ",279,"ΣΤ",null,null,null,null,null,"Ε3S-12-65_128",0,null,"42812Ε3 11η (ΙΑ)423Sκ16","2017-03-18","Ε3 11η (ΙΑ)",423,"ΑΟΑ ΑΡΓΥΡΟΥΠΟΛΗΣ","S","κ16",11,2579,632]
[null,null,null,null,null,null,null,null,null,null,null,null,null,null,null,null,null,null,null,null,null,null,null,"Λ ΠΟΛΙΤΙΣΜΟΥ ΦΛΩΡΙΝΑΣ",182,"Γ",null,null,null,null,null,"Ε3S-12-q8",0,null,"42812Ε3 11η (ΣΤ)285Sα12","2017-03-18","Ε3 11η (ΣΤ)",285,"ΟΑ ΚΑΛΑΜΑΤΑΣ","S","α12",5,2580,633]
[null,null,null,null,null,null,null,null,null,null,null,null,null,null,null,null,null,null,null,null,null,null,null,"ΛΑ ΚΟΜΟΤΗΝΗΣ",454,"Α",null,null,null,null,null,"Ε3S-12-q16",0,null,{"$f":"AJ195&AK195&AL195&AN195&AO195","v":"42812Ε3 11η (ΣΤ)285Sα16"},"2017-03-18","Ε3 11η (ΣΤ)",285,"ΟΑ ΚΑΛΑΜΑΤΑΣ","S","α16",7,2581,633]
[null,null,null,null,null,null,null,null,null,null,null,null,null,null,null,null,null,null,null,null,null,null,null,"ΛΑΡΙΣΑΪΚΟΣ ΟΑ",236,"Ε",null,null,null,null,null,"Ε3S-12-q32",0,null,"42812Ε3 11η (ΣΤ)285Sκ12","2017-03-18","Ε3 11η (ΣΤ)",285,"ΟΑ ΚΑΛΑΜΑΤΑΣ","S","κ12",9,2582,633]
[null,null,null,null,null,null,null,null,null,null,null,null,null,null,null,null,null,null,null,null,null,null,null,"ΜΑΣ ΑΕΤΟΣ ΘΕΣ",145,"Β",null,null,null,null,null,"Ε3S-12-q64",0,null,"42812Ε3 11η (ΣΤ)285Sκ16","2017-03-18","Ε3 11η (ΣΤ)",285,"ΟΑ ΚΑΛΑΜΑΤΑΣ","S","κ16",11,2583,633]
[null,null,null,null,null,null,null,null,null,null,null,null,null,null,null,null,null,null,null,null,null,null,null,"ΜΑΣ ΑΤΡΟΜΗΤΟΣ ΤΡΙΑΔΙΟΥ",146,"Β",null,null,null,null,null,"Ε3S-12-q128",0,null,"42814TE (TEL AVIV)15Sα14","2017-03-20","TE (TEL AVIV)",15,"Tennis Europe","S","α14",6,2584,634]
[null,null,null,null,null,null,null,null,null,null,null,null,null,null,null,null,null,null,null,null,null,null,null,"ΜΓΣ ΑΠΟΛΛΩΝ ΚΑΛΑΜΑΡΙΑΣ",147,"Β",null,null,null,null,null,"Ε3S-12-q256",0,null,"42814TE (TEL AVIV)15Dα14","2017-03-20","TE (TEL AVIV)",15,"Tennis Europe","D","α14",14,2585,634]
[null,null,null,null,null,null,null,null,null,null,null,null,null,null,null,null,null,null,null,null,null,null,null,"ΝΑΣΠ ΑΙΟΛΟΣ ΜΥΤΙΛΗΝΗΣ",494,"Θ",null,null,null,null,null,"Ε3S-12-wo",0,null,"42818Ε2β (Α)112Sα12","2017-03-24","Ε2β (Α)",112,"ΟΑ ΑΛΕΞΑΝΔΡΟΥΠΟΛΗΣ","S","α12",5,2586,635]
[null,null,null,null,null,null,null,null,null,null,null,null,null,null,null,null,null,null,null,null,null,null,null,"ΝΑΥΠΛΙΑΚΟΣ ΟΑ",280,"ΣΤ",null,null,null,null,null,"Ε3S-14-1st",18,null,"42818Ε2β (Α)112Dα12","2017-03-24","Ε2β (Α)",112,"ΟΑ ΑΛΕΞΑΝΔΡΟΥΠΟΛΗΣ","D","α12",13,2587,635]
[null,null,null,null,null,null,null,null,null,null,null,null,null,null,null,null,null,null,null,null,null,null,null,"ΝΟ ΘΕΣΣΑΛΟΝΙΚΗΣ",148,"Β",null,null,null,null,null,"Ε3S-14-2nd",15,null,"42818Ε2β (Α)115Sα14","2017-03-24","Ε2β (Α)",115,"ΟΑ ΞΑΝΘΗΣ","S","α14",6,2588,635]
[null,null,null,null,null,null,null,null,null,null,null,null,null,null,null,null,null,null,null,null,null,null,null,"ΝΟ ΚΑΛΑΜΑΚΙΟΥ",432,"ΙΑ",null,null,null,null,null,"Ε3S-14-3_4",9,null,"42818Ε2β (Α)115Dα14","2017-03-24","Ε2β (Α)",115,"ΟΑ ΞΑΝΘΗΣ","D","α14",14,2589,635]
[null,null,null,null,null,null,null,null,null,null,null,null,null,null,null,null,null,null,null,null,null,null,null,"ΝΟΝΑΜ",183,"Γ",null,null,null,null,null,"Ε3S-14-5_8",6,null,"42818Ε2β (Α)107Sα16","2017-03-24","Ε2β (Α)",107,"ΑΟΑ Ν ΠΕΡΑΜΟΥ ΤΙΤΑΝΕΣ","S","α16",7,2590,635]
[null,null,null,null,null,null,null,null,null,null,null,null,null,null,null,null,null,null,null,null,null,null,null,"ΟΑ 3 ΒΗΤΑ",451,"Η",null,null,null,null,null,"Ε3S-14-9_16",4.5,null,"42818Ε2β (Α)107Dα16","2017-03-24","Ε2β (Α)",107,"ΑΟΑ Ν ΠΕΡΑΜΟΥ ΤΙΤΑΝΕΣ","D","α16",15,2591,635]
[null,null,null,null,null,null,null,null,null,null,null,null,null,null,null,null,null,null,null,null,null,null,null,"ΟΑ ΑΓ ΑΝΑΡΓΥΡΩΝ",386,"Θ",null,null,null,null,null,"Ε3S-14-17_32",3,null,"42818Ε2β (Α)112Sκ12","2017-03-24","Ε2β (Α)",112,"ΟΑ ΑΛΕΞΑΝΔΡΟΥΠΟΛΗΣ","S","κ12",9,2592,635]
[null,null,null,null,null,null,null,null,null,null,null,null,null,null,null,null,null,null,null,null,null,null,null,"ΟΑ ΑΓ ΠΑΡΑΣΚΕΥΗΣ",348,"Η",null,null,null,null,null,"Ε3S-14-33_64",1,null,"42818Ε2β (Α)112Dκ12","2017-03-24","Ε2β (Α)",112,"ΟΑ ΑΛΕΞΑΝΔΡΟΥΠΟΛΗΣ","D","κ12",17,2593,635]
[null,null,null,null,null,null,null,null,null,null,null,null,null,null,null,null,null,null,null,null,null,null,null,"ΟΑ ΑΓ ΣΟΥΛΑ ΡΟΔΟΥ",387,"Θ",null,null,null,null,null,"Ε3S-14-65_128",0,null,"42818Ε2β (Α)115Sκ14","2017-03-24","Ε2β (Α)",115,"ΟΑ ΞΑΝΘΗΣ","S","κ14",10,2594,635]
[null,null,null,null,null,null,null,null,null,null,null,null,null,null,null,null,null,null,null,null,null,null,null,"ΟΑ ΑΓΡΙΝΙΟΥ",216,"Δ",null,null,null,null,null,"Ε3S-14-q8",0,null,"42818Ε2β (Α)107Sκ16","2017-03-24","Ε2β (Α)",107,"ΑΟΑ Ν ΠΕΡΑΜΟΥ ΤΙΤΑΝΕΣ","S","κ16",11,2595,635]
[null,null,null,null,null,null,null,null,null,null,null,null,null,null,null,null,null,null,null,null,null,null,null,"ΟΑ ΑΘΗΝΩΝ",349,"Η",null,null,null,null,null,"Ε3S-14-q16",0,null,"42818Ε2β (Α)107Dκ16","2017-03-24","Ε2β (Α)",107,"ΑΟΑ Ν ΠΕΡΑΜΟΥ ΤΙΤΑΝΕΣ","D","κ16",19,2596,635]
[null,null,null,null,null,null,null,null,null,null,null,null,null,null,null,null,null,null,null,null,null,null,null,"ΟΑ ΑΘΛΗΤ ΠΑΙΔΕΙΑ",350,"Η",null,null,null,null,null,"Ε3S-14-q32",0,null,"42818Ε2β (Δ)219Sα12","2017-03-24","Ε2β (Δ)",219,"ΟΑ ΙΩΑΝΝΙΝΩΝ","S","α12",5,2597,636]
[null,null,null,null,null,null,null,null,null,null,null,null,null,null,null,null,null,null,null,null,null,null,null,"ΟΑ ΑΙΓΙΑΛΕΙΑΣ",282,"ΣΤ",null,null,null,null,null,"Ε3S-14-q64",0,null,"42818Ε2β (Δ)219Dα12","2017-03-24","Ε2β (Δ)",219,"ΟΑ ΙΩΑΝΝΙΝΩΝ","D","α12",13,2598,636]
[null,null,null,null,null,null,null,null,null,null,null,null,null,null,null,null,null,null,null,null,null,null,null,"ΟΑ ΑΙΓΙΟΥ",506,"ΣΤ",null,null,null,null,null,"Ε3S-14-q128",0,null,"42818Ε2β (Δ)219Sα14","2017-03-24","Ε2β (Δ)",219,"ΟΑ ΙΩΑΝΝΙΝΩΝ","S","α14",6,2599,636]
[null,null,null,null,null,null,null,null,null,null,null,null,null,null,null,null,null,null,null,null,null,null,null,"ΟΑ ΑΛΕΞΑΝΔΡΟΣ ΒΕΡΟΙΑΣ",184,"Γ",null,null,null,null,null,"Ε3S-14-q256",0,null,"42818Ε2β (Δ)219Dα14","2017-03-24","Ε2β (Δ)",219,"ΟΑ ΙΩΑΝΝΙΝΩΝ","D","α14",14,2600,636]
[null,null,null,null,null,null,null,null,null,null,null,null,null,null,null,null,null,null,null,null,null,null,null,"ΟΑ ΑΛΕΞΑΝΔΡΟΥΠΟΛΗΣ",112,"Α",null,null,null,null,null,"Ε3S-14-wo",0,null,"42818Ε2β (Δ)218Sα16","2017-03-24","Ε2β (Δ)",218,"ΟΑ ΘΕΣΠΡΩΤΙΑΣ ΤΙΤΑΝΗ","S","α16",7,2601,636]
[null,null,null,null,null,null,null,null,null,null,null,null,null,null,null,null,null,null,null,null,null,null,null,"ΟΑ ΑΛΙΜΟΥ",433,"ΙΑ",null,null,null,null,null,"Ε3S-16-1st",36,null,"42818Ε2β (Δ)218Dα16","2017-03-24","Ε2β (Δ)",218,"ΟΑ ΘΕΣΠΡΩΤΙΑΣ ΤΙΤΑΝΗ","D","α16",15,2602,636]
[null,null,null,null,null,null,null,null,null,null,null,null,null,null,null,null,null,null,null,null,null,null,null,"ΟΑ ΑΜΥΝΤΑΣ ΥΜΗΤΤΟΥ",413,"ΙΑ",null,null,null,null,null,"Ε3S-16-2nd",30,null,"42818Ε2β (Δ)219Sκ12","2017-03-24","Ε2β (Δ)",219,"ΟΑ ΙΩΑΝΝΙΝΩΝ","S","κ12",9,2603,636]
[null,null,null,null,null,null,null,null,null,null,null,null,null,null,null,null,null,null,null,null,null,null,null,"ΟΑ ΑΝΑΤΟΛΙΚΗΣ ΦΘΙΩΤΙΔΑΣ",237,"Ε",null,null,null,null,null,"Ε3S-16-3_4",18,null,"42818Ε2β (Δ)219Dκ12","2017-03-24","Ε2β (Δ)",219,"ΟΑ ΙΩΑΝΝΙΝΩΝ","D","κ12",17,2604,636]
[null,null,null,null,null,null,null,null,null,null,null,null,null,null,null,null,null,null,null,null,null,null,null,"ΟΑ ΑΝΑΦΛΥΣΤΟΣ ΣΑΡΩΝΙΔΑΣ",351,"Η",null,null,null,null,null,"Ε3S-16-5_8",12,null,"42818Ε2β (Δ)219Sκ14","2017-03-24","Ε2β (Δ)",219,"ΟΑ ΙΩΑΝΝΙΝΩΝ","S","κ14",10,2605,636]
[null,null,null,null,null,null,null,null,null,null,null,null,null,null,null,null,null,null,null,null,null,null,null,"ΟΑ ΑΡΓΟΥΣ",284,"ΣΤ",null,null,null,null,null,"Ε3S-16-9_16",9.6,null,"42818Ε2β (Δ)219Dκ14","2017-03-24","Ε2β (Δ)",219,"ΟΑ ΙΩΑΝΝΙΝΩΝ","D","κ14",18,2606,636]
[null,null,null,null,null,null,null,null,null,null,null,null,null,null,null,null,null,null,null,null,null,null,null,"ΟΑ ΑΡΙΔΑΙΑΣ",185,"Γ",null,null,null,null,null,"Ε3S-16-17_32",6,null,"42818Ε2β (Δ)218Sκ16","2017-03-24","Ε2β (Δ)",218,"ΟΑ ΘΕΣΠΡΩΤΙΑΣ ΤΙΤΑΝΗ","S","κ16",11,2607,636]
[null,null,null,null,null,null,null,null,null,null,null,null,null,null,null,null,null,null,null,null,null,null,null,"ΟΑ ΑΡΤΑΣ",217,"Δ",null,null,null,null,null,"Ε3S-16-33_64",2,null,"42818Ε2β (Δ)218Dκ16","2017-03-24","Ε2β (Δ)",218,"ΟΑ ΘΕΣΠΡΩΤΙΑΣ ΤΙΤΑΝΗ","D","κ16",19,2608,636]
[null,null,null,null,null,null,null,null,null,null,null,null,null,null,null,null,null,null,null,null,null,null,null,"ΟΑ ΑΤΤΙΚΑ 2016",447,"Η",null,null,null,null,null,"Ε3S-16-65_128",0,null,"42818Ε2β (Η)363Sα12","2017-03-24","Ε2β (Η)",363,"ΣΑ ΡΑΦΗΝΑΣ","S","α12",5,2609,637]
[null,null,null,null,null,null,null,null,null,null,null,null,null,null,null,null,null,null,null,null,null,null,null,"ΟΑ ΒΕΡΟΙΑΣ",186,"Γ",null,null,null,null,null,"Ε3S-16-q8",0,null,"42818Ε2β (Η)363Dα12","2017-03-24","Ε2β (Η)",363,"ΣΑ ΡΑΦΗΝΑΣ","D","α12",13,2610,637]
[null,null,null,null,null,null,null,null,null,null,null,null,null,null,null,null,null,null,null,null,null,null,null,"ΟΑ ΒΙΚΕΛΑΣ ΒΕΡΟΙΑΣ",187,"Γ",null,null,null,null,null,"Ε3S-16-q16",0,null,"42818Ε2β (Η)363Sα14","2017-03-24","Ε2β (Η)",363,"ΣΑ ΡΑΦΗΝΑΣ","S","α14",6,2611,637]
[null,null,null,null,null,null,null,null,null,null,null,null,null,null,null,null,null,null,null,null,null,null,null,"ΟΑ ΒΟΛΟΥ",238,"Ε",null,null,null,null,null,"Ε3S-16-q32",0,null,"42818Ε2β (Η)363Dα14","2017-03-24","Ε2β (Η)",363,"ΣΑ ΡΑΦΗΝΑΣ","D","α14",14,2612,637]
[null,null,null,null,null,null,null,null,null,null,null,null,null,null,null,null,null,null,null,null,null,null,null,"ΟΑ ΒΟΥΛΙΑΓΜΕΝΗΣ Μ ΑΣΣΟΙ",434,"ΙΑ",null,null,null,null,null,"Ε3S-16-q64",0,null,"42818Ε2β (Η)363Sα16","2017-03-24","Ε2β (Η)",363,"ΣΑ ΡΑΦΗΝΑΣ","S","α16",7,2613,637]
[null,null,null,null,null,null,null,null,null,null,null,null,null,null,null,null,null,null,null,null,null,null,null,"ΟΑ ΒΡΙΛΗΣΣΙΩΝ",352,"Η",null,null,null,null,null,"Ε3S-16-q128",0,null,"42818Ε2β (Η)363Dα16","2017-03-24","Ε2β (Η)",363,"ΣΑ ΡΑΦΗΝΑΣ","D","α16",15,2614,637]
[null,null,null,null,null,null,null,null,null,null,null,null,null,null,null,null,null,null,null,null,null,null,null,"ΟΑ ΓΑΛΗΝΗΣ ΩΡΑΙΟΚΑΣΤΡΟΥ",461,"Β",null,null,null,null,null,"Ε3S-16-q256",0,null,"42818Ε2β (Η)363Sκ12","2017-03-24","Ε2β (Η)",363,"ΣΑ ΡΑΦΗΝΑΣ","S","κ12",9,2615,637]
[null,null,null,null,null,null,null,null,null,null,null,null,null,null,null,null,null,null,null,null,null,null,null,"ΟΑ ΓΙΑΝΝΙΤΣΩΝ",188,"Γ",null,null,null,null,null,"Ε3S-16-wo",0,null,"42818Ε2β (Η)363Dκ12","2017-03-24","Ε2β (Η)",363,"ΣΑ ΡΑΦΗΝΑΣ","D","κ12",17,2616,637]
[null,null,null,null,null,null,null,null,null,null,null,null,null,null,null,null,null,null,null,null,null,null,null,"ΟΑ ΓΛΥΦΑΔΑΣ",435,"ΙΑ",null,null,null,null,null,"Ε3S-18-17_32",0,null,"42818Ε2β (Η)363Sκ14","2017-03-24","Ε2β (Η)",363,"ΣΑ ΡΑΦΗΝΑΣ","S","κ14",10,2617,637]
[null,null,null,null,null,null,null,null,null,null,null,null,null,null,null,null,null,null,null,null,null,null,null,"ΟΑ ΓΟΥΔΗ",436,"ΙΑ",null,null,null,null,null,"Ε3S-18-1st",0,null,"42818Ε2β (Η)363Dκ14","2017-03-24","Ε2β (Η)",363,"ΣΑ ΡΑΦΗΝΑΣ","D","κ14",18,2618,637]
[null,null,null,null,null,null,null,null,null,null,null,null,null,null,null,null,null,null,null,null,null,null,null,"ΟΑ ΔΕΣΚΑΤΗΣ",448,"Γ",null,null,null,null,null,"Ε3S-18-2nd",0,null,"42818Ε2β (Η)363Sκ16","2017-03-24","Ε2β (Η)",363,"ΣΑ ΡΑΦΗΝΑΣ","S","κ16",11,2619,637]
[null,null,null,null,null,null,null,null,null,null,null,null,null,null,null,null,null,null,null,null,null,null,null,"ΟΑ ΕΔΕΣΣΑΣ",189,"Γ",null,null,null,null,null,"Ε3S-18-3_4",0,null,"42818Ε2β (Η)363Dκ16","2017-03-24","Ε2β (Η)",363,"ΣΑ ΡΑΦΗΝΑΣ","D","κ16",19,2620,637]
[null,null,null,null,null,null,null,null,null,null,null,null,null,null,null,null,null,null,null,null,null,null,null,"ΟΑ ΕΛΕΥΘΕΡΟΥΠΟΛΗΣ",455,"Α",null,null,null,null,null,"Ε3S-18-33_64",0,null,"42821TE (MORRIS)15Sα14","2017-03-27","TE (MORRIS)",15,"Tennis Europe","S","α14",6,2621,638]
[null,null,null,null,null,null,null,null,null,null,null,null,null,null,null,null,null,null,null,null,null,null,null,"ΟΑ ΕΛΕΥΣΙΝΑΣ ΑΙΣΧΥΛΟΣ",388,"Θ",null,null,null,null,null,"Ε3S-18-5_8",0,null,"42821TE (ΗΡΑΚΛΕΙΟ ΟΑΑ)305Sα14","2017-03-27","TE (ΗΡΑΚΛΕΙΟ ΟΑΑ)",305,"ΗΡΑΚΛΕΙΟ ΟΑΑ","S","α14",6,2622,639]
[null,null,null,null,null,null,null,null,null,null,null,null,null,null,null,null,null,null,null,null,null,null,null,"ΟΑ ΕΛΛΗΝΙΚΟΥ",499,"ΙΑ",null,null,null,null,null,"Ε3S-18-9_16",0,null,"42821TE (ΗΡΑΚΛΕΙΟ ΟΑΑ)305Dα14","2017-03-27","TE (ΗΡΑΚΛΕΙΟ ΟΑΑ)",305,"ΗΡΑΚΛΕΙΟ ΟΑΑ","D","α14",14,2623,639]
[null,null,null,null,null,null,null,null,null,null,null,null,null,null,null,null,null,null,null,null,null,null,null,"ΟΑ ΕΥΟΣΜΟΥ ΘΕΣ",150,"Β",null,null,null,null,null,"Ε3S-18-q8",0,null,"42821TE (ΗΡΑΚΛΕΙΟ ΟΑΑ)305Sκ14","2017-03-27","TE (ΗΡΑΚΛΕΙΟ ΟΑΑ)",305,"ΗΡΑΚΛΕΙΟ ΟΑΑ","S","κ14",10,2624,639]
[null,null,null,null,null,null,null,null,null,null,null,null,null,null,null,null,null,null,null,null,null,null,null,"ΟΑ ΖΩΓΡΑΦΟΥ",353,"Η",null,null,null,null,null,"Ε3S-18-q16",0,null,"42821TE (ΗΡΑΚΛΕΙΟ ΟΑΑ)305Dκ14","2017-03-27","TE (ΗΡΑΚΛΕΙΟ ΟΑΑ)",305,"ΗΡΑΚΛΕΙΟ ΟΑΑ","D","κ14",18,2625,639]
[null,null,null,null,null,null,null,null,null,null,null,null,null,null,null,null,null,null,null,null,null,null,null,"ΟΑ ΘΕΣΠΡΩΤΙΑΣ ΤΙΤΑΝΗ",218,"Δ",null,null,null,null,null,"Ε3S-18-q32",0,null,"42826Ε3 13η (Β)162Sα14","2017-04-01","Ε3 13η (Β)",162,"ΟΑ ΤΟΥΜΠΑΣ","S","α14",6,2626,640]
[null,null,null,null,null,null,null,null,null,null,null,null,null,null,null,null,null,null,null,null,null,null,null,"ΟΑ ΘΕΣΣΑΛΟΝΙΚΗΣ",151,"Β",null,null,null,null,null,"Ε3S-18-q64",0,null,"42826Ε3 13η (Β)162Sκ14","2017-04-01","Ε3 13η (Β)",162,"ΟΑ ΤΟΥΜΠΑΣ","S","κ14",10,2627,640]
[null,null,null,null,null,null,null,null,null,null,null,null,null,null,null,null,null,null,null,null,null,null,null,"ΟΑ ΘΗΒΑΣ",239,"Ε",null,null,null,null,null,"Ε3S-18-q128",0,null,"42826Ε3 13η (Γ)186Sα14","2017-04-01","Ε3 13η (Γ)",186,"ΟΑ ΒΕΡΟΙΑΣ","S","α14",6,2628,641]
[null,null,null,null,null,null,null,null,null,null,null,null,null,null,null,null,null,null,null,null,null,null,null,"ΟΑ ΙΑΛΥΣΣΟΣ ΡΟΔΟΥ",389,"Θ",null,null,null,null,null,"Ε3S-18-q256",0,null,"42826Ε3 13η (Γ)186Sκ14","2017-04-01","Ε3 13η (Γ)",186,"ΟΑ ΒΕΡΟΙΑΣ","S","κ14",10,2629,641]
[null,null,null,null,null,null,null,null,null,null,null,null,null,null,null,null,null,null,null,null,null,null,null,"ΟΑ ΙΩΑΝΝΙΝΩΝ",219,"Δ",null,null,null,null,null,"Ε3S-18-wo",0,null,"42828ITF (MALTA)14Sκ18","2017-04-03","ITF (MALTA)",14,"ITF","S","κ18",12,2630,642]
[null,null,null,null,null,null,null,null,null,null,null,null,null,null,null,null,null,null,null,null,null,null,null,"ΟΑ ΙΩΛΚΟΣ ΒΟΛΟΥ",240,"Ε",null,null,null,null,null,"Ε4S-12-1st",3.7,null,"42828TE (KVARNER)15Sα14","2017-04-03","TE (KVARNER)",15,"Tennis Europe","S","α14",6,2631,643]
[null,null,null,null,null,null,null,null,null,null,null,null,null,null,null,null,null,null,null,null,null,null,null,"ΟΑ κ Α ΜΑΛΙΩΝ",477,"Ζ",null,null,null,null,null,"Ε4S-12-2nd",3.2,null,"42828TE (KVARNER)15Dα14","2017-04-03","TE (KVARNER)",15,"Tennis Europe","D","α14",14,2632,643]
[null,null,null,null,null,null,null,null,null,null,null,null,null,null,null,null,null,null,null,null,null,null,null,"ΟΑ ΚΑΒΑΛΑΣ ΑΛΕΞΑΝΔΡΟΣ",114,"Α",null,null,null,null,null,"Ε4S-12-3_4",1.7,null,"42828TE (ΑΟ ΠΕΥΚΗΣ TIE BREAK)329Sα14","2017-04-03","TE (ΑΟ ΠΕΥΚΗΣ TIE BREAK)",329,"ΑΟ ΠΕΥΚΗΣ TIE BREAK","S","α14",6,2633,644]
[null,null,null,null,null,null,null,null,null,null,null,null,null,null,null,null,null,null,null,null,null,null,null,"ΟΑ ΚΑΛΑΜΑΚΙΟΥ",438,"ΙΑ",null,null,null,null,null,"Ε4S-12-5_8",1.2,null,"42828TE (ΑΟ ΠΕΥΚΗΣ TIE BREAK)329Dα14","2017-04-03","TE (ΑΟ ΠΕΥΚΗΣ TIE BREAK)",329,"ΑΟ ΠΕΥΚΗΣ TIE BREAK","D","α14",14,2634,644]
[null,null,null,null,null,null,null,null,null,null,null,null,null,null,null,null,null,null,null,null,null,null,null,"ΟΑ ΚΑΛΑΜΑΡΙΑΣ",152,"Β",null,null,null,null,null,"Ε4S-12-9_16",1,null,"42828TE (ΑΟ ΠΕΥΚΗΣ TIE BREAK)329Sκ14","2017-04-03","TE (ΑΟ ΠΕΥΚΗΣ TIE BREAK)",329,"ΑΟ ΠΕΥΚΗΣ TIE BREAK","S","κ14",10,2635,644]
[null,null,null,null,null,null,null,null,null,null,null,null,null,null,null,null,null,null,null,null,null,null,null,"ΟΑ ΚΑΛΑΜΑΤΑΣ",285,"ΣΤ",null,null,null,null,null,"Ε4S-12-17_32",0.5,null,"42828TE (ΑΟ ΠΕΥΚΗΣ TIE BREAK)329Dκ14","2017-04-03","TE (ΑΟ ΠΕΥΚΗΣ TIE BREAK)",329,"ΑΟ ΠΕΥΚΗΣ TIE BREAK","D","κ14",18,2636,644]
[null,null,null,null,null,null,null,null,null,null,null,null,null,null,null,null,null,null,null,null,null,null,null,"ΟΑ ΚΑΡΛΟΒΑΣΙΩΝ ΑΙΓΛΗΣ",391,"Θ",null,null,null,null,null,"Ε4S-12-33_64",0.2,null,"42833Ε3 14η (ΣΤ)292Sα14","2017-04-08","Ε3 14η (ΣΤ)",292,"ΡΗΓΑΣ ΑΟΑ ΑΡΓΟΛΙΔΑΣ","S","α14",6,2637,645]
[null,null,null,null,null,null,null,null,null,null,null,null,null,null,null,null,null,null,null,null,null,null,null,"ΟΑ ΚΑΣΤΟΡΙΑΣ ΚΕΛΕΤΡΟΝ",190,"Γ",null,null,null,null,null,"Ε4S-12-65_128",0,null,"42833Ε3 14η (ΣΤ)292Sκ14","2017-04-08","Ε3 14η (ΣΤ)",292,"ΡΗΓΑΣ ΑΟΑ ΑΡΓΟΛΙΔΑΣ","S","κ14",10,2638,645]
[null,null,null,null,null,null,null,null,null,null,null,null,null,null,null,null,null,null,null,null,null,null,null,"ΟΑ ΚΑΤΕΡΙΝΗΣ",191,"Γ",null,null,null,null,null,"Ε4S-12-q8",0,null,"42835ITF (EGYPT 2)14Sα18","2017-04-10","ITF (EGYPT 2)",14,"ITF","S","α18",8,2639,646]
[null,null,null,null,null,null,null,null,null,null,null,null,null,null,null,null,null,null,null,null,null,null,null,"ΟΑ ΚΕΡΑΤΣΙΝΙΟΥ",392,"Θ",null,null,null,null,null,"Ε4S-12-q16",0,null,"42835ITF (EGYPT 2)14Dα18","2017-04-10","ITF (EGYPT 2)",14,"ITF","D","α18",16,2640,646]
[null,null,null,null,null,null,null,null,null,null,null,null,null,null,null,null,null,null,null,null,null,null,null,"ΟΑ ΚΕΡΚΥΡΑΣ",220,"Δ",null,null,null,null,null,"Ε4S-12-q32",0,null,"42835ITF (EGYPT 2)14Sκ18","2017-04-10","ITF (EGYPT 2)",14,"ITF","S","κ18",12,2641,646]
[null,null,null,null,null,null,null,null,null,null,null,null,null,null,null,null,null,null,null,null,null,null,null,"ΟΑ ΚΙΛΚΙΣ",153,"Β",null,null,null,null,null,"Ε4S-12-q64",0,null,"42835ITF (EGYPT 2)14Dκ18","2017-04-10","ITF (EGYPT 2)",14,"ITF","D","κ18",20,2642,646]
[null,null,null,null,null,null,null,null,null,null,null,null,null,null,null,null,null,null,null,null,null,null,null,"ΟΑ ΚΟΡΙΝΘΟΥ",286,"ΣΤ",null,null,null,null,null,"Ε4S-12-q128",0,null,"42835TE (MARSHALL)15Sα14","2017-04-10","TE (MARSHALL)",15,"Tennis Europe","S","α14",6,2643,647]
[null,null,null,null,null,null,null,null,null,null,null,null,null,null,null,null,null,null,null,null,null,null,null,"ΟΑ ΚΟΡΩΠΙΟΥ",354,"Η",null,null,null,null,null,"Ε4S-12-q256",0,null,"42835TE (MARSHALL)15Dα14","2017-04-10","TE (MARSHALL)",15,"Tennis Europe","D","α14",14,2644,647]
[null,null,null,null,null,null,null,null,null,null,null,null,null,null,null,null,null,null,null,null,null,null,null,"ΟΑ ΚΟΥΦΑΛΙΩΝ",154,"Β",null,null,null,null,null,"Ε4S-12-wo",0,null,{"$f":"AJ259&AK259&AL259&AN259&AO259","v":"42835TE (TIRANA)15Sα14"},"2017-04-10","TE (TIRANA)",15,"Tennis Europe","S","α14",6,2645,648]
[null,null,null,null,null,null,null,null,null,null,null,null,null,null,null,null,null,null,null,null,null,null,null,"ΟΑ ΚΩ",393,"Θ",null,null,null,null,null,"Ε4S-14-1st",7.5,null,"42835TE (TIRANA)15Dα14","2017-04-10","TE (TIRANA)",15,"Tennis Europe","D","α14",14,2646,648]
[null,null,null,null,null,null,null,null,null,null,null,null,null,null,null,null,null,null,null,null,null,null,null,"ΟΑ ΛΑΓΚΑΔΑ ΘΕΣ",155,"Β",null,null,null,null,null,"Ε4S-14-2nd",6.2,null,"42829Παν (Η) 12333Sα12","2017-04-04","Παν (Η) 12",333,"ΑΟΑ ΑΛΕΞΑΝΔΡΟΣ Β","S","α12",5,2647,649]
[null,null,null,null,null,null,null,null,null,null,null,null,null,null,null,null,null,null,null,null,null,null,null,"ΟΑ ΛΑΜΙΑΣ",475,"Ε",null,null,null,null,null,"Ε4S-14-3_4",3.7,null,"42829Παν (Η) 12333Dα12","2017-04-04","Παν (Η) 12",333,"ΑΟΑ ΑΛΕΞΑΝΔΡΟΣ Β","D","α12",13,2648,649]
[null,null,null,null,null,null,null,null,null,null,null,null,null,null,null,null,null,null,null,null,null,null,null,"ΟΑ ΛΑΡΙΣΑΣ",242,"Ε",null,null,null,null,null,"Ε4S-14-5_8",2.5,null,"42829Παν (Η) 12333Sκ12","2017-04-04","Παν (Η) 12",333,"ΑΟΑ ΑΛΕΞΑΝΔΡΟΣ Β","S","κ12",9,2649,649]
[null,null,null,null,null,null,null,null,null,null,null,null,null,null,null,null,null,null,null,null,null,null,null,"ΟΑ ΛΑΥΡΙΟΥ",355,"Η",null,null,null,null,null,"Ε4S-14-9_16",1.8,null,"42829Παν (Η) 12333Dκ12","2017-04-04","Παν (Η) 12",333,"ΑΟΑ ΑΛΕΞΑΝΔΡΟΣ Β","D","κ12",17,2650,649]
[null,null,null,null,null,null,null,null,null,null,null,null,null,null,null,null,null,null,null,null,null,null,null,"ΟΑ ΛΕΣΒΟΥ",394,"Θ",null,null,null,null,null,"Ε4S-14-17_32",1.2,null,"42851Παν (Η) 14333Sα14","2017-04-26","Παν (Η) 14",333,"ΑΟΑ ΑΛΕΞΑΝΔΡΟΣ Β","S","α14",6,2651,650]
[null,null,null,null,null,null,null,null,null,null,null,null,null,null,null,null,null,null,null,null,null,null,null,"ΟΑ ΛΙΒΑΔΕΙΑΣ",243,"Ε",null,null,null,null,null,"Ε4S-14-33_64",0.5,null,"42851Παν (Η) 14333Dα14","2017-04-26","Παν (Η) 14",333,"ΑΟΑ ΑΛΕΞΑΝΔΡΟΣ Β","D","α14",14,2652,650]
[null,null,null,null,null,null,null,null,null,null,null,null,null,null,null,null,null,null,null,null,null,null,null,"ΟΑ ΛΙΤΟΧΩΡΟΥ",192,"Γ",null,null,null,null,null,"Ε4S-14-65_128",0,null,"42851Παν (Η) 14333Sκ14","2017-04-26","Παν (Η) 14",333,"ΑΟΑ ΑΛΕΞΑΝΔΡΟΣ Β","S","κ14",10,2653,650]
[null,null,null,null,null,null,null,null,null,null,null,null,null,null,null,null,null,null,null,null,null,null,null,"ΟΑ ΜΑΓΝΗΣΙΑΣ",244,"Ε",null,null,null,null,null,"Ε4S-14-q8",0,null,"42851Παν (Η) 14333Dκ14","2017-04-26","Παν (Η) 14",333,"ΑΟΑ ΑΛΕΞΑΝΔΡΟΣ Β","D","κ14",18,2654,650]
[null,null,null,null,null,null,null,null,null,null,null,null,null,null,null,null,null,null,null,null,null,null,null,"ΟΑ ΜΕΛΙΣΣΙΩΝ",356,"Η",null,null,null,null,null,"Ε4S-14-q16",0,null,"42851Παν (Η) 16333Sα16","2017-04-26","Παν (Η) 16",333,"ΑΟΑ ΑΛΕΞΑΝΔΡΟΣ Β","S","α16",7,2655,651]
[null,null,null,null,null,null,null,null,null,null,null,null,null,null,null,null,null,null,null,null,null,null,null,"ΟΑ ΝΑΟΥΣΑΣ",193,"Γ",null,null,null,null,null,"Ε4S-14-q32",0,null,"42851Παν (Η) 16333Dα16","2017-04-26","Παν (Η) 16",333,"ΑΟΑ ΑΛΕΞΑΝΔΡΟΣ Β","D","α16",15,2656,651]
[null,null,null,null,null,null,null,null,null,null,null,null,null,null,null,null,null,null,null,null,null,null,null,"ΟΑ ΝΑΥΠΑΚΤΟΥ",287,"ΣΤ",null,null,null,null,null,"Ε4S-14-q64",0,null,"42851Παν (Η) 16333Sκ16","2017-04-26","Παν (Η) 16",333,"ΑΟΑ ΑΛΕΞΑΝΔΡΟΣ Β","S","κ16",11,2657,651]
[null,null,null,null,null,null,null,null,null,null,null,null,null,null,null,null,null,null,null,null,null,null,null,"ΟΑ ΝΕΑΣ ΜΑΚΡΗΣ",357,"Η",null,null,null,null,null,"Ε4S-14-q128",0,null,"42851Παν (Η) 16333Dκ16","2017-04-26","Παν (Η) 16",333,"ΑΟΑ ΑΛΕΞΑΝΔΡΟΣ Β","D","κ16",19,2658,651]
[null,null,null,null,null,null,null,null,null,null,null,null,null,null,null,null,null,null,null,null,null,null,null,"ΟΑ ΝΕΟΥ ΦΑΛΗΡΟΥ",495,"Θ",null,null,null,null,null,"Ε4S-14-q256",0,null,"42853Ε3 17η (Γ)193Sα12","2017-04-28","Ε3 17η (Γ)",193,"ΟΑ ΝΑΟΥΣΑΣ","S","α12",5,2659,652]
[null,null,null,null,null,null,null,null,null,null,null,null,null,null,null,null,null,null,null,null,null,null,null,"ΟΑ ΝΕΣΤΩΡΑΣ ΓΙΑΝΝΙΤΣΩΝ",194,"Γ",null,null,null,null,null,"Ε4S-14-wo",0,null,"42853Ε3 17η (Γ)200Sα16","2017-04-28","Ε3 17η (Γ)",200,"ΣΑ ΣΚΥΔΡΑΣ","S","α16",7,2660,652]
[null,null,null,null,null,null,null,null,null,null,null,null,null,null,null,null,null,null,null,null,null,null,null,"ΟΑ ΝΙΚΑΙΑ ΛΑΡΙΣΑΣ",245,"Ε",null,null,null,null,null,"Ε4S-16-1st",15,null,"42853Ε3 17η (Γ)193Sκ12","2017-04-28","Ε3 17η (Γ)",193,"ΟΑ ΝΑΟΥΣΑΣ","S","κ12",9,2661,652]
[null,null,null,null,null,null,null,null,null,null,null,null,null,null,null,null,null,null,null,null,null,null,null,"ΟΑ ΞΑΝΘΗΣ",115,"Α",null,null,null,null,null,"Ε4S-16-2nd",12.5,null,"42853Ε3 17η (Γ)200Sκ16","2017-04-28","Ε3 17η (Γ)",200,"ΣΑ ΣΚΥΔΡΑΣ","S","κ16",11,2662,652]
[null,null,null,null,null,null,null,null,null,null,null,null,null,null,null,null,null,null,null,null,null,null,null,"ΟΑ ΞΥΛΟΚΑΣΤΡΟΥ ΣΥΘΑΣ",288,"ΣΤ",null,null,null,null,null,"Ε4S-16-3_4",7.5,null,"42853Ε3 17η (Δ)219Sα12","2017-04-28","Ε3 17η (Δ)",219,"ΟΑ ΙΩΑΝΝΙΝΩΝ","S","α12",5,2663,653]
[null,null,null,null,null,null,null,null,null,null,null,null,null,null,null,null,null,null,null,null,null,null,null,"ΟΑ Ο ΦΙΛΑΘΛΟΣ",486,"Η",null,null,null,null,null,"Ε4S-16-5_8",5,null,"42853Ε3 17η (Δ)219Sα16","2017-04-28","Ε3 17η (Δ)",219,"ΟΑ ΙΩΑΝΝΙΝΩΝ","S","α16",7,2664,653]
[null,null,null,null,null,null,null,null,null,null,null,null,null,null,null,null,null,null,null,null,null,null,null,"ΟΑ ΟΡΕΣΤΙΑΔΑΣ",116,"Α",null,null,null,null,null,"Ε4S-16-9_16",4,null,"42853Ε3 17η (Δ)219Sκ12","2017-04-28","Ε3 17η (Δ)",219,"ΟΑ ΙΩΑΝΝΙΝΩΝ","S","κ12",9,2665,653]
[null,null,null,null,null,null,null,null,null,null,null,null,null,null,null,null,null,null,null,null,null,null,null,"ΟΑ ΠΑΝΟΡΑΜΑΤΟΣ",462,"Β",null,null,null,null,null,"Ε4S-16-17_32",2.5,null,"42853Ε3 17η (Δ)219Sκ16","2017-04-28","Ε3 17η (Δ)",219,"ΟΑ ΙΩΑΝΝΙΝΩΝ","S","κ16",11,2666,653]
[null,null,null,null,null,null,null,null,null,null,null,null,null,null,null,null,null,null,null,null,null,null,null,"ΟΑ ΠΑΡΟΥ",359,"Η",null,null,null,null,null,"Ε4S-16-33_64",1,null,"42853Ε3 17η (Ε)244Sα12","2017-04-28","Ε3 17η (Ε)",244,"ΟΑ ΜΑΓΝΗΣΙΑΣ","S","α12",5,2667,654]
[null,null,null,null,null,null,null,null,null,null,null,null,null,null,null,null,null,null,null,null,null,null,null,"ΟΑ ΠΕΙΡΑΙΑ",396,"Θ",null,null,null,null,null,"Ε4S-16-65_128",0,null,"42853Ε3 17η (Ε)244Sα16","2017-04-28","Ε3 17η (Ε)",244,"ΟΑ ΜΑΓΝΗΣΙΑΣ","S","α16",7,2668,654]
[null,null,null,null,null,null,null,null,null,null,null,null,null,null,null,null,null,null,null,null,null,null,null,"ΟΑ ΠΕΤΑΛΟΥΔΩΝ",397,"Θ",null,null,null,null,null,"Ε4S-16-q8",0,null,"42853Ε3 17η (Ε)244Sκ12","2017-04-28","Ε3 17η (Ε)",244,"ΟΑ ΜΑΓΝΗΣΙΑΣ","S","κ12",9,2669,654]
[null,null,null,null,null,null,null,null,null,null,null,null,null,null,null,null,null,null,null,null,null,null,null,"ΟΑ ΠΕΤΡΟΥΠΟΛ ΠΛΕΟΝΕΚΤΗΜΑ",449,"Θ",null,null,null,null,null,"Ε4S-16-q16",0,null,"42853Ε3 17η (Ε)244Sκ16","2017-04-28","Ε3 17η (Ε)",244,"ΟΑ ΜΑΓΝΗΣΙΑΣ","S","κ16",11,2670,654]
[null,null,null,null,null,null,null,null,null,null,null,null,null,null,null,null,null,null,null,null,null,null,null,"ΟΑ ΠΕΤΡΟΥΠΟΛΗΣ",398,"Θ",null,null,null,null,null,"Ε4S-16-q32",0,null,"42853Ε3 17η (ΣΤ)261Sα12","2017-04-28","Ε3 17η (ΣΤ)",261,"ΑΕΤ ΝΙΚΗ ΠΑΤΡΩΝ","S","α12",5,2671,655]
[null,null,null,null,null,null,null,null,null,null,null,null,null,null,null,null,null,null,null,null,null,null,null,"ΟΑ ΠΟΛΙΧΝΗΣ ΑΝΤΑΙΟΣ",157,"Β",null,null,null,null,null,"Ε4S-16-q64",0,null,"42853Ε3 17η (ΣΤ)261Sα16","2017-04-28","Ε3 17η (ΣΤ)",261,"ΑΕΤ ΝΙΚΗ ΠΑΤΡΩΝ","S","α16",7,2672,655]
[null,null,null,null,null,null,null,null,null,null,null,null,null,null,null,null,null,null,null,null,null,null,null,"ΟΑ ΠΟΛΥΓΥΡΟΥ ΧΑΛΚΙΔΙΚΗΣ",158,"Β",null,null,null,null,null,"Ε4S-16-q128",0,null,"42853Ε3 17η (ΣΤ)261Sκ12","2017-04-28","Ε3 17η (ΣΤ)",261,"ΑΕΤ ΝΙΚΗ ΠΑΤΡΩΝ","S","κ12",9,2673,655]
[null,null,null,null,null,null,null,null,null,null,null,null,null,null,null,null,null,null,null,null,null,null,null,"ΟΑ ΠΟΛΥΚΑΣΤΡΟΥ",159,"Β",null,null,null,null,null,"Ε4S-16-q256",0,null,"42853Ε3 17η (ΣΤ)261Sκ16","2017-04-28","Ε3 17η (ΣΤ)",261,"ΑΕΤ ΝΙΚΗ ΠΑΤΡΩΝ","S","κ16",11,2674,655]
[null,null,null,null,null,null,null,null,null,null,null,null,null,null,null,null,null,null,null,null,null,null,null,"ΟΑ ΠΤΟΛΕΜΑΪΔΑΣ",195,"Γ",null,null,null,null,null,"Ε4S-16-wo",0,null,"42856ITF (SKOPIE)14Sα18","2017-05-01","ITF (SKOPIE)",14,"ITF","S","α18",8,2675,656]
[null,null,null,null,null,null,null,null,null,null,null,null,null,null,null,null,null,null,null,null,null,null,null,"ΟΑ ΡΕΘΥΜΝΟΥ",307,"Ζ",null,null,null,null,null,"Ε4S-18-17_32",0,null,"42856ITF (SKOPIE)14Dα18","2017-05-01","ITF (SKOPIE)",14,"ITF","D","α18",16,2676,656]
[null,null,null,null,null,null,null,null,null,null,null,null,null,null,null,null,null,null,null,null,null,null,null,"ΟΑ ΡΙΟΥ",289,"ΣΤ",null,null,null,null,null,"Ε4S-18-1st",0,null,"42856TE (SVILENGRAND)15Sκ14","2017-05-01","TE (SVILENGRAND)",15,"Tennis Europe","S","κ14",10,2677,657]
[null,null,null,null,null,null,null,null,null,null,null,null,null,null,null,null,null,null,null,null,null,null,null,"ΟΑ ΣΑΛΑΜΙΝΑΣ",399,"Θ",null,null,null,null,null,"Ε4S-18-2nd",0,null,"42860Ε1β (Β)130Sα12","2017-05-05","Ε1β (Β)",130,"ΑΟΑ ΛΕ ΡΑΚΕΤ","S","α12",5,2678,658]
[null,null,null,null,null,null,null,null,null,null,null,null,null,null,null,null,null,null,null,null,null,null,null,"ΟΑ ΣΕΡΡΩΝ",117,"Α",null,null,null,null,null,"Ε4S-18-3_4",0,null,"42860Ε1β (Β)130Dα12","2017-05-05","Ε1β (Β)",130,"ΑΟΑ ΛΕ ΡΑΚΕΤ","D","α12",13,2679,658]
[null,null,null,null,null,null,null,null,null,null,null,null,null,null,null,null,null,null,null,null,null,null,null,"ΟΑ ΣΗΤΕΙΑΣ",308,"Ζ",null,null,null,null,null,"Ε4S-18-33_64",0,null,"42860Ε1β (Β)152Sα14","2017-05-05","Ε1β (Β)",152,"ΟΑ ΚΑΛΑΜΑΡΙΑΣ","S","α14",6,2680,658]
[null,null,null,null,null,null,null,null,null,null,null,null,null,null,null,null,null,null,null,null,null,null,null,"ΟΑ ΣΚΙΑΘΟΥ",246,"Ε",null,null,null,null,null,"Ε4S-18-5_8",0,null,"42860Ε1β (Β)152Dα14","2017-05-05","Ε1β (Β)",152,"ΟΑ ΚΑΛΑΜΑΡΙΑΣ","D","α14",14,2681,658]
[null,null,null,null,null,null,null,null,null,null,null,null,null,null,null,null,null,null,null,null,null,null,null,"ΟΑ ΣΚΥΔΡΑΣ",196,"Γ",null,null,null,null,null,"Ε4S-18-9_16",0,null,"42860Ε1β (Β)165Sα16","2017-05-05","Ε1β (Β)",165,"ΑΣΑ ΘΕΣΣΑΛΟΝΙΚΗΣ","S","α16",7,2682,658]
[null,null,null,null,null,null,null,null,null,null,null,null,null,null,null,null,null,null,null,null,null,null,null,"ΟΑ ΣΟΥΔΑΣ",309,"Ζ",null,null,null,null,null,"Ε4S-18-q8",0,null,"42860Ε1β (Β)165Dα16","2017-05-05","Ε1β (Β)",165,"ΑΣΑ ΘΕΣΣΑΛΟΝΙΚΗΣ","D","α16",15,2683,658]
[null,null,null,null,null,null,null,null,null,null,null,null,null,null,null,null,null,null,null,null,null,null,null,"ΟΑ ΣΟΥΡΩΤΗΣ ΑΛΕΞΑΝΔΡΟΣ",160,"Β",null,null,null,null,null,"Ε4S-18-q16",0,null,"42860Ε1β (Β)152Sα18","2017-05-05","Ε1β (Β)",152,"ΟΑ ΚΑΛΑΜΑΡΙΑΣ","S","α18",8,2684,658]
[null,null,null,null,null,null,null,null,null,null,null,null,null,null,null,null,null,null,null,null,null,null,null,"ΟΑ ΣΟΦΑΔΩΝ ΟΛΥΜΠΙΑΔΑ",247,"Ε",null,null,null,null,null,"Ε4S-18-q32",0,null,"42860Ε1β (Β)152Dα18","2017-05-05","Ε1β (Β)",152,"ΟΑ ΚΑΛΑΜΑΡΙΑΣ","D","α18",16,2685,658]
[null,null,null,null,null,null,null,null,null,null,null,null,null,null,null,null,null,null,null,null,null,null,null,"ΟΑ ΣΠΑΡΤΗΣ",290,"ΣΤ",null,null,null,null,null,"Ε4S-18-q64",0,null,"42860Ε1β (Β)130Sκ12","2017-05-05","Ε1β (Β)",130,"ΑΟΑ ΛΕ ΡΑΚΕΤ","S","κ12",9,2686,658]
[null,null,null,null,null,null,null,null,null,null,null,null,null,null,null,null,null,null,null,null,null,null,null,"ΟΑ ΣΤΑΥΡΟΥ ΑΣΠΡΟΒΑΛΤΑΣ",161,"Β",null,null,null,null,null,"Ε4S-18-q128",0,null,"42860Ε1β (Β)130Dκ12","2017-05-05","Ε1β (Β)",130,"ΑΟΑ ΛΕ ΡΑΚΕΤ","D","κ12",17,2687,658]
[null,null,null,null,null,null,null,null,null,null,null,null,null,null,null,null,null,null,null,null,null,null,null,"ΟΑ ΣΥΡΟΥ",360,"Η",null,null,null,null,null,"Ε4S-18-q256",0,null,"42860Ε1β (Β)152Sκ14","2017-05-05","Ε1β (Β)",152,"ΟΑ ΚΑΛΑΜΑΡΙΑΣ","S","κ14",10,2688,658]
[null,null,null,null,null,null,null,null,null,null,null,null,null,null,null,null,null,null,null,null,null,null,null,"ΟΑ ΤΟΥΜΠΑΣ",162,"Β",null,null,null,null,null,"Ε4S-18-wo",0,null,"42860Ε1β (Β)152Dκ14","2017-05-05","Ε1β (Β)",152,"ΟΑ ΚΑΛΑΜΑΡΙΑΣ","D","κ14",18,2689,658]
[null,null,null,null,null,null,null,null,null,null,null,null,null,null,null,null,null,null,null,null,null,null,null,"ΟΑ ΤΡΙΚΑΛΩΝ",248,"Ε",null,null,null,null,null,null,null,null,"42860Ε1β (Β)165Sκ16","2017-05-05","Ε1β (Β)",165,"ΑΣΑ ΘΕΣΣΑΛΟΝΙΚΗΣ","S","κ16",11,2690,658]
[null,null,null,null,null,null,null,null,null,null,null,null,null,null,null,null,null,null,null,null,null,null,null,"ΟΑ ΦΑΡΣΑΛΩΝ",249,"Ε",null,null,null,null,null,"ΠανS-12-1st",60,null,"42860Ε1β (Β)165Dκ16","2017-05-05","Ε1β (Β)",165,"ΑΣΑ ΘΕΣΣΑΛΟΝΙΚΗΣ","D","κ16",19,2691,658]
[null,null,null,null,null,null,null,null,null,null,null,null,null,null,null,null,null,null,null,null,null,null,null,"ΟΑ ΦΟΙΒΟΣ ΛΑΡΙΣΑΣ",250,"Ε",null,null,null,null,null,"ΠανS-12-2nd",50,null,"42860Ε1β (Β)152Sκ18","2017-05-05","Ε1β (Β)",152,"ΟΑ ΚΑΛΑΜΑΡΙΑΣ","S","κ18",12,2692,658]
[null,null,null,null,null,null,null,null,null,null,null,null,null,null,null,null,null,null,null,null,null,null,null,"ΟΑ ΦΩΚΙΔΑΣ",251,"Ε",null,null,null,null,null,"ΠανS-12-3_4",30,null,"42860Ε1β (Β)152Dκ18","2017-05-05","Ε1β (Β)",152,"ΟΑ ΚΑΛΑΜΑΡΙΑΣ","D","κ18",20,2693,658]
[null,null,null,null,null,null,null,null,null,null,null,null,null,null,null,null,null,null,null,null,null,null,null,"ΟΑ ΧΑΛΚΙΔΑΣ",400,"Θ",null,null,null,null,null,"ΠανS-12-5_8",20,null,"42860Ε3 18η (ΣΤ)286Sα14","2017-05-05","Ε3 18η (ΣΤ)",286,"ΟΑ ΚΟΡΙΝΘΟΥ","S","α14",6,2694,659]
[null,null,null,null,null,null,null,null,null,null,null,null,null,null,null,null,null,null,null,null,null,null,null,"ΟΑ ΧΑΝΙΩΝ",310,"Ζ",null,null,null,null,null,"ΠανS-12-9_16",15,null,"42860Ε3 18η (ΣΤ)286Sκ14","2017-05-05","Ε3 18η (ΣΤ)",286,"ΟΑ ΚΟΡΙΝΘΟΥ","S","κ14",10,2695,659]
[null,null,null,null,null,null,null,null,null,null,null,null,null,null,null,null,null,null,null,null,null,null,null,"ΟΑ ΧΕΡΣΟΝΗΣΟΥ",311,"Ζ",null,null,null,null,null,"ΠανS-12-17_32",10,null,"42860Ε4β (Β)124Sα12","2017-05-05","Ε4β (Β)",124,"ΑΑ ΑΛΜΠΑΤΡΟΣ","S","α12",5,2696,660]
[null,null,null,null,null,null,null,null,null,null,null,null,null,null,null,null,null,null,null,null,null,null,null,"ΟΑ ΧΙΟΥ",361,"Η",null,null,null,null,null,"ΠανS-12-33_64",5,null,"42860Ε4β (Β)154Sα14","2017-05-05","Ε4β (Β)",154,"ΟΑ ΚΟΥΦΑΛΙΩΝ","S","α14",6,2697,660]
[null,null,null,null,null,null,null,null,null,null,null,null,null,null,null,null,null,null,null,null,null,null,null,"ΟΑ ΧΟΛΑΡΓΟΥ",439,"ΙΑ",null,null,null,null,null,"ΠανS-12-65_128",0,null,"42860Ε4β (Β)154Sα16","2017-05-05","Ε4β (Β)",154,"ΟΑ ΚΟΥΦΑΛΙΩΝ","S","α16",7,2698,660]
[null,null,null,null,null,null,null,null,null,null,null,null,null,null,null,null,null,null,null,null,null,null,null,"ΟΑ ΧΡΥΣΟΥΠΟΛΗΣ",456,"Α",null,null,null,null,null,"ΠανS-12-q16",2.5,null,"42860Ε4β (Β)124Sκ12","2017-05-05","Ε4β (Β)",124,"ΑΑ ΑΛΜΠΑΤΡΟΣ","S","κ12",9,2699,660]
[null,null,null,null,null,null,null,null,null,null,null,null,null,null,null,null,null,null,null,null,null,null,null,"ΟΑ ΩΡΑΙΟΚΑΣΤΡΟΥ ΑΝΤΑΙΟΣ",163,"Β",null,null,null,null,null,"ΠανS-12-q32",2.5,null,"42860Ε4β (Β)154Sκ14","2017-05-05","Ε4β (Β)",154,"ΟΑ ΚΟΥΦΑΛΙΩΝ","S","κ14",10,2700,660]
[null,null,null,null,null,null,null,null,null,null,null,null,null,null,null,null,null,null,null,null,null,null,null,"ΟΛΥΜΠΙΑΚΟΣ ΣΦΠ",401,"Θ",null,null,null,null,null,"ΠανS-12-q64",1.5,null,"42863TE (MONTENEGRO)15Sκ14","2017-05-08","TE (MONTENEGRO)",15,"Tennis Europe","S","κ14",10,2701,661]
[null,null,null,null,null,null,null,null,null,null,null,null,null,null,null,null,null,null,null,null,null,null,null,"ΟΠ ΘΕΣ ΜΑΚΕΔΟΝΙΑ 92",164,"Β",null,null,null,null,null,"ΠανS-12-q16/2",1.3,null,"42863TE (TORNEO 14)15Sκ14","2017-05-08","TE (TORNEO 14)",15,"Tennis Europe","S","κ14",10,2702,662]
[null,null,null,null,null,null,null,null,null,null,null,null,null,null,null,null,null,null,null,null,null,null,null,"ΟΦΑ ΜΑΚΕΔΟΝΙΑΣ ΠΗΓΑΣΟΣ",450,"Β",null,null,null,null,null,"ΠανS-12-q128",1,null,"42863TE (XV TORNEIG)15Sα16","2017-05-08","TE (XV TORNEIG)",15,"Tennis Europe","S","α16",7,2703,663]
[null,null,null,null,null,null,null,null,null,null,null,null,null,null,null,null,null,null,null,null,null,null,null,"ΟΦΑ Ο ΦΟΙΒΟΣ",221,"Δ",null,null,null,null,null,"ΠανS-12-q256",0.5,null,"42863TE (XV TORNEIG)15Sκ16","2017-05-08","TE (XV TORNEIG)",15,"Tennis Europe","S","κ16",11,2704,663]
[null,null,null,null,null,null,null,null,null,null,null,null,null,null,null,null,null,null,null,null,null,null,null,"ΟΦΤ ΠΥΡΓΟΥ",291,"ΣΤ",null,null,null,null,null,"ΠανS-12-q",0,null,"42867Ε3 19η (Γ)192Sα14","2017-05-12","Ε3 19η (Γ)",192,"ΟΑ ΛΙΤΟΧΩΡΟΥ","S","α14",6,2705,664]
[null,null,null,null,null,null,null,null,null,null,null,null,null,null,null,null,null,null,null,null,null,null,null,"ΠΑΝΕΛΛΗΝΙΟΣ ΓΣ",402,"Θ",null,null,null,null,null,"ΠανS-12-q8",0,null,"42867Ε3 19η (Γ)192Sκ14","2017-05-12","Ε3 19η (Γ)",192,"ΟΑ ΛΙΤΟΧΩΡΟΥ","S","κ14",10,2706,664]
[null,null,null,null,null,null,null,null,null,null,null,null,null,null,null,null,null,null,null,null,null,null,null,"ΠΑΝΘΡΑΚΙΚΟΣ ΟΑ ΚΟΜΟΤΗΝΗΣ",119,"Α",null,null,null,null,null,"ΠανS-12-wo",0,null,"42867Ε3 19η (Δ)219Sα14","2017-05-12","Ε3 19η (Δ)",219,"ΟΑ ΙΩΑΝΝΙΝΩΝ","S","α14",6,2707,665]
[null,null,null,null,null,null,null,null,null,null,null,null,null,null,null,null,null,null,null,null,null,null,null,"ΠΕΥΚΗ Γ ΚΑΛΟΒΕΛΩΝΗΣ",362,"Η",null,null,null,null,null,"ΠανD-12-1st",15,null,"42867Ε3 19η (Δ)219Sκ14","2017-05-12","Ε3 19η (Δ)",219,"ΟΑ ΙΩΑΝΝΙΝΩΝ","S","κ14",10,2708,665]
[null,null,null,null,null,null,null,null,null,null,null,null,null,null,null,null,null,null,null,null,null,null,null,"ΠΣ ΑΜΠΕΛΩΝΟΣ ΦΙΛΙΠΠΙΔΗΣ",252,"Ε",null,null,null,null,null,"ΠανD-12-2nd",12.5,null,{"$f":"AJ323&AK323&AL323&AN323&AO323","v":"42867Ε3 19η (Ε)244Sα14"},"2017-05-12","Ε3 19η (Ε)",244,"ΟΑ ΜΑΓΝΗΣΙΑΣ","S","α14",6,2709,666]
[null,null,null,null,null,null,null,null,null,null,null,null,null,null,null,null,null,null,null,null,null,null,null,"ΠΦΟ ΡΑΧΗΣ",467,"Γ",null,null,null,null,null,"ΠανD-12-3_4",10,null,"42867Ε3 19η (Ε)244Sκ14","2017-05-12","Ε3 19η (Ε)",244,"ΟΑ ΜΑΓΝΗΣΙΑΣ","S","κ14",10,2710,666]
[null,null,null,null,null,null,null,null,null,null,null,null,null,null,null,null,null,null,null,null,null,null,null,"ΡΗΓΑΣ ΑΟΑ ΑΡΓΟΛΙΔΑΣ",292,"ΣΤ",null,null,null,null,null,"ΠανD-12-5_8",6.5,null,"42870TE (TIRANA)15Sα16","2017-05-15","TE (TIRANA)",15,"Tennis Europe","S","α16",7,2711,667]
[null,null,null,null,null,null,null,null,null,null,null,null,null,null,null,null,null,null,null,null,null,null,null,"ΡΟΔΙΑΚΗ ΑΚΑΔ ΑΝΤΙΣΦ",403,"Θ",null,null,null,null,null,"ΠανD-12-9_16",4,null,"42870TE (TIRANA)15Sκ16","2017-05-15","TE (TIRANA)",15,"Tennis Europe","S","κ16",11,2712,667]
[null,null,null,null,null,null,null,null,null,null,null,null,null,null,null,null,null,null,null,null,null,null,null,"ΡΟΔΙΑΚΟΣ ΟΑ",404,"Θ",null,null,null,null,null,"ΠανD-12-17_32",2,null,"42877TE (KALEVA)15Sα14","2017-05-22","TE (KALEVA)",15,"Tennis Europe","S","α14",6,2713,668]
[null,null,null,null,null,null,null,null,null,null,null,null,null,null,null,null,null,null,null,null,null,null,null,"ΣΑ ΓΑΛΑΤΣΙΟΥ",405,"Θ",null,null,null,null,null,"ΠανD-12-33_64",0,null,"42877TE (NATIONAL PARK)15Sα16","2017-05-22","TE (NATIONAL PARK)",15,"Tennis Europe","S","α16",7,2714,669]
[null,null,null,null,null,null,null,null,null,null,null,null,null,null,null,null,null,null,null,null,null,null,null,"ΣΑ ΔΡΑΜΑΣ",120,"Α",null,null,null,null,null,"ΠανD-12-q",0,null,"42877TE (NATIONAL PARK)15Sκ16","2017-05-22","TE (NATIONAL PARK)",15,"Tennis Europe","S","κ16",11,2715,669]
[null,null,null,null,null,null,null,null,null,null,null,null,null,null,null,null,null,null,null,null,null,null,null,"ΣΑ ΕΛΑΣΣΟΝΑΣ",253,"Ε",null,null,null,null,null,"ΠανD-12-q8",0,null,"42878ITF (DAMOUR)14Sα18","2017-05-23","ITF (DAMOUR)",14,"ITF","S","α18",8,2716,670]
[null,null,null,null,null,null,null,null,null,null,null,null,null,null,null,null,null,null,null,null,null,null,null,"ΣΑ ΚΑΣΤΟΡΙΑΣ ΠΡΩΤΕΑΣ",198,"Γ",null,null,null,null,null,"ΠανD-12-q16",0,null,"42878ITF (DAMOUR)14Dα18","2017-05-23","ITF (DAMOUR)",14,"ITF","D","α18",16,2717,670]
[null,null,null,null,null,null,null,null,null,null,null,null,null,null,null,null,null,null,null,null,null,null,null,"ΣΑ ΚΑΤΕΡΙΝΗΣ",199,"Γ",null,null,null,null,null,"ΠανD-12-q32",0,null,"42878ITF (DAMOUR)14Sκ18","2017-05-23","ITF (DAMOUR)",14,"ITF","S","κ18",12,2718,670]
[null,null,null,null,null,null,null,null,null,null,null,null,null,null,null,null,null,null,null,null,null,null,null,"ΣΑ ΜΕΣΣΗΝΗΣ",293,"ΣΤ",null,null,null,null,null,"ΠανD-12-q64",0,null,"42878ITF (DAMOUR)14Dκ18","2017-05-23","ITF (DAMOUR)",14,"ITF","D","κ18",20,2719,670]
[null,null,null,null,null,null,null,null,null,null,null,null,null,null,null,null,null,null,null,null,null,null,null,"ΣΑ ΡΑΦΗΝΑΣ",363,"Η",null,null,null,null,null,"ΠανD-12-q128",0,null,"42878TE (DR OEKTER)15Sα14","2017-05-23","TE (DR OEKTER)",15,"Tennis Europe","S","α14",6,2720,671]
[null,null,null,null,null,null,null,null,null,null,null,null,null,null,null,null,null,null,null,null,null,null,null,"ΣΑ ΣΕΡΡΩΝ",121,"Α",null,null,null,null,null,"ΠανD-12-wo",0,null,"42882Ε3 21η (ΙΑ)423Sα12","2017-05-27","Ε3 21η (ΙΑ)",423,"ΑΟΑ ΑΡΓΥΡΟΥΠΟΛΗΣ","S","α12",5,2721,672]
[null,null,null,null,null,null,null,null,null,null,null,null,null,null,null,null,null,null,null,null,null,null,null,"ΣΑ ΣΚΥΔΡΑΣ",200,"Γ",null,null,null,null,null,"ΠανS-14-1st",120,null,"42882Ε3 21η (ΙΑ)423Sα14","2017-05-27","Ε3 21η (ΙΑ)",423,"ΑΟΑ ΑΡΓΥΡΟΥΠΟΛΗΣ","S","α14",6,2722,672]
[null,null,null,null,null,null,null,null,null,null,null,null,null,null,null,null,null,null,null,null,null,null,null,"ΣΑ ΤΡΙΠΟΛΗΣ",294,"ΣΤ",null,null,null,null,null,"ΠανS-14-2nd",100,null,"42882Ε3 21η (ΙΑ)423Sα16","2017-05-27","Ε3 21η (ΙΑ)",423,"ΑΟΑ ΑΡΓΥΡΟΥΠΟΛΗΣ","S","α16",7,2723,672]
[null,null,null,null,null,null,null,null,null,null,null,null,null,null,null,null,null,null,null,null,null,null,null,"ΣΑΑΚ ΑΝΑΤΟΛΙΑ",166,"Β",null,null,null,null,null,"ΠανS-14-3_4",60,null,"42882Ε3 21η (ΙΑ)423Sκ12","2017-05-27","Ε3 21η (ΙΑ)",423,"ΑΟΑ ΑΡΓΥΡΟΥΠΟΛΗΣ","S","κ12",9,2724,672]
[null,null,null,null,null,null,null,null,null,null,null,null,null,null,null,null,null,null,null,null,null,null,null,"ΣΕΡΡΑΪΚΟΣ ΟΑ",122,"Α",null,null,null,null,null,"ΠανS-14-5_8",40,null,"42882Ε3 21η (ΙΑ)423Sκ14","2017-05-27","Ε3 21η (ΙΑ)",423,"ΑΟΑ ΑΡΓΥΡΟΥΠΟΛΗΣ","S","κ14",10,2725,672]
[null,null,null,null,null,null,null,null,null,null,null,null,null,null,null,null,null,null,null,null,null,null,null,"ΣΟΑ ΚΑΡΔΙΤΣΑΣ ΦΩΚΙΑΝΟΣ",254,"Ε",null,null,null,null,null,"ΠανS-14-9_16",30,null,"42882Ε3 21η (ΙΑ)423Sκ16","2017-05-27","Ε3 21η (ΙΑ)",423,"ΑΟΑ ΑΡΓΥΡΟΥΠΟΛΗΣ","S","κ16",11,2726,672]
[null,null,null,null,null,null,null,null,null,null,null,null,null,null,null,null,null,null,null,null,null,null,null,"ΣΟΙΣ ΝΕΑ ΠΝΟΗ",457,"Α",null,null,null,null,null,"ΠανS-14-17_32",20,null,"42884ITF (MZIURI CUP)14Dα18","2017-05-29","ITF (MZIURI CUP)",14,"ITF","D","α18",16,2727,673]
[null,null,null,null,null,null,null,null,null,null,null,null,null,null,null,null,null,null,null,null,null,null,null,"ΣΦΑ ΜΕΛΙΣΣΙΩΝ Ο ΦΟΙΒΟΣ",364,"Η",null,null,null,null,null,"ΠανS-14-33_64",10,null,"42884TE (BITOLA U14)15Sα14","2017-05-29","TE (BITOLA U14)",15,"Tennis Europe","S","α14",6,2728,674]
[null,null,null,null,null,null,null,null,null,null,null,null,null,null,null,null,null,null,null,null,null,null,null,"ΣΦΑ ΧΕΡΣΟΝΗΣΟΥ",452,"Ζ",null,null,null,null,null,"ΠανS-14-65_128",0,null,"42884TE (BITOLA U14)15Sκ14","2017-05-29","TE (BITOLA U14)",15,"Tennis Europe","S","κ14",10,2729,674]
[null,null,null,null,null,null,null,null,null,null,null,null,null,null,null,null,null,null,null,null,null,null,null,"ΣΦΦΑ Η ΑΜΙΛΛΑ",255,"Ε",null,null,null,null,null,"ΠανS-14-q16",5,null,"42884TE (BITOLA U14)15Dκ14","2017-05-29","TE (BITOLA U14)",15,"Tennis Europe","D","κ14",18,2730,674]
[null,null,null,null,null,null,null,null,null,null,null,null,null,null,null,null,null,null,null,null,null,null,null,"ΦΑ ΕΚΑΛΗΣ ΛΟΥΜΠΙΕ",365,"Η",null,null,null,null,null,"ΠανS-14-q32",5,null,"42891TE (5o MEMORIAL)15Sα16","2017-06-05","TE (5o MEMORIAL)",15,"Tennis Europe","S","α16",7,2731,675]
[null,null,null,null,null,null,null,null,null,null,null,null,null,null,null,null,null,null,null,null,null,null,null,"ΦΘΙΩΤΙΚΟΣ ΟΑ",256,"Ε",null,null,null,null,null,"ΠανS-14-q64",3,null,"42892ITF (LARNACA)14Sα18","2017-06-06","ITF (LARNACA)",14,"ITF","S","α18",8,2732,676]
[null,null,null,null,null,null,null,null,null,null,null,null,null,null,null,null,null,null,null,null,null,null,null,"ΦΙΛΑΘΛ ΓΣ ΣΠΑΡΤΗΣ",295,"ΣΤ",null,null,null,null,null,"ΠανS-14-q16/2",2.5,null,"42892ITF (LARNACA)14Sκ18","2017-06-06","ITF (LARNACA)",14,"ITF","S","κ18",12,2733,676]
[null,null,null,null,null,null,null,null,null,null,null,null,null,null,null,null,null,null,null,null,null,null,null,"ΦΙΛΑΘΛΗΤ ΣΥΛ ΛΑΜΙΑΣ",257,"Ε",null,null,null,null,null,"ΠανS-14-q128",2,null,"42892ITF (LARNACA)14Dκ18","2017-06-06","ITF (LARNACA)",14,"ITF","D","κ18",20,2734,676]
[null,null,null,null,null,null,null,null,null,null,null,null,null,null,null,null,null,null,null,null,null,null,null,"ΦΙΛΙΑ ΤΚ",312,"Ζ",null,null,null,null,null,"ΠανS-14-q256",1,null,"42896Ε3 23η (Β)162Sα14","2017-06-10","Ε3 23η (Β)",162,"ΟΑ ΤΟΥΜΠΑΣ","S","α14",6,2735,677]
[null,null,null,null,null,null,null,null,null,null,null,null,null,null,null,null,null,null,null,null,null,null,null,"ΦΟ ΝΑΥΠΑΚΤΟΥ ΟΜΟΝΟΙΑ",296,"ΣΤ",null,null,null,null,null,"ΠανS-14-q",0,null,"42896Ε3 23η (Β)162Sκ14","2017-06-10","Ε3 23η (Β)",162,"ΟΑ ΤΟΥΜΠΑΣ","S","κ14",10,2736,677]
[null,null,null,null,null,null,null,null,null,null,null,null,null,null,null,null,null,null,null,null,null,null,null,"ΦΟ ΠΥΡΓΟΥ",297,"ΣΤ",null,null,null,null,null,"ΠανS-14-q8",0,null,"42896Ε3 23η (Δ)220Sα12","2017-06-10","Ε3 23η (Δ)",220,"ΟΑ ΚΕΡΚΥΡΑΣ","S","α12",5,2737,678]
[null,null,null,null,null,null,null,null,null,null,null,null,null,null,null,null,null,null,null,null,null,null,null,"ΦΟΑ ΝΕΑΠΟΛΗΣ",167,"Β",null,null,null,null,null,"ΠανS-14-wo",0,null,"42896Ε3 23η (Δ)220Sα16","2017-06-10","Ε3 23η (Δ)",220,"ΟΑ ΚΕΡΚΥΡΑΣ","S","α16",7,2738,678]
[null,null,null,null,null,null,null,null,null,null,null,null,null,null,null,null,null,null,null,null,null,null,null,"ΦΣ ΚΑΛΛΙΘΕΑΣ",406,"Θ",null,null,null,null,null,"ΠανD-14-1st",30,null,"42896Ε3 23η (Δ)220Sκ12","2017-06-10","Ε3 23η (Δ)",220,"ΟΑ ΚΕΡΚΥΡΑΣ","S","κ12",9,2739,678]
[null,null,null,null,null,null,null,null,null,null,null,null,null,null,null,null,null,null,null,null,null,null,null,"ΧΑΝ ΘΕΣΣΑΛΟΝΙΚΗΣ",168,"Β",null,null,null,null,null,"ΠανD-14-2nd",25,null,"42896Ε3 23η (Δ)220Sκ16","2017-06-10","Ε3 23η (Δ)",220,"ΟΑ ΚΕΡΚΥΡΑΣ","S","κ16",11,2740,678]
[null,null,null,null,null,null,null,null,null,null,null,null,null,null,null,null,null,null,null,null,null,null,null,"ΧΡΥΣΟΣ ΟΑ",281,"ΣΤ",null,null,null,null,null,"ΠανD-14-3_4",20,null,"42896Ε3 23η (Η)363Sα12","2017-06-10","Ε3 23η (Η)",363,"ΣΑ ΡΑΦΗΝΑΣ","S","α12",5,2741,679]
[null,null,null,null,null,null,null,null,null,null,null,null,null,null,null,null,null,null,null,null,null,null,null,null,null,null,null,null,null,null,null,"ΠανD-14-5_8",13,null,"42896Ε3 23η (Η)363Sα14","2017-06-10","Ε3 23η (Η)",363,"ΣΑ ΡΑΦΗΝΑΣ","S","α14",6,2742,679]
[null,null,null,null,null,null,null,null,null,null,null,null,null,null,null,null,null,null,null,null,null,null,null,null,null,null,null,null,null,null,null,"ΠανD-14-9_16",8,null,"42896Ε3 23η (Η)363Sα16","2017-06-10","Ε3 23η (Η)",363,"ΣΑ ΡΑΦΗΝΑΣ","S","α16",7,2743,679]
[null,null,null,null,null,null,null,null,null,null,null,null,null,null,null,null,null,null,null,null,null,null,null,null,null,null,null,null,null,null,null,"ΠανD-14-17_32",4,null,"42896Ε3 23η (Η)363Sκ12","2017-06-10","Ε3 23η (Η)",363,"ΣΑ ΡΑΦΗΝΑΣ","S","κ12",9,2744,679]
[null,null,null,null,null,null,null,null,null,null,null,null,null,null,null,null,null,null,null,null,null,null,null,null,null,null,null,null,null,null,null,"ΠανD-14-33_64",0,null,"42896Ε3 23η (Η)363Sκ14","2017-06-10","Ε3 23η (Η)",363,"ΣΑ ΡΑΦΗΝΑΣ","S","κ14",10,2745,679]
[null,null,null,null,null,null,null,null,null,null,null,null,null,null,null,null,null,null,null,null,null,null,null,null,null,null,null,null,null,null,null,"ΠανD-14-q",0,null,"42896Ε3 23η (Η)363Sκ16","2017-06-10","Ε3 23η (Η)",363,"ΣΑ ΡΑΦΗΝΑΣ","S","κ16",11,2746,679]
[null,null,null,null,null,null,null,null,null,null,null,null,null,null,null,null,null,null,null,null,null,null,null,null,null,null,null,null,null,null,null,"ΠανD-14-q8",0,null,"42898ITF (VIVA TROPHY)14Dκ18","2017-06-12","ITF (VIVA TROPHY)",14,"ITF","D","κ18",20,2747,680]
[null,null,null,null,null,null,null,null,null,null,null,null,null,null,null,null,null,null,null,null,null,null,null,null,null,null,null,null,null,null,null,"ΠανD-14-q16",0,null,"42898TE (LEILA MESKHI)15Sα16","2017-06-12","TE (LEILA MESKHI)",15,"Tennis Europe","S","α16",7,2748,681]
[null,null,null,null,null,null,null,null,null,null,null,null,null,null,null,null,null,null,null,null,null,null,null,null,null,null,null,null,null,null,null,"ΠανD-14-q32",0,null,"42898TE (TAC CUP)15Sα14","2017-06-12","TE (TAC CUP)",15,"Tennis Europe","S","α14",6,2749,682]
[null,null,null,null,null,null,null,null,null,null,null,null,null,null,null,null,null,null,null,null,null,null,null,null,null,null,null,null,null,null,null,"ΠανD-14-q64",0,null,"42898TE (TAC CUP)15Sκ14","2017-06-12","TE (TAC CUP)",15,"Tennis Europe","S","κ14",10,2750,682]
[null,null,null,null,null,null,null,null,null,null,null,null,null,null,null,null,null,null,null,null,null,null,null,null,null,null,null,null,null,null,null,"ΠανD-14-q128",0,null,"42898TE (TAC CUP)15Dκ14","2017-06-12","TE (TAC CUP)",15,"Tennis Europe","D","κ14",18,2751,682]
[null,null,null,null,null,null,null,null,null,null,null,null,null,null,null,null,null,null,null,null,null,null,null,null,null,null,null,null,null,null,null,"ΠανD-14-wo",0,null,"42898TE (TENNISPARK)15Sα16","2017-06-12","TE (TENNISPARK)",15,"Tennis Europe","S","α16",7,2752,683]
[null,null,null,null,null,null,null,null,null,null,null,null,null,null,null,null,null,null,null,null,null,null,null,null,null,null,null,null,null,null,null,"ΠανS-16-1st",240,null,"42898TE (TENNISPARK)15Dα16","2017-06-12","TE (TENNISPARK)",15,"Tennis Europe","D","α16",15,2753,683]
[null,null,null,null,null,null,null,null,null,null,null,null,null,null,null,null,null,null,null,null,null,null,null,null,null,null,null,null,null,null,null,"ΠανS-16-2nd",200,null,"42898TE (TENNISPARK)15Sκ16","2017-06-12","TE (TENNISPARK)",15,"Tennis Europe","S","κ16",11,2754,683]
[null,null,null,null,null,null,null,null,null,null,null,null,null,null,null,null,null,null,null,null,null,null,null,null,null,null,null,null,null,null,null,"ΠανS-16-3_4",120,null,"42898TE (TENNISPARK)15Dκ16","2017-06-12","TE (TENNISPARK)",15,"Tennis Europe","D","κ16",19,2755,683]
[null,null,null,null,null,null,null,null,null,null,null,null,null,null,null,null,null,null,null,null,null,null,null,null,null,null,null,null,null,null,null,"ΠανS-16-5_8",80,null,"42898TE (WILSON JUNIOR)15Sα14","2017-06-12","TE (WILSON JUNIOR)",15,"Tennis Europe","S","α14",6,2756,684]
[null,null,null,null,null,null,null,null,null,null,null,null,null,null,null,null,null,null,null,null,null,null,null,null,null,null,null,null,null,null,null,"ΠανS-16-9_16",60,null,"42899ITF (25TH INTER)14Sκ18","2017-06-13","ITF (25TH INTER)",14,"ITF","S","κ18",12,2757,685]
[null,null,null,null,null,null,null,null,null,null,null,null,null,null,null,null,null,null,null,null,null,null,null,null,null,null,null,null,null,null,null,"ΠανS-16-17_32",40,null,"42901TE (FALKOPINGS)15Sα14","2017-06-15","TE (FALKOPINGS)",15,"Tennis Europe","S","α14",6,2758,686]
[null,null,null,null,null,null,null,null,null,null,null,null,null,null,null,null,null,null,null,null,null,null,null,null,null,null,null,null,null,null,null,"ΠανS-16-33_64",20,null,"42902ITF (LARNACA)14Sκ18","2017-06-16","ITF (LARNACA)",14,"ITF","S","κ18",12,2759,687]
[null,null,null,null,null,null,null,null,null,null,null,null,null,null,null,null,null,null,null,null,null,null,null,null,null,null,null,null,null,null,null,"ΠανS-16-65_128",0,null,"42902ITF (LARNACA)14Dκ18","2017-06-16","ITF (LARNACA)",14,"ITF","D","κ18",20,2760,687]
[null,null,null,null,null,null,null,null,null,null,null,null,null,null,null,null,null,null,null,null,null,null,null,null,null,null,null,null,null,null,null,"ΠανS-16-q16",10,null,"42903Ε3 24η (Β)124Sα12","2017-06-17","Ε3 24η (Β)",124,"ΑΑ ΑΛΜΠΑΤΡΟΣ","S","α12",5,2761,688]
[null,null,null,null,null,null,null,null,null,null,null,null,null,null,null,null,null,null,null,null,null,null,null,null,null,null,null,null,null,null,null,"ΠανS-16-q32",10,null,"42903Ε3 24η (Β)152Sα16","2017-06-17","Ε3 24η (Β)",152,"ΟΑ ΚΑΛΑΜΑΡΙΑΣ","S","α16",7,2762,688]
[null,null,null,null,null,null,null,null,null,null,null,null,null,null,null,null,null,null,null,null,null,null,null,null,null,null,null,null,null,null,null,"ΠανS-16-q64",6,null,"42903Ε3 24η (Β)124Sκ12","2017-06-17","Ε3 24η (Β)",124,"ΑΑ ΑΛΜΠΑΤΡΟΣ","S","κ12",9,2763,688]
[null,null,null,null,null,null,null,null,null,null,null,null,null,null,null,null,null,null,null,null,null,null,null,null,null,null,null,null,null,null,null,"ΠανS-16-q16/2",5,null,"42903Ε3 24η (Β)152Sκ16","2017-06-17","Ε3 24η (Β)",152,"ΟΑ ΚΑΛΑΜΑΡΙΑΣ","S","κ16",11,2764,688]
[null,null,null,null,null,null,null,null,null,null,null,null,null,null,null,null,null,null,null,null,null,null,null,null,null,null,null,null,null,null,null,"ΠανS-16-q128",4,null,"42903Ε3 24η (Γ)192Sα12","2017-06-17","Ε3 24η (Γ)",192,"ΟΑ ΛΙΤΟΧΩΡΟΥ","S","α12",5,2765,689]
[null,null,null,null,null,null,null,null,null,null,null,null,null,null,null,null,null,null,null,null,null,null,null,null,null,null,null,null,null,null,null,"ΠανS-16-q256",2,null,"42903Ε3 24η (Γ)171Sα14","2017-06-17","Ε3 24η (Γ)",171,"ΑΟΑ ΚΑΤΕΡΙΝΗΣ","S","α14",6,2766,689]
[null,null,null,null,null,null,null,null,null,null,null,null,null,null,null,null,null,null,null,null,null,null,null,null,null,null,null,null,null,null,null,"ΠανS-16-q",0,null,"42903Ε3 24η (Γ)192Sα16","2017-06-17","Ε3 24η (Γ)",192,"ΟΑ ΛΙΤΟΧΩΡΟΥ","S","α16",7,2767,689]
[null,null,null,null,null,null,null,null,null,null,null,null,null,null,null,null,null,null,null,null,null,null,null,null,null,null,null,null,null,null,null,"ΠανS-16-q8",0,null,"42903Ε3 24η (Γ)171Sκ12","2017-06-17","Ε3 24η (Γ)",171,"ΑΟΑ ΚΑΤΕΡΙΝΗΣ","S","κ12",9,2768,689]
[null,null,null,null,null,null,null,null,null,null,null,null,null,null,null,null,null,null,null,null,null,null,null,null,null,null,null,null,null,null,null,"ΠανS-16-wo",0,null,"42903Ε3 24η (Γ)171Sκ14","2017-06-17","Ε3 24η (Γ)",171,"ΑΟΑ ΚΑΤΕΡΙΝΗΣ","S","κ14",10,2769,689]
[null,null,null,null,null,null,null,null,null,null,null,null,null,null,null,null,null,null,null,null,null,null,null,null,null,null,null,null,null,null,null,"ΠανD-16-1st",60,null,"42903Ε3 24η (Γ)192Sκ16","2017-06-17","Ε3 24η (Γ)",192,"ΟΑ ΛΙΤΟΧΩΡΟΥ","S","κ16",11,2770,689]
[null,null,null,null,null,null,null,null,null,null,null,null,null,null,null,null,null,null,null,null,null,null,null,null,null,null,null,null,null,null,null,"ΠανD-16-2nd",50,null,"42903Ε3 24η (Δ)220Sα14","2017-06-17","Ε3 24η (Δ)",220,"ΟΑ ΚΕΡΚΥΡΑΣ","S","α14",6,2771,690]
[null,null,null,null,null,null,null,null,null,null,null,null,null,null,null,null,null,null,null,null,null,null,null,null,null,null,null,null,null,null,null,"ΠανD-16-3_4",40,null,"42903Ε3 24η (Δ)220Sκ14","2017-06-17","Ε3 24η (Δ)",220,"ΟΑ ΚΕΡΚΥΡΑΣ","S","κ14",10,2772,690]
[null,null,null,null,null,null,null,null,null,null,null,null,null,null,null,null,null,null,null,null,null,null,null,null,null,null,null,null,null,null,null,"ΠανD-16-5_8",26,null,{"$f":"AJ387&AK387&AL387&AN387&AO387","v":"42903Ε3 24η (Θ)400Sα12"},"2017-06-17","Ε3 24η (Θ)",400,"ΟΑ ΧΑΛΚΙΔΑΣ","S","α12",5,2773,691]
[null,null,null,null,null,null,null,null,null,null,null,null,null,null,null,null,null,null,null,null,null,null,null,null,null,null,null,null,null,null,null,"ΠανD-16-9_16",16,null,"42903Ε3 24η (Θ)400Sα14","2017-06-17","Ε3 24η (Θ)",400,"ΟΑ ΧΑΛΚΙΔΑΣ","S","α14",6,2774,691]
[null,null,null,null,null,null,null,null,null,null,null,null,null,null,null,null,null,null,null,null,null,null,null,null,null,null,null,null,null,null,null,"ΠανD-16-17_32",8,null,"42903Ε3 24η (Θ)400Sα16","2017-06-17","Ε3 24η (Θ)",400,"ΟΑ ΧΑΛΚΙΔΑΣ","S","α16",7,2775,691]
[null,null,null,null,null,null,null,null,null,null,null,null,null,null,null,null,null,null,null,null,null,null,null,null,null,null,null,null,null,null,null,"ΠανD-16-33_64",0,null,"42903Ε3 24η (Θ)400Sκ12","2017-06-17","Ε3 24η (Θ)",400,"ΟΑ ΧΑΛΚΙΔΑΣ","S","κ12",9,2776,691]
[null,null,null,null,null,null,null,null,null,null,null,null,null,null,null,null,null,null,null,null,null,null,null,null,null,null,null,null,null,null,null,"ΠανD-16-q",0,null,"42903Ε3 24η (Θ)400Sκ14","2017-06-17","Ε3 24η (Θ)",400,"ΟΑ ΧΑΛΚΙΔΑΣ","S","κ14",10,2777,691]
[null,null,null,null,null,null,null,null,null,null,null,null,null,null,null,null,null,null,null,null,null,null,null,null,null,null,null,null,null,null,null,"ΠανD-16-q8",0,null,"42903Ε3 24η (Θ)400Sκ16","2017-06-17","Ε3 24η (Θ)",400,"ΟΑ ΧΑΛΚΙΔΑΣ","S","κ16",11,2778,691]
[null,null,null,null,null,null,null,null,null,null,null,null,null,null,null,null,null,null,null,null,null,null,null,null,null,null,null,null,null,null,null,"ΠανD-16-q16",0,null,"42905TE (ANTEI)15Sα14","2017-06-19","TE (ANTEI)",15,"Tennis Europe","S","α14",6,2779,692]
[null,null,null,null,null,null,null,null,null,null,null,null,null,null,null,null,null,null,null,null,null,null,null,null,null,null,null,null,null,null,null,"ΠανD-16-q32",0,null,"42905TE (KOZA WOS CUP)15Sα16","2017-06-19","TE (KOZA WOS CUP)",15,"Tennis Europe","S","α16",7,2780,693]
[null,null,null,null,null,null,null,null,null,null,null,null,null,null,null,null,null,null,null,null,null,null,null,null,null,null,null,null,null,null,null,"ΠανD-16-q64",0,null,"42906ITF (ALLIANZ)14Sκ18","2017-06-20","ITF (ALLIANZ)",14,"ITF","S","κ18",12,2781,694]
[null,null,null,null,null,null,null,null,null,null,null,null,null,null,null,null,null,null,null,null,null,null,null,null,null,null,null,null,null,null,null,"ΠανD-16-q128",0,null,"42910Ε3 25η (Α)107Sα12","2017-06-24","Ε3 25η (Α)",107,"ΑΟΑ Ν ΠΕΡΑΜΟΥ ΤΙΤΑΝΕΣ","S","α12",5,2782,695]
[null,null,null,null,null,null,null,null,null,null,null,null,null,null,null,null,null,null,null,null,null,null,null,null,null,null,null,null,null,null,null,"ΠανD-16-wo",0,null,"42910Ε3 25η (Α)107Sα14","2017-06-24","Ε3 25η (Α)",107,"ΑΟΑ Ν ΠΕΡΑΜΟΥ ΤΙΤΑΝΕΣ","S","α14",6,2783,695]
[null,null,null,null,null,null,null,null,null,null,null,null,null,null,null,null,null,null,null,null,null,null,null,null,null,null,null,null,null,null,null,"ΠανS-18-1st",300,null,"42910Ε3 25η (Α)107Sα16","2017-06-24","Ε3 25η (Α)",107,"ΑΟΑ Ν ΠΕΡΑΜΟΥ ΤΙΤΑΝΕΣ","S","α16",7,2784,695]
[null,null,null,null,null,null,null,null,null,null,null,null,null,null,null,null,null,null,null,null,null,null,null,null,null,null,null,null,null,null,null,"ΠανS-18-2nd",250,null,"42910Ε3 25η (Α)107Sκ12","2017-06-24","Ε3 25η (Α)",107,"ΑΟΑ Ν ΠΕΡΑΜΟΥ ΤΙΤΑΝΕΣ","S","κ12",9,2785,695]
[null,null,null,null,null,null,null,null,null,null,null,null,null,null,null,null,null,null,null,null,null,null,null,null,null,null,null,null,null,null,null,"ΠανS-18-3_4",150,null,"42910Ε3 25η (Α)107Sκ14","2017-06-24","Ε3 25η (Α)",107,"ΑΟΑ Ν ΠΕΡΑΜΟΥ ΤΙΤΑΝΕΣ","S","κ14",10,2786,695]
[null,null,null,null,null,null,null,null,null,null,null,null,null,null,null,null,null,null,null,null,null,null,null,null,null,null,null,null,null,null,null,"ΠανS-18-5_8",100,null,"42910Ε3 25η (Ζ)304Sα12","2017-06-24","Ε3 25η (Ζ)",304,"ΓΣ ΛΙΒΥΚΟΣ ΙΕΡΑΠΕΤΡΑΣ","S","α12",5,2787,696]
[null,null,null,null,null,null,null,null,null,null,null,null,null,null,null,null,null,null,null,null,null,null,null,null,null,null,null,null,null,null,null,"ΠανS-18-9_16",75,null,"42910Ε3 25η (Ζ)304Sα16","2017-06-24","Ε3 25η (Ζ)",304,"ΓΣ ΛΙΒΥΚΟΣ ΙΕΡΑΠΕΤΡΑΣ","S","α16",7,2788,696]
[null,null,null,null,null,null,null,null,null,null,null,null,null,null,null,null,null,null,null,null,null,null,null,null,null,null,null,null,null,null,null,"ΠανS-18-17_32",50,null,"42910Ε3 25η (Ζ)304Sκ12","2017-06-24","Ε3 25η (Ζ)",304,"ΓΣ ΛΙΒΥΚΟΣ ΙΕΡΑΠΕΤΡΑΣ","S","κ12",9,2789,696]
[null,null,null,null,null,null,null,null,null,null,null,null,null,null,null,null,null,null,null,null,null,null,null,null,null,null,null,null,null,null,null,"ΠανS-18-33_64",25,null,"42910Ε3 25η (Ζ)304Sκ16","2017-06-24","Ε3 25η (Ζ)",304,"ΓΣ ΛΙΒΥΚΟΣ ΙΕΡΑΠΕΤΡΑΣ","S","κ16",11,2790,696]
[null,null,null,null,null,null,null,null,null,null,null,null,null,null,null,null,null,null,null,null,null,null,null,null,null,null,null,null,null,null,null,"ΠανS-18-65_128",0,null,"42912ITF (VAN DER VALK)14Sκ18","2017-06-26","ITF (VAN DER VALK)",14,"ITF","S","κ18",12,2791,697]
[null,null,null,null,null,null,null,null,null,null,null,null,null,null,null,null,null,null,null,null,null,null,null,null,null,null,null,null,null,null,null,"ΠανS-18-q16",12.5,null,"42912TE (KRISTOF)15Dκ16","2017-06-26","TE (KRISTOF)",15,"Tennis Europe","D","κ16",19,2792,698]
[null,null,null,null,null,null,null,null,null,null,null,null,null,null,null,null,null,null,null,null,null,null,null,null,null,null,null,null,null,null,null,"ΠανS-18-q32",12.5,null,"42912TE (SPORT PALACE)15Sα16","2017-06-26","TE (SPORT PALACE)",15,"Tennis Europe","S","α16",7,2793,699]
[null,null,null,null,null,null,null,null,null,null,null,null,null,null,null,null,null,null,null,null,null,null,null,null,null,null,null,null,null,null,null,"ΠανS-18-q64",7.5,null,"42912TE (SPORT PALACE)15Dκ16","2017-06-26","TE (SPORT PALACE)",15,"Tennis Europe","D","κ16",19,2794,699]
[null,null,null,null,null,null,null,null,null,null,null,null,null,null,null,null,null,null,null,null,null,null,null,null,null,null,null,null,null,null,null,"ΠανS-18-q16/2",6.3,null,"42913ITF (ALEX METREVELI)14Sκ18","2017-06-27","ITF (ALEX METREVELI)",14,"ITF","S","κ18",12,2795,700]
[null,null,null,null,null,null,null,null,null,null,null,null,null,null,null,null,null,null,null,null,null,null,null,null,null,null,null,null,null,null,null,"ΠανS-18-q128",5,null,"42913ITF (ALEX METREVELI)14Dκ18","2017-06-27","ITF (ALEX METREVELI)",14,"ITF","D","κ18",20,2796,700]
[null,null,null,null,null,null,null,null,null,null,null,null,null,null,null,null,null,null,null,null,null,null,null,null,null,null,null,null,null,null,null,"ΠανS-18-q256",2.5,null,"42913ITF (ΓΕ ΠΡΕΒΕΖΑΣ)211Sα18","2017-06-27","ITF (ΓΕ ΠΡΕΒΕΖΑΣ)",211,"ΓΕ ΠΡΕΒΕΖΑΣ","S","α18",8,2797,701]
[null,null,null,null,null,null,null,null,null,null,null,null,null,null,null,null,null,null,null,null,null,null,null,null,null,null,null,null,null,null,null,"ΠανS-18-q",0,null,"42913ITF (ΓΕ ΠΡΕΒΕΖΑΣ)211Dα18","2017-06-27","ITF (ΓΕ ΠΡΕΒΕΖΑΣ)",211,"ΓΕ ΠΡΕΒΕΖΑΣ","D","α18",16,2798,701]
[null,null,null,null,null,null,null,null,null,null,null,null,null,null,null,null,null,null,null,null,null,null,null,null,null,null,null,null,null,null,null,"ΠανS-18-q8",0,null,"42913ITF (ΓΕ ΠΡΕΒΕΖΑΣ)211Sκ18","2017-06-27","ITF (ΓΕ ΠΡΕΒΕΖΑΣ)",211,"ΓΕ ΠΡΕΒΕΖΑΣ","S","κ18",12,2799,701]
[null,null,null,null,null,null,null,null,null,null,null,null,null,null,null,null,null,null,null,null,null,null,null,null,null,null,null,null,null,null,null,"ΠανS-18-wo",0,null,"42913ITF (ΓΕ ΠΡΕΒΕΖΑΣ)211Dκ18","2017-06-27","ITF (ΓΕ ΠΡΕΒΕΖΑΣ)",211,"ΓΕ ΠΡΕΒΕΖΑΣ","D","κ18",20,2800,701]
[null,null,null,null,null,null,null,null,null,null,null,null,null,null,null,null,null,null,null,null,null,null,null,null,null,null,null,null,null,null,null,"ΠανD-18-1st",75,null,"42915Ε2γ (Γ)193Sα12","2017-06-29","Ε2γ (Γ)",193,"ΟΑ ΝΑΟΥΣΑΣ","S","α12",5,2801,702]
[null,null,null,null,null,null,null,null,null,null,null,null,null,null,null,null,null,null,null,null,null,null,null,null,null,null,null,null,null,null,null,"ΠανD-18-2nd",62.5,null,"42915Ε2γ (Γ)193Dα12","2017-06-29","Ε2γ (Γ)",193,"ΟΑ ΝΑΟΥΣΑΣ","D","α12",13,2802,702]
[null,null,null,null,null,null,null,null,null,null,null,null,null,null,null,null,null,null,null,null,null,null,null,null,null,null,null,null,null,null,null,"ΠανD-18-3_4",50,null,"42915Ε2γ (Γ)185Sα14","2017-06-29","Ε2γ (Γ)",185,"ΟΑ ΑΡΙΔΑΙΑΣ","S","α14",6,2803,702]
[null,null,null,null,null,null,null,null,null,null,null,null,null,null,null,null,null,null,null,null,null,null,null,null,null,null,null,null,null,null,null,"ΠανD-18-5_8",32.5,null,"42915Ε2γ (Γ)185Dα14","2017-06-29","Ε2γ (Γ)",185,"ΟΑ ΑΡΙΔΑΙΑΣ","D","α14",14,2804,702]
[null,null,null,null,null,null,null,null,null,null,null,null,null,null,null,null,null,null,null,null,null,null,null,null,null,null,null,null,null,null,null,"ΠανD-18-9_16",20,null,"42915Ε2γ (Γ)186Sα16","2017-06-29","Ε2γ (Γ)",186,"ΟΑ ΒΕΡΟΙΑΣ","S","α16",7,2805,702]
[null,null,null,null,null,null,null,null,null,null,null,null,null,null,null,null,null,null,null,null,null,null,null,null,null,null,null,null,null,null,null,"ΠανD-18-17_32",10,null,"42915Ε2γ (Γ)186Dα16","2017-06-29","Ε2γ (Γ)",186,"ΟΑ ΒΕΡΟΙΑΣ","D","α16",15,2806,702]
[null,null,null,null,null,null,null,null,null,null,null,null,null,null,null,null,null,null,null,null,null,null,null,null,null,null,null,null,null,null,null,"ΠανD-18-33_64",0,null,"42915Ε2γ (Γ)196Sκ12","2017-06-29","Ε2γ (Γ)",196,"ΟΑ ΣΚΥΔΡΑΣ","S","κ12",9,2807,702]
[null,null,null,null,null,null,null,null,null,null,null,null,null,null,null,null,null,null,null,null,null,null,null,null,null,null,null,null,null,null,null,"ΠανD-18-q",0,null,"42915Ε2γ (Γ)196Dκ12","2017-06-29","Ε2γ (Γ)",196,"ΟΑ ΣΚΥΔΡΑΣ","D","κ12",17,2808,702]
[null,null,null,null,null,null,null,null,null,null,null,null,null,null,null,null,null,null,null,null,null,null,null,null,null,null,null,null,null,null,null,"ΠανD-18-q8",0,null,"42915Ε2γ (Γ)185Sκ14","2017-06-29","Ε2γ (Γ)",185,"ΟΑ ΑΡΙΔΑΙΑΣ","S","κ14",10,2809,702]
[null,null,null,null,null,null,null,null,null,null,null,null,null,null,null,null,null,null,null,null,null,null,null,null,null,null,null,null,null,null,null,"ΠανD-18-q16",0,null,"42915Ε2γ (Γ)185Dκ14","2017-06-29","Ε2γ (Γ)",185,"ΟΑ ΑΡΙΔΑΙΑΣ","D","κ14",18,2810,702]
[null,null,null,null,null,null,null,null,null,null,null,null,null,null,null,null,null,null,null,null,null,null,null,null,null,null,null,null,null,null,null,"ΠανD-18-q32",0,null,"42915Ε2γ (Γ)186Sκ16","2017-06-29","Ε2γ (Γ)",186,"ΟΑ ΒΕΡΟΙΑΣ","S","κ16",11,2811,702]
[null,null,null,null,null,null,null,null,null,null,null,null,null,null,null,null,null,null,null,null,null,null,null,null,null,null,null,null,null,null,null,"ΠανD-18-q64",0,null,"42915Ε2γ (Γ)186Dκ16","2017-06-29","Ε2γ (Γ)",186,"ΟΑ ΒΕΡΟΙΑΣ","D","κ16",19,2812,702]
[null,null,null,null,null,null,null,null,null,null,null,null,null,null,null,null,null,null,null,null,null,null,null,null,null,null,null,null,null,null,null,"ΠανD-18-q128",0,null,"42915Ε2γ (Ε)244Sα12","2017-06-29","Ε2γ (Ε)",244,"ΟΑ ΜΑΓΝΗΣΙΑΣ","S","α12",5,2813,703]
[null,null,null,null,null,null,null,null,null,null,null,null,null,null,null,null,null,null,null,null,null,null,null,null,null,null,null,null,null,null,null,"ΠανD-18-wo",0,null,"42915Ε2γ (Ε)244Dα12","2017-06-29","Ε2γ (Ε)",244,"ΟΑ ΜΑΓΝΗΣΙΑΣ","D","α12",13,2814,703]
[null,null,null,null,null,null,null,null,null,null,null,null,null,null,null,null,null,null,null,null,null,null,null,null,null,null,null,null,null,null,null,null,null,null,"42915Ε2γ (Ε)256Sα14","2017-06-29","Ε2γ (Ε)",256,"ΦΘΙΩΤΙΚΟΣ ΟΑ","S","α14",6,2815,703]
[null,null,null,null,null,null,null,null,null,null,null,null,null,null,null,null,null,null,null,null,null,null,null,null,null,null,null,null,null,null,null,"Mas-12-1st",40,null,"42915Ε2γ (Ε)256Dα14","2017-06-29","Ε2γ (Ε)",256,"ΦΘΙΩΤΙΚΟΣ ΟΑ","D","α14",14,2816,703]
[null,null,null,null,null,null,null,null,null,null,null,null,null,null,null,null,null,null,null,null,null,null,null,null,null,null,null,null,null,null,null,"Mas-12-2nd",35,null,"42915Ε2γ (Ε)256Sα16","2017-06-29","Ε2γ (Ε)",256,"ΦΘΙΩΤΙΚΟΣ ΟΑ","S","α16",7,2817,703]
[null,null,null,null,null,null,null,null,null,null,null,null,null,null,null,null,null,null,null,null,null,null,null,null,null,null,null,null,null,null,null,"Mas-12-3ος",30,null,"42915Ε2γ (Ε)256Dα16","2017-06-29","Ε2γ (Ε)",256,"ΦΘΙΩΤΙΚΟΣ ΟΑ","D","α16",15,2818,703]
[null,null,null,null,null,null,null,null,null,null,null,null,null,null,null,null,null,null,null,null,null,null,null,null,null,null,null,null,null,null,null,"Mas-12-4ος",25,null,"42915Ε2γ (Ε)244Sκ12","2017-06-29","Ε2γ (Ε)",244,"ΟΑ ΜΑΓΝΗΣΙΑΣ","S","κ12",9,2819,703]
[null,null,null,null,null,null,null,null,null,null,null,null,null,null,null,null,null,null,null,null,null,null,null,null,null,null,null,null,null,null,null,"Mas-12-5ος",20,null,"42915Ε2γ (Ε)244Dκ12","2017-06-29","Ε2γ (Ε)",244,"ΟΑ ΜΑΓΝΗΣΙΑΣ","D","κ12",17,2820,703]
[null,null,null,null,null,null,null,null,null,null,null,null,null,null,null,null,null,null,null,null,null,null,null,null,null,null,null,null,null,null,null,"Mas-12-6ος",15,null,"42915Ε2γ (Ε)256Sκ14","2017-06-29","Ε2γ (Ε)",256,"ΦΘΙΩΤΙΚΟΣ ΟΑ","S","κ14",10,2821,703]
[null,null,null,null,null,null,null,null,null,null,null,null,null,null,null,null,null,null,null,null,null,null,null,null,null,null,null,null,null,null,null,"Mas-12-7ος",10,null,"42915Ε2γ (Ε)256Sκ16","2017-06-29","Ε2γ (Ε)",256,"ΦΘΙΩΤΙΚΟΣ ΟΑ","S","κ16",11,2822,703]
[null,null,null,null,null,null,null,null,null,null,null,null,null,null,null,null,null,null,null,null,null,null,null,null,null,null,null,null,null,null,null,"Mas-12-8ος",5,null,"42915Ε2γ (ΙΑ)439Sα12","2017-06-29","Ε2γ (ΙΑ)",439,"ΟΑ ΧΟΛΑΡΓΟΥ","S","α12",5,2823,704]
[null,null,null,null,null,null,null,null,null,null,null,null,null,null,null,null,null,null,null,null,null,null,null,null,null,null,null,null,null,null,null,"Mas-12-wo",0,null,"42915Ε2γ (ΙΑ)439Dα12","2017-06-29","Ε2γ (ΙΑ)",439,"ΟΑ ΧΟΛΑΡΓΟΥ","D","α12",13,2824,704]
[null,null,null,null,null,null,null,null,null,null,null,null,null,null,null,null,null,null,null,null,null,null,null,null,null,null,null,null,null,null,null,"Mas-14-1st",80,null,"42915Ε2γ (ΙΑ)435Sα14","2017-06-29","Ε2γ (ΙΑ)",435,"ΟΑ ΓΛΥΦΑΔΑΣ","S","α14",6,2825,704]
[null,null,null,null,null,null,null,null,null,null,null,null,null,null,null,null,null,null,null,null,null,null,null,null,null,null,null,null,null,null,null,"Mas-14-2nd",70,null,"42915Ε2γ (ΙΑ)435Dα14","2017-06-29","Ε2γ (ΙΑ)",435,"ΟΑ ΓΛΥΦΑΔΑΣ","D","α14",14,2826,704]
[null,null,null,null,null,null,null,null,null,null,null,null,null,null,null,null,null,null,null,null,null,null,null,null,null,null,null,null,null,null,null,"Mas-14-3ος",60,null,"42915Ε2γ (ΙΑ)439Sα16","2017-06-29","Ε2γ (ΙΑ)",439,"ΟΑ ΧΟΛΑΡΓΟΥ","S","α16",7,2827,704]
[null,null,null,null,null,null,null,null,null,null,null,null,null,null,null,null,null,null,null,null,null,null,null,null,null,null,null,null,null,null,null,"Mas-14-4ος",50,null,"42915Ε2γ (ΙΑ)439Dα16","2017-06-29","Ε2γ (ΙΑ)",439,"ΟΑ ΧΟΛΑΡΓΟΥ","D","α16",15,2828,704]
[null,null,null,null,null,null,null,null,null,null,null,null,null,null,null,null,null,null,null,null,null,null,null,null,null,null,null,null,null,null,null,"Mas-14-5ος",40,null,"42915Ε2γ (ΙΑ)439Sκ12","2017-06-29","Ε2γ (ΙΑ)",439,"ΟΑ ΧΟΛΑΡΓΟΥ","S","κ12",9,2829,704]
[null,null,null,null,null,null,null,null,null,null,null,null,null,null,null,null,null,null,null,null,null,null,null,null,null,null,null,null,null,null,null,"Mas-14-6ος",30,null,"42915Ε2γ (ΙΑ)439Dκ12","2017-06-29","Ε2γ (ΙΑ)",439,"ΟΑ ΧΟΛΑΡΓΟΥ","D","κ12",17,2830,704]
[null,null,null,null,null,null,null,null,null,null,null,null,null,null,null,null,null,null,null,null,null,null,null,null,null,null,null,null,null,null,null,"Mas-14-7ος",20,null,"42915Ε2γ (ΙΑ)435Sκ14","2017-06-29","Ε2γ (ΙΑ)",435,"ΟΑ ΓΛΥΦΑΔΑΣ","S","κ14",10,2831,704]
[null,null,null,null,null,null,null,null,null,null,null,null,null,null,null,null,null,null,null,null,null,null,null,null,null,null,null,null,null,null,null,"Mas-14-8ος",10,null,"42915Ε2γ (ΙΑ)435Dκ14","2017-06-29","Ε2γ (ΙΑ)",435,"ΟΑ ΓΛΥΦΑΔΑΣ","D","κ14",18,2832,704]
[null,null,null,null,null,null,null,null,null,null,null,null,null,null,null,null,null,null,null,null,null,null,null,null,null,null,null,null,null,null,null,"Mas-14-wo",0,null,"42915Ε2γ (ΙΑ)435Sκ16","2017-06-29","Ε2γ (ΙΑ)",435,"ΟΑ ΓΛΥΦΑΔΑΣ","S","κ16",11,2833,704]
[null,null,null,null,null,null,null,null,null,null,null,null,null,null,null,null,null,null,null,null,null,null,null,null,null,null,null,null,null,null,null,"Mas-16-1st",160,null,"42915Ε2γ (ΙΑ)435Dκ16","2017-06-29","Ε2γ (ΙΑ)",435,"ΟΑ ΓΛΥΦΑΔΑΣ","D","κ16",19,2834,704]
[null,null,null,null,null,null,null,null,null,null,null,null,null,null,null,null,null,null,null,null,null,null,null,null,null,null,null,null,null,null,null,"Mas-16-2nd",140,null,"42919ITF (STARA ZAGORA)14Sα16","2017-07-03","ITF (STARA ZAGORA)",14,"ITF","S","α16",7,2835,705]
[null,null,null,null,null,null,null,null,null,null,null,null,null,null,null,null,null,null,null,null,null,null,null,null,null,null,null,null,null,null,null,"Mas-16-3ος",120,null,"42919ITF (ΟΑ ΚΕΡΚΥΡΑΣ)220Sκ18","2017-07-03","ITF (ΟΑ ΚΕΡΚΥΡΑΣ)",220,"ΟΑ ΚΕΡΚΥΡΑΣ","S","κ18",12,2836,706]
[null,null,null,null,null,null,null,null,null,null,null,null,null,null,null,null,null,null,null,null,null,null,null,null,null,null,null,null,null,null,null,"Mas-16-4ος",100,null,{"$f":"AJ451&AK451&AL451&AN451&AO451","v":"42919ITF (ΟΑ ΚΕΡΚΥΡΑΣ)220Sα18"},"2017-07-03","ITF (ΟΑ ΚΕΡΚΥΡΑΣ)",220,"ΟΑ ΚΕΡΚΥΡΑΣ","S","α18",8,2837,706]
[null,null,null,null,null,null,null,null,null,null,null,null,null,null,null,null,null,null,null,null,null,null,null,null,null,null,null,null,null,null,null,"Mas-16-5ος",80,null,"42919ITF (ΟΑ ΚΕΡΚΥΡΑΣ)220Dα18","2017-07-03","ITF (ΟΑ ΚΕΡΚΥΡΑΣ)",220,"ΟΑ ΚΕΡΚΥΡΑΣ","D","α18",16,2838,706]
[null,null,null,null,null,null,null,null,null,null,null,null,null,null,null,null,null,null,null,null,null,null,null,null,null,null,null,null,null,null,null,"Mas-16-6ος",60,null,"42919ITF (ΟΑ ΚΕΡΚΥΡΑΣ)220Dκ18","2017-07-03","ITF (ΟΑ ΚΕΡΚΥΡΑΣ)",220,"ΟΑ ΚΕΡΚΥΡΑΣ","D","κ18",20,2839,706]
[null,null,null,null,null,null,null,null,null,null,null,null,null,null,null,null,null,null,null,null,null,null,null,null,null,null,null,null,null,null,null,"Mas-16-7ος",40,null,"42919TE (HITIT CUP)15Sα14","2017-07-03","TE (HITIT CUP)",15,"Tennis Europe","S","α14",6,2840,707]
[null,null,null,null,null,null,null,null,null,null,null,null,null,null,null,null,null,null,null,null,null,null,null,null,null,null,null,null,null,null,null,"Mas-16-8ος",20,null,"42926ITF (ΟΑ ΙΩΑΝΝΙΝΩΝ)219Sα18","2017-07-10","ITF (ΟΑ ΙΩΑΝΝΙΝΩΝ)",219,"ΟΑ ΙΩΑΝΝΙΝΩΝ","S","α18",8,2841,708]
[null,null,null,null,null,null,null,null,null,null,null,null,null,null,null,null,null,null,null,null,null,null,null,null,null,null,null,null,null,null,null,"Mas-16-wo",0,null,"42926ITF (ΟΑ ΙΩΑΝΝΙΝΩΝ)219Dα18","2017-07-10","ITF (ΟΑ ΙΩΑΝΝΙΝΩΝ)",219,"ΟΑ ΙΩΑΝΝΙΝΩΝ","D","α18",16,2842,708]
[null,null,null,null,null,null,null,null,null,null,null,null,null,null,null,null,null,null,null,null,null,null,null,null,null,null,null,null,null,null,null,"Mas-18-1st",200,null,"42926ITF (ΟΑ ΙΩΑΝΝΙΝΩΝ)219Sκ18","2017-07-10","ITF (ΟΑ ΙΩΑΝΝΙΝΩΝ)",219,"ΟΑ ΙΩΑΝΝΙΝΩΝ","S","κ18",12,2843,708]
[null,null,null,null,null,null,null,null,null,null,null,null,null,null,null,null,null,null,null,null,null,null,null,null,null,null,null,null,null,null,null,"Mas-18-2nd",175,null,"42926ITF (ΟΑ ΙΩΑΝΝΙΝΩΝ)219Dκ18","2017-07-10","ITF (ΟΑ ΙΩΑΝΝΙΝΩΝ)",219,"ΟΑ ΙΩΑΝΝΙΝΩΝ","D","κ18",20,2844,708]
[null,null,null,null,null,null,null,null,null,null,null,null,null,null,null,null,null,null,null,null,null,null,null,null,null,null,null,null,null,null,null,"Mas-18-3ος",150,null,"42926TE (DEMA CUP)15Sα16","2017-07-10","TE (DEMA CUP)",15,"Tennis Europe","S","α16",7,2845,709]
[null,null,null,null,null,null,null,null,null,null,null,null,null,null,null,null,null,null,null,null,null,null,null,null,null,null,null,null,null,null,null,"Mas-18-4ος",125,null,"42926TE (DEMA CUP)15Sκ16","2017-07-10","TE (DEMA CUP)",15,"Tennis Europe","S","κ16",11,2846,709]
[null,null,null,null,null,null,null,null,null,null,null,null,null,null,null,null,null,null,null,null,null,null,null,null,null,null,null,null,null,null,null,"Mas-18-5ος",100,null,"42926TE (VLTC)15Sα14","2017-07-10","TE (VLTC)",15,"Tennis Europe","S","α14",6,2847,710]
[null,null,null,null,null,null,null,null,null,null,null,null,null,null,null,null,null,null,null,null,null,null,null,null,null,null,null,null,null,null,null,"Mas-18-6ος",75,null,"42930Ε1γ (Β)130Sα12","2017-07-14","Ε1γ (Β)",130,"ΑΟΑ ΛΕ ΡΑΚΕΤ","S","α12",5,2848,711]
[null,null,null,null,null,null,null,null,null,null,null,null,null,null,null,null,null,null,null,null,null,null,null,null,null,null,null,null,null,null,null,"Mas-18-7ος",50,null,"42930Ε1γ (Β)130Dα12","2017-07-14","Ε1γ (Β)",130,"ΑΟΑ ΛΕ ΡΑΚΕΤ","D","α12",13,2849,711]
[null,null,null,null,null,null,null,null,null,null,null,null,null,null,null,null,null,null,null,null,null,null,null,null,null,null,null,null,null,null,null,"Mas-18-8ος",25,null,"42930Ε1γ (Β)151Sα14","2017-07-14","Ε1γ (Β)",151,"ΟΑ ΘΕΣΣΑΛΟΝΙΚΗΣ","S","α14",6,2850,711]
[null,null,null,null,null,null,null,null,null,null,null,null,null,null,null,null,null,null,null,null,null,null,null,null,null,null,null,null,null,null,null,"Mas-18-wo",0,null,"42930Ε1γ (Β)151Dα14","2017-07-14","Ε1γ (Β)",151,"ΟΑ ΘΕΣΣΑΛΟΝΙΚΗΣ","D","α14",14,2851,711]
[null,null,null,null,null,null,null,null,null,null,null,null,null,null,null,null,null,null,null,null,null,null,null,null,null,null,null,null,null,null,null,null,null,null,"42930Ε1γ (Β)165Sα16","2017-07-14","Ε1γ (Β)",165,"ΑΣΑ ΘΕΣΣΑΛΟΝΙΚΗΣ","S","α16",7,2852,711]
[null,null,null,null,null,null,null,null,null,null,null,null,null,null,null,null,null,null,null,null,null,null,null,null,null,null,null,null,null,null,null,"Men-Women",null,null,"42930Ε1γ (Β)165Dα16","2017-07-14","Ε1γ (Β)",165,"ΑΣΑ ΘΕΣΣΑΛΟΝΙΚΗΣ","D","α16",15,2853,711]
[null,null,null,null,null,null,null,null,null,null,null,null,null,null,null,null,null,null,null,null,null,null,null,null,null,null,null,null,null,null,null,"ΠανΑΓS-1st",18,null,"42930Ε1γ (Β)130Sκ12","2017-07-14","Ε1γ (Β)",130,"ΑΟΑ ΛΕ ΡΑΚΕΤ","S","κ12",9,2854,711]
[null,null,null,null,null,null,null,null,null,null,null,null,null,null,null,null,null,null,null,null,null,null,null,null,null,null,null,null,null,null,null,"ΠανΑΓS-2nd",12,null,"42930Ε1γ (Β)130Dκ12","2017-07-14","Ε1γ (Β)",130,"ΑΟΑ ΛΕ ΡΑΚΕΤ","D","κ12",17,2855,711]
[null,null,null,null,null,null,null,null,null,null,null,null,null,null,null,null,null,null,null,null,null,null,null,null,null,null,null,null,null,null,null,"ΠανΑΓS-3_4",6,null,"42930Ε1γ (Β)151Sκ14","2017-07-14","Ε1γ (Β)",151,"ΟΑ ΘΕΣΣΑΛΟΝΙΚΗΣ","S","κ14",10,2856,711]
[null,null,null,null,null,null,null,null,null,null,null,null,null,null,null,null,null,null,null,null,null,null,null,null,null,null,null,null,null,null,null,"ΠανΑΓS-5_8",3,null,"42930Ε1γ (Β)151Dκ14","2017-07-14","Ε1γ (Β)",151,"ΟΑ ΘΕΣΣΑΛΟΝΙΚΗΣ","D","κ14",18,2857,711]
[null,null,null,null,null,null,null,null,null,null,null,null,null,null,null,null,null,null,null,null,null,null,null,null,null,null,null,null,null,null,null,"ΠανΑΓS-9_16",1,null,"42930Ε1γ (Β)165Sκ16","2017-07-14","Ε1γ (Β)",165,"ΑΣΑ ΘΕΣΣΑΛΟΝΙΚΗΣ","S","κ16",11,2858,711]
[null,null,null,null,null,null,null,null,null,null,null,null,null,null,null,null,null,null,null,null,null,null,null,null,null,null,null,null,null,null,null,"ΠανΑΓS-17_32",0.75,null,"42930Ε1γ (Β)165Dκ16","2017-07-14","Ε1γ (Β)",165,"ΑΣΑ ΘΕΣΣΑΛΟΝΙΚΗΣ","D","κ16",19,2859,711]
[null,null,null,null,null,null,null,null,null,null,null,null,null,null,null,null,null,null,null,null,null,null,null,null,null,null,null,null,null,null,null,"ΠανΑΓS-33_64",0.5,null,"42930Παν (Θ) 18400Sα18","2017-07-14","Παν (Θ) 18",400,"ΟΑ ΧΑΛΚΙΔΑΣ","S","α18",8,2860,712]
[null,null,null,null,null,null,null,null,null,null,null,null,null,null,null,null,null,null,null,null,null,null,null,null,null,null,null,null,null,null,null,"ΠανΑΓS-65_128",0,null,"42930Παν (Θ) 18400Dα18","2017-07-14","Παν (Θ) 18",400,"ΟΑ ΧΑΛΚΙΔΑΣ","D","α18",16,2861,712]
[null,null,null,null,null,null,null,null,null,null,null,null,null,null,null,null,null,null,null,null,null,null,null,null,null,null,null,null,null,null,null,"ΠανΑΓS-Q2",0.15,null,"42930Παν (Θ) 18400Sκ18","2017-07-14","Παν (Θ) 18",400,"ΟΑ ΧΑΛΚΙΔΑΣ","S","κ18",12,2862,712]
[null,null,null,null,null,null,null,null,null,null,null,null,null,null,null,null,null,null,null,null,null,null,null,null,null,null,null,null,null,null,null,"ΠανΑΓS-Q1",0.1,null,"42930Παν (Θ) 18400Dκ18","2017-07-14","Παν (Θ) 18",400,"ΟΑ ΧΑΛΚΙΔΑΣ","D","κ18",20,2863,712]
[null,null,null,null,null,null,null,null,null,null,null,null,null,null,null,null,null,null,null,null,null,null,null,null,null,null,null,null,null,null,null,"OpenΑΓS-1st",5,null,"42931Ε3 28η (ΣΤ)279Sα12","2017-07-15","Ε3 28η (ΣΤ)",279,"ΚΕΦΑΛΛΗΝΙΑΚΟΣ ΟΑ","S","α12",5,2864,713]
[null,null,null,null,null,null,null,null,null,null,null,null,null,null,null,null,null,null,null,null,null,null,null,null,null,null,null,null,null,null,null,"OpenΑΓS-2nd",3,null,"42931Ε3 28η (ΣΤ)279Sα16","2017-07-15","Ε3 28η (ΣΤ)",279,"ΚΕΦΑΛΛΗΝΙΑΚΟΣ ΟΑ","S","α16",7,2865,713]
[null,null,null,null,null,null,null,null,null,null,null,null,null,null,null,null,null,null,null,null,null,null,null,null,null,null,null,null,null,null,null,"OpenΑΓS-3_4",1.5,null,"42931Ε3 28η (ΣΤ)279Sκ12","2017-07-15","Ε3 28η (ΣΤ)",279,"ΚΕΦΑΛΛΗΝΙΑΚΟΣ ΟΑ","S","κ12",9,2866,713]
[null,null,null,null,null,null,null,null,null,null,null,null,null,null,null,null,null,null,null,null,null,null,null,null,null,null,null,null,null,null,null,"OpenΑΓS-5_8",1,null,"42931Ε3 28η (ΣΤ)279Sκ16","2017-07-15","Ε3 28η (ΣΤ)",279,"ΚΕΦΑΛΛΗΝΙΑΚΟΣ ΟΑ","S","κ16",11,2867,713]
[null,null,null,null,null,null,null,null,null,null,null,null,null,null,null,null,null,null,null,null,null,null,null,null,null,null,null,null,null,null,null,"OpenΑΓS-9_16",0.75,null,"42931Ε4γ (Β)152Sα12","2017-07-15","Ε4γ (Β)",152,"ΟΑ ΚΑΛΑΜΑΡΙΑΣ","S","α12",5,2868,714]
[null,null,null,null,null,null,null,null,null,null,null,null,null,null,null,null,null,null,null,null,null,null,null,null,null,null,null,null,null,null,null,"OpenΑΓS-17_32",0.5,null,"42931Ε4γ (Β)152Sα14","2017-07-15","Ε4γ (Β)",152,"ΟΑ ΚΑΛΑΜΑΡΙΑΣ","S","α14",6,2869,714]
[null,null,null,null,null,null,null,null,null,null,null,null,null,null,null,null,null,null,null,null,null,null,null,null,null,null,null,null,null,null,null,"OpenΑΓS-33_64",0,null,"42931Ε4γ (Β)152Sκ12","2017-07-15","Ε4γ (Β)",152,"ΟΑ ΚΑΛΑΜΑΡΙΑΣ","S","κ12",9,2870,714]
[null,null,null,null,null,null,null,null,null,null,null,null,null,null,null,null,null,null,null,null,null,null,null,null,null,null,null,null,null,null,null,"OpenΑΓS-65_128",0,null,"42934ITF (CITY OF WELS)14Sα18","2017-07-18","ITF (CITY OF WELS)",14,"ITF","S","α18",8,2871,715]
[null,null,null,null,null,null,null,null,null,null,null,null,null,null,null,null,null,null,null,null,null,null,null,null,null,null,null,null,null,null,null,"OpenΑΓS-Q2",0.1,null,"42938Ε3 29η (Ζ)308Sα14","2017-07-22","Ε3 29η (Ζ)",308,"ΟΑ ΣΗΤΕΙΑΣ","S","α14",6,2872,716]
[null,null,null,null,null,null,null,null,null,null,null,null,null,null,null,null,null,null,null,null,null,null,null,null,null,null,null,null,null,null,null,"OpenΑΓS-Q1",0.05,null,"42938Ε3 29η (Ζ)308Sκ14","2017-07-22","Ε3 29η (Ζ)",308,"ΟΑ ΣΗΤΕΙΑΣ","S","κ14",10,2873,716]
[null,null,null,null,null,null,null,null,null,null,null,null,null,null,null,null,null,null,null,null,null,null,null,null,null,null,null,null,null,null,null,"ΠανΑΓS-",0,null,"42940TE (EUROPEAN CHAMP)15Sκ14","2017-07-24","TE (EUROPEAN CHAMP)",15,"Tennis Europe","S","κ14",10,2874,717]
[null,null,null,null,null,null,null,null,null,null,null,null,null,null,null,null,null,null,null,null,null,null,null,null,null,null,null,null,null,null,null,"OpenΑΓS-",0,null,"42940TE (LBS CUP)15Sκ16","2017-07-24","TE (LBS CUP)",15,"Tennis Europe","S","κ16",11,2875,718]
[null,null,null,null,null,null,null,null,null,null,null,null,null,null,null,null,null,null,null,null,null,null,null,null,null,null,null,null,null,null,null,"ΠανΑΓD-1st",18,null,"42940TE (SAN MICHEL)15Dα16","2017-07-24","TE (SAN MICHEL)",15,"Tennis Europe","D","α16",15,2876,719]
[null,null,null,null,null,null,null,null,null,null,null,null,null,null,null,null,null,null,null,null,null,null,null,null,null,null,null,null,null,null,null,"ΠανΑΓD-2nd",12,null,"42940TE (SAN MICHEL)15Sκ16","2017-07-24","TE (SAN MICHEL)",15,"Tennis Europe","S","κ16",11,2877,719]
[null,null,null,null,null,null,null,null,null,null,null,null,null,null,null,null,null,null,null,null,null,null,null,null,null,null,null,null,null,null,null,"ΠανΑΓD-3_4",6,null,"42940TE (SAN MICHEL)15Sα16","2017-07-24","TE (SAN MICHEL)",15,"Tennis Europe","S","α16",7,2878,719]
[null,null,null,null,null,null,null,null,null,null,null,null,null,null,null,null,null,null,null,null,null,null,null,null,null,null,null,null,null,null,null,"ΠανΑΓD-5_8",3,null,"42944Ε2δ (Α)108Sα12","2017-07-28","Ε2δ (Α)",108,"ΑΟΑ ΠΡΩΤΑΘΛ ΚΑΒΑΛΑΣ","S","α12",5,2879,720]
[null,null,null,null,null,null,null,null,null,null,null,null,null,null,null,null,null,null,null,null,null,null,null,null,null,null,null,null,null,null,null,"ΠανΑΓD-9_16",1,null,"42944Ε2δ (Α)108Dα12","2017-07-28","Ε2δ (Α)",108,"ΑΟΑ ΠΡΩΤΑΘΛ ΚΑΒΑΛΑΣ","D","α12",13,2880,720]
[null,null,null,null,null,null,null,null,null,null,null,null,null,null,null,null,null,null,null,null,null,null,null,null,null,null,null,null,null,null,null,"ΠανΑΓD-17_32",0,null,"42944Ε2δ (Α)121Sα14","2017-07-28","Ε2δ (Α)",121,"ΣΑ ΣΕΡΡΩΝ","S","α14",6,2881,720]
[null,null,null,null,null,null,null,null,null,null,null,null,null,null,null,null,null,null,null,null,null,null,null,null,null,null,null,null,null,null,null,"ΠανΑΓD-33_64",0,null,"42944Ε2δ (Α)121Dα14","2017-07-28","Ε2δ (Α)",121,"ΣΑ ΣΕΡΡΩΝ","D","α14",14,2882,720]
[null,null,null,null,null,null,null,null,null,null,null,null,null,null,null,null,null,null,null,null,null,null,null,null,null,null,null,null,null,null,null,"ΠανΑΓD-65_128",0,null,"42944Ε2δ (Α)107Sα16","2017-07-28","Ε2δ (Α)",107,"ΑΟΑ Ν ΠΕΡΑΜΟΥ ΤΙΤΑΝΕΣ","S","α16",7,2883,720]
[null,null,null,null,null,null,null,null,null,null,null,null,null,null,null,null,null,null,null,null,null,null,null,null,null,null,null,null,null,null,null,"ΠανΑΓD-Q2",0,null,"42944Ε2δ (Α)107Dα16","2017-07-28","Ε2δ (Α)",107,"ΑΟΑ Ν ΠΕΡΑΜΟΥ ΤΙΤΑΝΕΣ","D","α16",15,2884,720]
[null,null,null,null,null,null,null,null,null,null,null,null,null,null,null,null,null,null,null,null,null,null,null,null,null,null,null,null,null,null,null,"ΠανΑΓD-Q1",0,null,"42944Ε2δ (Α)108Sκ12","2017-07-28","Ε2δ (Α)",108,"ΑΟΑ ΠΡΩΤΑΘΛ ΚΑΒΑΛΑΣ","S","κ12",9,2885,720]
[null,null,null,null,null,null,null,null,null,null,null,null,null,null,null,null,null,null,null,null,null,null,null,null,null,null,null,null,null,null,null,"OpenΑΓD-1st",5,null,"42944Ε2δ (Α)108Dκ12","2017-07-28","Ε2δ (Α)",108,"ΑΟΑ ΠΡΩΤΑΘΛ ΚΑΒΑΛΑΣ","D","κ12",17,2886,720]
[null,null,null,null,null,null,null,null,null,null,null,null,null,null,null,null,null,null,null,null,null,null,null,null,null,null,null,null,null,null,null,"OpenΑΓD-2nd",3,null,"42944Ε2δ (Α)121Sκ14","2017-07-28","Ε2δ (Α)",121,"ΣΑ ΣΕΡΡΩΝ","S","κ14",10,2887,720]
[null,null,null,null,null,null,null,null,null,null,null,null,null,null,null,null,null,null,null,null,null,null,null,null,null,null,null,null,null,null,null,"OpenΑΓD-3_4",1.5,null,"42944Ε2δ (Α)121Dκ14","2017-07-28","Ε2δ (Α)",121,"ΣΑ ΣΕΡΡΩΝ","D","κ14",18,2888,720]
[null,null,null,null,null,null,null,null,null,null,null,null,null,null,null,null,null,null,null,null,null,null,null,null,null,null,null,null,null,null,null,"OpenΑΓD-5_8",1,null,"42944Ε2δ (Α)107Sκ16","2017-07-28","Ε2δ (Α)",107,"ΑΟΑ Ν ΠΕΡΑΜΟΥ ΤΙΤΑΝΕΣ","S","κ16",11,2889,720]
[null,null,null,null,null,null,null,null,null,null,null,null,null,null,null,null,null,null,null,null,null,null,null,null,null,null,null,null,null,null,null,"OpenΑΓD-9_16",0.75,null,"42944Ε2δ (Α)107Dκ16","2017-07-28","Ε2δ (Α)",107,"ΑΟΑ Ν ΠΕΡΑΜΟΥ ΤΙΤΑΝΕΣ","D","κ16",19,2890,720]
[null,null,null,null,null,null,null,null,null,null,null,null,null,null,null,null,null,null,null,null,null,null,null,null,null,null,null,null,null,null,null,"OpenΑΓD-17_32",0,null,"42944Ε2δ (Ζ)309Sα12","2017-07-28","Ε2δ (Ζ)",309,"ΟΑ ΣΟΥΔΑΣ","S","α12",5,2891,721]
[null,null,null,null,null,null,null,null,null,null,null,null,null,null,null,null,null,null,null,null,null,null,null,null,null,null,null,null,null,null,null,"OpenΑΓD-33_64",0,null,"42944Ε2δ (Ζ)309Dα12","2017-07-28","Ε2δ (Ζ)",309,"ΟΑ ΣΟΥΔΑΣ","D","α12",13,2892,721]
[null,null,null,null,null,null,null,null,null,null,null,null,null,null,null,null,null,null,null,null,null,null,null,null,null,null,null,null,null,null,null,"OpenΑΓD-65_128",0,null,"42944Ε2δ (Ζ)310Sα14","2017-07-28","Ε2δ (Ζ)",310,"ΟΑ ΧΑΝΙΩΝ","S","α14",6,2893,721]
[null,null,null,null,null,null,null,null,null,null,null,null,null,null,null,null,null,null,null,null,null,null,null,null,null,null,null,null,null,null,null,"OpenΑΓD-Q2",0,null,"42944Ε2δ (Ζ)310Dα14","2017-07-28","Ε2δ (Ζ)",310,"ΟΑ ΧΑΝΙΩΝ","D","α14",14,2894,721]
[null,null,null,null,null,null,null,null,null,null,null,null,null,null,null,null,null,null,null,null,null,null,null,null,null,null,null,null,null,null,null,"OpenΑΓD-Q1",0,null,"42944Ε2δ (Ζ)309Sα16","2017-07-28","Ε2δ (Ζ)",309,"ΟΑ ΣΟΥΔΑΣ","S","α16",7,2895,721]
[null,null,null,null,null,null,null,null,null,null,null,null,null,null,null,null,null,null,null,null,null,null,null,null,null,null,null,null,null,null,null,"ΠανΑΓD-",0,null,"42944Ε2δ (Ζ)309Sκ12","2017-07-28","Ε2δ (Ζ)",309,"ΟΑ ΣΟΥΔΑΣ","S","κ12",9,2896,721]
[null,null,null,null,null,null,null,null,null,null,null,null,null,null,null,null,null,null,null,null,null,null,null,null,null,null,null,null,null,null,null,"OpenΑΓD-",0,null,"42944Ε2δ (Ζ)309Dκ12","2017-07-28","Ε2δ (Ζ)",309,"ΟΑ ΣΟΥΔΑΣ","D","κ12",17,2897,721]
[null,null,null,null,null,null,null,null,null,null,null,null,null,null,null,null,null,null,null,null,null,null,null,null,null,null,null,null,null,null,null,null,null,null,"42944Ε2δ (Ζ)298Sκ14","2017-07-28","Ε2δ (Ζ)",298,"ΑΚΑΔ ΑΝΤΙΣΦ ΧΑΝΙΩΝ","S","κ14",10,2898,721]
[null,null,null,null,null,null,null,null,null,null,null,null,null,null,null,null,null,null,null,null,null,null,null,null,null,null,null,null,null,null,null,null,null,null,"42944Ε2δ (Ζ)298Dκ14","2017-07-28","Ε2δ (Ζ)",298,"ΑΚΑΔ ΑΝΤΙΣΦ ΧΑΝΙΩΝ","D","κ14",18,2899,721]
[null,null,null,null,null,null,null,null,null,null,null,null,null,null,null,null,null,null,null,null,null,null,null,null,null,null,null,null,null,null,null,null,null,null,"42944Ε2δ (Ζ)298Sκ16","2017-07-28","Ε2δ (Ζ)",298,"ΑΚΑΔ ΑΝΤΙΣΦ ΧΑΝΙΩΝ","S","κ16",11,2900,721]
[null,null,null,null,null,null,null,null,null,null,null,null,null,null,null,null,null,null,null,null,null,null,null,null,null,null,null,null,null,null,null,null,null,null,{"$f":"AJ515&AK515&AL515&AN515&AO515","v":"42944Ε2δ (Ζ)298Dκ16"},"2017-07-28","Ε2δ (Ζ)",298,"ΑΚΑΔ ΑΝΤΙΣΦ ΧΑΝΙΩΝ","D","κ16",19,2901,721]
[null,null,null,null,null,null,null,null,null,null,null,null,null,null,null,null,null,null,null,null,null,null,null,null,null,null,null,null,null,null,null,null,null,null,"42944Ε2δ (ΣΤ)261Sα12","2017-07-28","Ε2δ (ΣΤ)",261,"ΑΕΤ ΝΙΚΗ ΠΑΤΡΩΝ","S","α12",5,2902,722]
[null,null,null,null,null,null,null,null,null,null,null,null,null,null,null,null,null,null,null,null,null,null,null,null,null,null,null,null,null,null,null,null,null,null,"42944Ε2δ (ΣΤ)261Dα12","2017-07-28","Ε2δ (ΣΤ)",261,"ΑΕΤ ΝΙΚΗ ΠΑΤΡΩΝ","D","α12",13,2903,722]
[null,null,null,null,null,null,null,null,null,null,null,null,null,null,null,null,null,null,null,null,null,null,null,null,null,null,null,null,null,null,null,null,null,null,"42944Ε2δ (ΣΤ)261Sα14","2017-07-28","Ε2δ (ΣΤ)",261,"ΑΕΤ ΝΙΚΗ ΠΑΤΡΩΝ","S","α14",6,2904,722]
[null,null,null,null,null,null,null,null,null,null,null,null,null,null,null,null,null,null,null,null,null,null,null,null,null,null,null,null,null,null,null,null,null,null,"42944Ε2δ (ΣΤ)261Dα14","2017-07-28","Ε2δ (ΣΤ)",261,"ΑΕΤ ΝΙΚΗ ΠΑΤΡΩΝ","D","α14",14,2905,722]
[null,null,null,null,null,null,null,null,null,null,null,null,null,null,null,null,null,null,null,null,null,null,null,null,null,null,null,null,null,null,null,null,null,null,"42944Ε2δ (ΣΤ)261Sα16","2017-07-28","Ε2δ (ΣΤ)",261,"ΑΕΤ ΝΙΚΗ ΠΑΤΡΩΝ","S","α16",7,2906,722]
[null,null,null,null,null,null,null,null,null,null,null,null,null,null,null,null,null,null,null,null,null,null,null,null,null,null,null,null,null,null,null,null,null,null,"42944Ε2δ (ΣΤ)261Dα16","2017-07-28","Ε2δ (ΣΤ)",261,"ΑΕΤ ΝΙΚΗ ΠΑΤΡΩΝ","D","α16",15,2907,722]
[null,null,null,null,null,null,null,null,null,null,null,null,null,null,null,null,null,null,null,null,null,null,null,null,null,null,null,null,null,null,null,null,null,null,"42944Ε2δ (ΣΤ)261Sκ12","2017-07-28","Ε2δ (ΣΤ)",261,"ΑΕΤ ΝΙΚΗ ΠΑΤΡΩΝ","S","κ12",9,2908,722]
[null,null,null,null,null,null,null,null,null,null,null,null,null,null,null,null,null,null,null,null,null,null,null,null,null,null,null,null,null,null,null,null,null,null,"42944Ε2δ (ΣΤ)261Dκ12","2017-07-28","Ε2δ (ΣΤ)",261,"ΑΕΤ ΝΙΚΗ ΠΑΤΡΩΝ","D","κ12",17,2909,722]
[null,null,null,null,null,null,null,null,null,null,null,null,null,null,null,null,null,null,null,null,null,null,null,null,null,null,null,null,null,null,null,null,null,null,"42944Ε2δ (ΣΤ)261Sκ14","2017-07-28","Ε2δ (ΣΤ)",261,"ΑΕΤ ΝΙΚΗ ΠΑΤΡΩΝ","S","κ14",10,2910,722]
[null,null,null,null,null,null,null,null,null,null,null,null,null,null,null,null,null,null,null,null,null,null,null,null,null,null,null,null,null,null,null,null,null,null,"42944Ε2δ (ΣΤ)261Dκ14","2017-07-28","Ε2δ (ΣΤ)",261,"ΑΕΤ ΝΙΚΗ ΠΑΤΡΩΝ","D","κ14",18,2911,722]
[null,null,null,null,null,null,null,null,null,null,null,null,null,null,null,null,null,null,null,null,null,null,null,null,null,null,null,null,null,null,null,null,null,null,"42944Ε2δ (ΣΤ)261Sκ16","2017-07-28","Ε2δ (ΣΤ)",261,"ΑΕΤ ΝΙΚΗ ΠΑΤΡΩΝ","S","κ16",11,2912,722]
[null,null,null,null,null,null,null,null,null,null,null,null,null,null,null,null,null,null,null,null,null,null,null,null,null,null,null,null,null,null,null,null,null,null,"42944Ε2δ (ΣΤ)261Dκ16","2017-07-28","Ε2δ (ΣΤ)",261,"ΑΕΤ ΝΙΚΗ ΠΑΤΡΩΝ","D","κ16",19,2913,722]
[null,null,null,null,null,null,null,null,null,null,null,null,null,null,null,null,null,null,null,null,null,null,null,null,null,null,null,null,null,null,null,null,null,null,"42947TE (40 LBS MULLER)15Sκ16","2017-07-31","TE (40 LBS MULLER)",15,"Tennis Europe","S","κ16",11,2914,723]
[null,null,null,null,null,null,null,null,null,null,null,null,null,null,null,null,null,null,null,null,null,null,null,null,null,null,null,null,null,null,null,null,null,null,"42947TE (CRNA REKA)15Sα16","2017-07-31","TE (CRNA REKA)",15,"Tennis Europe","S","α16",7,2915,724]
[null,null,null,null,null,null,null,null,null,null,null,null,null,null,null,null,null,null,null,null,null,null,null,null,null,null,null,null,null,null,null,null,null,null,"42947TE (CRNA REKA)15Sκ16","2017-07-31","TE (CRNA REKA)",15,"Tennis Europe","S","κ16",11,2916,724]
[null,null,null,null,null,null,null,null,null,null,null,null,null,null,null,null,null,null,null,null,null,null,null,null,null,null,null,null,null,null,null,null,null,null,"42947TE (CRNA REKA)15Dκ16","2017-07-31","TE (CRNA REKA)",15,"Tennis Europe","D","κ16",19,2917,724]
[null,null,null,null,null,null,null,null,null,null,null,null,null,null,null,null,null,null,null,null,null,null,null,null,null,null,null,null,null,null,null,null,null,null,"42979Ε1γ (Ε)250Sα18","2017-09-01","Ε1γ (Ε)",250,"ΟΑ ΦΟΙΒΟΣ ΛΑΡΙΣΑΣ","S","α18",8,2918,725]
[null,null,null,null,null,null,null,null,null,null,null,null,null,null,null,null,null,null,null,null,null,null,null,null,null,null,null,null,null,null,null,null,null,null,"42979Ε1γ (Ε)250Sκ18","2017-09-01","Ε1γ (Ε)",250,"ΟΑ ΦΟΙΒΟΣ ΛΑΡΙΣΑΣ","S","κ18",12,2919,725]
[null,null,null,null,null,null,null,null,null,null,null,null,null,null,null,null,null,null,null,null,null,null,null,null,null,null,null,null,null,null,null,null,null,null,"42979Ε1γ (Ε)250Dα18","2017-09-01","Ε1γ (Ε)",250,"ΟΑ ΦΟΙΒΟΣ ΛΑΡΙΣΑΣ","D","α18",16,2920,725]
[null,null,null,null,null,null,null,null,null,null,null,null,null,null,null,null,null,null,null,null,null,null,null,null,null,null,null,null,null,null,null,null,null,null,"42979Ε1γ (Ε)250Dκ18","2017-09-01","Ε1γ (Ε)",250,"ΟΑ ΦΟΙΒΟΣ ΛΑΡΙΣΑΣ","D","κ18",20,2921,725]
[null,null,null,null,null,null,null,null,null,null,null,null,null,null,null,null,null,null,null,null,null,null,null,null,null,null,null,null,null,null,null,null,null,null,"42979Ε1δ (Ε)245Sα12","2017-09-01","Ε1δ (Ε)",245,"ΟΑ ΝΙΚΑΙΑ ΛΑΡΙΣΑΣ","S","α12",5,2922,726]
[null,null,null,null,null,null,null,null,null,null,null,null,null,null,null,null,null,null,null,null,null,null,null,null,null,null,null,null,null,null,null,null,null,null,"42979Ε1δ (Ε)226Sα14","2017-09-01","Ε1δ (Ε)",226,"ΑΣΑ ΛΑΡΙΣΑΣ","S","α14",6,2923,726]
[null,null,null,null,null,null,null,null,null,null,null,null,null,null,null,null,null,null,null,null,null,null,null,null,null,null,null,null,null,null,null,null,null,null,"42979Ε1δ (Ε)226Sα16","2017-09-01","Ε1δ (Ε)",226,"ΑΣΑ ΛΑΡΙΣΑΣ","S","α16",7,2924,726]
[null,null,null,null,null,null,null,null,null,null,null,null,null,null,null,null,null,null,null,null,null,null,null,null,null,null,null,null,null,null,null,null,null,null,"42979Ε1δ (Ε)245Sκ12","2017-09-01","Ε1δ (Ε)",245,"ΟΑ ΝΙΚΑΙΑ ΛΑΡΙΣΑΣ","S","κ12",9,2925,726]
[null,null,null,null,null,null,null,null,null,null,null,null,null,null,null,null,null,null,null,null,null,null,null,null,null,null,null,null,null,null,null,null,null,null,"42979Ε1δ (Ε)250Sκ14","2017-09-01","Ε1δ (Ε)",250,"ΟΑ ΦΟΙΒΟΣ ΛΑΡΙΣΑΣ","S","κ14",10,2926,726]
[null,null,null,null,null,null,null,null,null,null,null,null,null,null,null,null,null,null,null,null,null,null,null,null,null,null,null,null,null,null,null,null,null,null,"42979Ε1δ (Ε)245Sκ16","2017-09-01","Ε1δ (Ε)",245,"ΟΑ ΝΙΚΑΙΑ ΛΑΡΙΣΑΣ","S","κ16",11,2927,726]
[null,null,null,null,null,null,null,null,null,null,null,null,null,null,null,null,null,null,null,null,null,null,null,null,null,null,null,null,null,null,null,null,null,null,"42979Ε1δ (Ε)245Dα12","2017-09-01","Ε1δ (Ε)",245,"ΟΑ ΝΙΚΑΙΑ ΛΑΡΙΣΑΣ","D","α12",13,2928,726]
[null,null,null,null,null,null,null,null,null,null,null,null,null,null,null,null,null,null,null,null,null,null,null,null,null,null,null,null,null,null,null,null,null,null,"42979Ε1δ (Ε)226Dα14","2017-09-01","Ε1δ (Ε)",226,"ΑΣΑ ΛΑΡΙΣΑΣ","D","α14",14,2929,726]
[null,null,null,null,null,null,null,null,null,null,null,null,null,null,null,null,null,null,null,null,null,null,null,null,null,null,null,null,null,null,null,null,null,null,"42979Ε1δ (Ε)226Dα16","2017-09-01","Ε1δ (Ε)",226,"ΑΣΑ ΛΑΡΙΣΑΣ","D","α16",15,2930,726]
[null,null,null,null,null,null,null,null,null,null,null,null,null,null,null,null,null,null,null,null,null,null,null,null,null,null,null,null,null,null,null,null,null,null,"42979Ε1δ (Ε)245Dκ12","2017-09-01","Ε1δ (Ε)",245,"ΟΑ ΝΙΚΑΙΑ ΛΑΡΙΣΑΣ","D","κ12",17,2931,726]
[null,null,null,null,null,null,null,null,null,null,null,null,null,null,null,null,null,null,null,null,null,null,null,null,null,null,null,null,null,null,null,null,null,null,"42979Ε1δ (Ε)250Dκ14","2017-09-01","Ε1δ (Ε)",250,"ΟΑ ΦΟΙΒΟΣ ΛΑΡΙΣΑΣ","D","κ14",18,2932,726]
[null,null,null,null,null,null,null,null,null,null,null,null,null,null,null,null,null,null,null,null,null,null,null,null,null,null,null,null,null,null,null,null,null,null,"42979Ε1δ (Ε)245Dκ16","2017-09-01","Ε1δ (Ε)",245,"ΟΑ ΝΙΚΑΙΑ ΛΑΡΙΣΑΣ","D","κ16",19,2933,726]
[null,null,null,null,null,null,null,null,null,null,null,null,null,null,null,null,null,null,null,null,null,null,null,null,null,null,null,null,null,null,null,null,null,null,"42979Ε4δ (Ε)226Sα12","2017-09-01","Ε4δ (Ε)",226,"ΑΣΑ ΛΑΡΙΣΑΣ","S","α12",5,2934,727]
[null,null,null,null,null,null,null,null,null,null,null,null,null,null,null,null,null,null,null,null,null,null,null,null,null,null,null,null,null,null,null,null,null,null,"42979Ε4δ (Ε)226Sα14","2017-09-01","Ε4δ (Ε)",226,"ΑΣΑ ΛΑΡΙΣΑΣ","S","α14",6,2935,727]
[null,null,null,null,null,null,null,null,null,null,null,null,null,null,null,null,null,null,null,null,null,null,null,null,null,null,null,null,null,null,null,null,null,null,"42979Ε4δ (Ε)226Sα16","2017-09-01","Ε4δ (Ε)",226,"ΑΣΑ ΛΑΡΙΣΑΣ","S","α16",7,2936,727]
[null,null,null,null,null,null,null,null,null,null,null,null,null,null,null,null,null,null,null,null,null,null,null,null,null,null,null,null,null,null,null,null,null,null,"42979Ε4δ (Ε)226Sκ12","2017-09-01","Ε4δ (Ε)",226,"ΑΣΑ ΛΑΡΙΣΑΣ","S","κ12",9,2937,727]
[null,null,null,null,null,null,null,null,null,null,null,null,null,null,null,null,null,null,null,null,null,null,null,null,null,null,null,null,null,null,null,null,null,null,"42979Ε4δ (Ε)226Sκ14","2017-09-01","Ε4δ (Ε)",226,"ΑΣΑ ΛΑΡΙΣΑΣ","S","κ14",10,2938,727]
[null,null,null,null,null,null,null,null,null,null,null,null,null,null,null,null,null,null,null,null,null,null,null,null,null,null,null,null,null,null,null,null,null,null,"42979Ε4δ (Ε)226Sκ16","2017-09-01","Ε4δ (Ε)",226,"ΑΣΑ ΛΑΡΙΣΑΣ","S","κ16",11,2939,727]
[null,null,null,null,null,null,null,null,null,null,null,null,null,null,null,null,null,null,null,null,null,null,null,null,null,null,null,null,null,null,null,null,null,null,"42954TE (ΟΑ ΚΙΛΚΙΣ)153Sα16","2017-08-07","TE (ΟΑ ΚΙΛΚΙΣ)",153,"ΟΑ ΚΙΛΚΙΣ","S","α16",7,2940,728]
[null,null,null,null,null,null,null,null,null,null,null,null,null,null,null,null,null,null,null,null,null,null,null,null,null,null,null,null,null,null,null,null,null,null,"42954TE (ΟΑ ΚΙΛΚΙΣ)153Sκ16","2017-08-07","TE (ΟΑ ΚΙΛΚΙΣ)",153,"ΟΑ ΚΙΛΚΙΣ","S","κ16",11,2941,728]
[null,null,null,null,null,null,null,null,null,null,null,null,null,null,null,null,null,null,null,null,null,null,null,null,null,null,null,null,null,null,null,null,null,null,"42954TE (ΟΑ ΚΙΛΚΙΣ)153Dα16","2017-08-07","TE (ΟΑ ΚΙΛΚΙΣ)",153,"ΟΑ ΚΙΛΚΙΣ","D","α16",15,2942,728]
[null,null,null,null,null,null,null,null,null,null,null,null,null,null,null,null,null,null,null,null,null,null,null,null,null,null,null,null,null,null,null,null,null,null,"42954TE (ΟΑ ΚΙΛΚΙΣ)153Dκ16","2017-08-07","TE (ΟΑ ΚΙΛΚΙΣ)",153,"ΟΑ ΚΙΛΚΙΣ","D","κ16",19,2943,728]
[null,null,null,null,null,null,null,null,null,null,null,null,null,null,null,null,null,null,null,null,null,null,null,null,null,null,null,null,null,null,null,null,null,null,"42954TE (NEOTEL OPEN)15Sκ16","2017-08-07","TE (NEOTEL OPEN)",15,"Tennis Europe","S","κ16",11,2944,729]
[null,null,null,null,null,null,null,null,null,null,null,null,null,null,null,null,null,null,null,null,null,null,null,null,null,null,null,null,null,null,null,null,null,null,"42954ITF (DEMA CUP)14Dα18","2017-08-07","ITF (DEMA CUP)",14,"ITF","D","α18",16,2945,730]
[null,null,null,null,null,null,null,null,null,null,null,null,null,null,null,null,null,null,null,null,null,null,null,null,null,null,null,null,null,null,null,null,null,null,"42748ITF (13/1/17)14Sανδ","2017-01-13","ITF (13/1/17)",14,"ITF","S","ανδ",25,2979,744]
[null,null,null,null,null,null,null,null,null,null,null,null,null,null,null,null,null,null,null,null,null,null,null,null,null,null,null,null,null,null,null,null,null,null,"42748ITF (13/1/17)14Dανδ","2017-01-13","ITF (13/1/17)",14,"ITF","D","ανδ",27,2980,744]
[null,null,null,null,null,null,null,null,null,null,null,null,null,null,null,null,null,null,null,null,null,null,null,null,null,null,null,null,null,null,null,null,null,null,"42748ITF (13/1/17)14Sγυν","2017-01-13","ITF (13/1/17)",14,"ITF","S","γυν",26,2981,744]
[null,null,null,null,null,null,null,null,null,null,null,null,null,null,null,null,null,null,null,null,null,null,null,null,null,null,null,null,null,null,null,null,null,null,"42748ITF (13/1/17)14Dγυν","2017-01-13","ITF (13/1/17)",14,"ITF","D","γυν",28,2982,744]
[null,null,null,null,null,null,null,null,null,null,null,null,null,null,null,null,null,null,null,null,null,null,null,null,null,null,null,null,null,null,null,null,null,null,"42836ITF (11/4/17)14Sανδ","2017-04-11","ITF (11/4/17)",14,"ITF","S","ανδ",25,2983,745]
[null,null,null,null,null,null,null,null,null,null,null,null,null,null,null,null,null,null,null,null,null,null,null,null,null,null,null,null,null,null,null,null,null,null,"42836ITF (11/4/17)14Dανδ","2017-04-11","ITF (11/4/17)",14,"ITF","D","ανδ",27,2984,745]
[null,null,null,null,null,null,null,null,null,null,null,null,null,null,null,null,null,null,null,null,null,null,null,null,null,null,null,null,null,null,null,null,null,null,"42836ITF (11/4/17)14Sγυν","2017-04-11","ITF (11/4/17)",14,"ITF","S","γυν",26,2985,745]
[null,null,null,null,null,null,null,null,null,null,null,null,null,null,null,null,null,null,null,null,null,null,null,null,null,null,null,null,null,null,null,null,null,null,"42836ITF (11/4/17)14Dγυν","2017-04-11","ITF (11/4/17)",14,"ITF","D","γυν",28,2986,745]
[null,null,null,null,null,null,null,null,null,null,null,null,null,null,null,null,null,null,null,null,null,null,null,null,null,null,null,null,null,null,null,null,null,null,"42858Open Ροδιακός (Θ)404Sανδ","2017-05-03","Open Ροδιακός (Θ)",404,"ΡΟΔΙΑΚΟΣ ΟΑ","S","ανδ",25,2987,746]
[null,null,null,null,null,null,null,null,null,null,null,null,null,null,null,null,null,null,null,null,null,null,null,null,null,null,null,null,null,null,null,null,null,null,"42858Open Ροδιακός (Θ)404Dανδ","2017-05-03","Open Ροδιακός (Θ)",404,"ΡΟΔΙΑΚΟΣ ΟΑ","D","ανδ",27,2988,746]
[null,null,null,null,null,null,null,null,null,null,null,null,null,null,null,null,null,null,null,null,null,null,null,null,null,null,null,null,null,null,null,null,null,null,"42870ITF (15/5/17)14Sανδ","2017-05-15","ITF (15/5/17)",14,"ITF","S","ανδ",25,2989,747]
[null,null,null,null,null,null,null,null,null,null,null,null,null,null,null,null,null,null,null,null,null,null,null,null,null,null,null,null,null,null,null,null,null,null,"42870ITF (15/5/17)14Dανδ","2017-05-15","ITF (15/5/17)",14,"ITF","D","ανδ",27,2990,747]
[null,null,null,null,null,null,null,null,null,null,null,null,null,null,null,null,null,null,null,null,null,null,null,null,null,null,null,null,null,null,null,null,null,null,"42870ITF (15/5/17)14Sγυν","2017-05-15","ITF (15/5/17)",14,"ITF","S","γυν",26,2991,747]
[null,null,null,null,null,null,null,null,null,null,null,null,null,null,null,null,null,null,null,null,null,null,null,null,null,null,null,null,null,null,null,null,null,null,"42870ITF (15/5/17)14Dγυν","2017-05-15","ITF (15/5/17)",14,"ITF","D","γυν",28,2992,747]
[null,null,null,null,null,null,null,null,null,null,null,null,null,null,null,null,null,null,null,null,null,null,null,null,null,null,null,null,null,null,null,null,null,null,"42892Open Παύλεια (ΣΤ)286Sανδ","2017-06-06","Open Παύλεια (ΣΤ)",286,"ΟΑ ΚΟΡΙΝΘΟΥ","S","ανδ",25,2993,748]
[null,null,null,null,null,null,null,null,null,null,null,null,null,null,null,null,null,null,null,null,null,null,null,null,null,null,null,null,null,null,null,null,null,null,"42899ITF (13/6/17)14Sανδ","2017-06-13","ITF (13/6/17)",14,"ITF","S","ανδ",25,2994,749]
[null,null,null,null,null,null,null,null,null,null,null,null,null,null,null,null,null,null,null,null,null,null,null,null,null,null,null,null,null,null,null,null,null,null,"42899ITF (13/6/17)14Dανδ","2017-06-13","ITF (13/6/17)",14,"ITF","D","ανδ",27,2995,749]
[null,null,null,null,null,null,null,null,null,null,null,null,null,null,null,null,null,null,null,null,null,null,null,null,null,null,null,null,null,null,null,null,null,null,"42899ITF (13/6/17)14Sγυν","2017-06-13","ITF (13/6/17)",14,"ITF","S","γυν",26,2996,749]
[null,null,null,null,null,null,null,null,null,null,null,null,null,null,null,null,null,null,null,null,null,null,null,null,null,null,null,null,null,null,null,null,null,null,"42899ITF (13/6/17)14Dγυν","2017-06-13","ITF (13/6/17)",14,"ITF","D","γυν",28,2997,749]
[null,null,null,null,null,null,null,null,null,null,null,null,null,null,null,null,null,null,null,null,null,null,null,null,null,null,null,null,null,null,null,null,null,null,{"$f":"AJ579&AK579&AL579&AN579&AO579","v":"42905Παν (Η) ΑΓ349Sανδ"},"2017-06-19","Παν (Η) ΑΓ",349,"ΟΑ ΑΘΗΝΩΝ","S","ανδ",25,2998,750]
[null,null,null,null,null,null,null,null,null,null,null,null,null,null,null,null,null,null,null,null,null,null,null,null,null,null,null,null,null,null,null,null,null,null,"42905Παν (Η) ΑΓ349Dανδ","2017-06-19","Παν (Η) ΑΓ",349,"ΟΑ ΑΘΗΝΩΝ","D","ανδ",27,2999,750]
[null,null,null,null,null,null,null,null,null,null,null,null,null,null,null,null,null,null,null,null,null,null,null,null,null,null,null,null,null,null,null,null,null,null,"42905Παν (Η) ΑΓ349Sγυν","2017-06-19","Παν (Η) ΑΓ",349,"ΟΑ ΑΘΗΝΩΝ","S","γυν",26,3000,750]
[null,null,null,null,null,null,null,null,null,null,null,null,null,null,null,null,null,null,null,null,null,null,null,null,null,null,null,null,null,null,null,null,null,null,"42905Παν (Η) ΑΓ349Dγυν","2017-06-19","Παν (Η) ΑΓ",349,"ΟΑ ΑΘΗΝΩΝ","D","γυν",28,3001,750]
[null,null,null,null,null,null,null,null,null,null,null,null,null,null,null,null,null,null,null,null,null,null,null,null,null,null,null,null,null,null,null,null,null,null,"42915ITF (29/6/17)14Sανδ","2017-06-29","ITF (29/6/17)",14,"ITF","S","ανδ",25,3002,751]
[null,null,null,null,null,null,null,null,null,null,null,null,null,null,null,null,null,null,null,null,null,null,null,null,null,null,null,null,null,null,null,null,null,null,"42915ITF (29/6/17)14Dανδ","2017-06-29","ITF (29/6/17)",14,"ITF","D","ανδ",27,3003,751]
[null,null,null,null,null,null,null,null,null,null,null,null,null,null,null,null,null,null,null,null,null,null,null,null,null,null,null,null,null,null,null,null,null,null,"42915ITF (29/6/17)14Sγυν","2017-06-29","ITF (29/6/17)",14,"ITF","S","γυν",26,3004,751]
[null,null,null,null,null,null,null,null,null,null,null,null,null,null,null,null,null,null,null,null,null,null,null,null,null,null,null,null,null,null,null,null,null,null,"42915ITF (29/6/17)14Dγυν","2017-06-29","ITF (29/6/17)",14,"ITF","D","γυν",28,3005,751]
[null,null,null,null,null,null,null,null,null,null,null,null,null,null,null,null,null,null,null,null,null,null,null,null,null,null,null,null,null,null,null,null,null,null,"42920Open Πάτρα (ΣΤ)261Sανδ","2017-07-04","Open Πάτρα (ΣΤ)",261,"ΑΕΤ ΝΙΚΗ ΠΑΤΡΩΝ","S","ανδ",25,3006,752]
[null,null,null,null,null,null,null,null,null,null,null,null,null,null,null,null,null,null,null,null,null,null,null,null,null,null,null,null,null,null,null,null,null,null,"42920Open Πάτρα (ΣΤ)261Sγυν","2017-07-04","Open Πάτρα (ΣΤ)",261,"ΑΕΤ ΝΙΚΗ ΠΑΤΡΩΝ","S","γυν",26,3007,752]
[null,null,null,null,null,null,null,null,null,null,null,null,null,null,null,null,null,null,null,null,null,null,null,null,null,null,null,null,null,null,null,null,null,null,"42958ITF (11/8/17)14Sανδ","2017-08-11","ITF (11/8/17)",14,"ITF","S","ανδ",25,3008,753]
[null,null,null,null,null,null,null,null,null,null,null,null,null,null,null,null,null,null,null,null,null,null,null,null,null,null,null,null,null,null,null,null,null,null,"42958ITF (11/8/17)14Dανδ","2017-08-11","ITF (11/8/17)",14,"ITF","D","ανδ",27,3009,753]
[null,null,null,null,null,null,null,null,null,null,null,null,null,null,null,null,null,null,null,null,null,null,null,null,null,null,null,null,null,null,null,null,null,null,"42958ITF (11/8/17)14Sγυν","2017-08-11","ITF (11/8/17)",14,"ITF","S","γυν",26,3010,753]
[null,null,null,null,null,null,null,null,null,null,null,null,null,null,null,null,null,null,null,null,null,null,null,null,null,null,null,null,null,null,null,null,null,null,"42958ITF (11/8/17)14Dγυν","2017-08-11","ITF (11/8/17)",14,"ITF","D","γυν",28,3011,753]
[null,null,null,null,null,null,null,null,null,null,null,null,null,null,null,null,null,null,null,null,null,null,null,null,null,null,null,null,null,null,null,null,null,null,"42940TE (EUROPEAN CHAMP)15Sα16","2017-07-24","TE (EUROPEAN CHAMP)",15,"Tennis Europe","S","α16",7,3012,754]
[null,null,null,null,null,null,null,null,null,null,null,null,null,null,null,null,null,null,null,null,null,null,null,null,null,null,null,null,null,null,null,null,null,null,"42954TE (NEOTEL OPEN)15Sα16","2017-08-07","TE (NEOTEL OPEN)",15,"Tennis Europe","S","α16",7,3013,755]
[null,null,null,null,null,null,null,null,null,null,null,null,null,null,null,null,null,null,null,null,null,null,null,null,null,null,null,null,null,null,null,null,null,null,"42961ITF (JUG OPEN)14Sα18","2017-08-14","ITF (JUG OPEN)",14,"ITF","S","α18",8,3014,756]
[null,null,null,null,null,null,null,null,null,null,null,null,null,null,null,null,null,null,null,null,null,null,null,null,null,null,null,null,null,null,null,null,null,null,"42961ITF (JUG OPEN)14Dα18","2017-08-14","ITF (JUG OPEN)",14,"ITF","D","α18",16,3015,756]
[null,null,null,null,null,null,null,null,null,null,null,null,null,null,null,null,null,null,null,null,null,null,null,null,null,null,null,null,null,null,null,null,null,null,"42961TE (ΟΑ ΚΟΥΦΑΛΙΩΝ)154Sα16","2017-08-14","TE (ΟΑ ΚΟΥΦΑΛΙΩΝ)",154,"ΟΑ ΚΟΥΦΑΛΙΩΝ","S","α16",7,3016,757]
[null,null,null,null,null,null,null,null,null,null,null,null,null,null,null,null,null,null,null,null,null,null,null,null,null,null,null,null,null,null,null,null,null,null,"42961TE (ΟΑ ΚΟΥΦΑΛΙΩΝ)154Dα16","2017-08-14","TE (ΟΑ ΚΟΥΦΑΛΙΩΝ)",154,"ΟΑ ΚΟΥΦΑΛΙΩΝ","D","α16",15,3017,757]
[null,null,null,null,null,null,null,null,null,null,null,null,null,null,null,null,null,null,null,null,null,null,null,null,null,null,null,null,null,null,null,null,null,null,"42961TE (ΟΑ ΚΟΥΦΑΛΙΩΝ)154Sκ16","2017-08-14","TE (ΟΑ ΚΟΥΦΑΛΙΩΝ)",154,"ΟΑ ΚΟΥΦΑΛΙΩΝ","S","κ16",11,3018,757]
[null,null,null,null,null,null,null,null,null,null,null,null,null,null,null,null,null,null,null,null,null,null,null,null,null,null,null,null,null,null,null,null,null,null,"42961TE (ΟΑ ΚΟΥΦΑΛΙΩΝ)154Dκ16","2017-08-14","TE (ΟΑ ΚΟΥΦΑΛΙΩΝ)",154,"ΟΑ ΚΟΥΦΑΛΙΩΝ","D","κ16",19,3019,757]
[null,null,null,null,null,null,null,null,null,null,null,null,null,null,null,null,null,null,null,null,null,null,null,null,null,null,null,null,null,null,null,null,null,null,"42968TE (ΟΑ ΑΡΙΔΑΙΑΣ)185Sα16","2017-08-21","TE (ΟΑ ΑΡΙΔΑΙΑΣ)",185,"ΟΑ ΑΡΙΔΑΙΑΣ","S","α16",7,3020,758]
[null,null,null,null,null,null,null,null,null,null,null,null,null,null,null,null,null,null,null,null,null,null,null,null,null,null,null,null,null,null,null,null,null,null,"42968TE (ΟΑ ΑΡΙΔΑΙΑΣ)185Dα16","2017-08-21","TE (ΟΑ ΑΡΙΔΑΙΑΣ)",185,"ΟΑ ΑΡΙΔΑΙΑΣ","D","α16",15,3021,758]
[null,null,null,null,null,null,null,null,null,null,null,null,null,null,null,null,null,null,null,null,null,null,null,null,null,null,null,null,null,null,null,null,null,null,"42968TE (ΟΑ ΑΡΙΔΑΙΑΣ)185Sκ16","2017-08-21","TE (ΟΑ ΑΡΙΔΑΙΑΣ)",185,"ΟΑ ΑΡΙΔΑΙΑΣ","S","κ16",11,3022,758]
[null,null,null,null,null,null,null,null,null,null,null,null,null,null,null,null,null,null,null,null,null,null,null,null,null,null,null,null,null,null,null,null,null,null,"42968TE (ΟΑ ΑΡΙΔΑΙΑΣ)185Dκ16","2017-08-21","TE (ΟΑ ΑΡΙΔΑΙΑΣ)",185,"ΟΑ ΑΡΙΔΑΙΑΣ","D","κ16",19,3023,758]
[null,null,null,null,null,null,null,null,null,null,null,null,null,null,null,null,null,null,null,null,null,null,null,null,null,null,null,null,null,null,null,null,null,null,"43013Ε1ε (Γ)195Sα12","2017-10-05","Ε1ε (Γ)",195,"ΟΑ ΠΤΟΛΕΜΑΪΔΑΣ","S","α12",5,3024,759]
[null,null,null,null,null,null,null,null,null,null,null,null,null,null,null,null,null,null,null,null,null,null,null,null,null,null,null,null,null,null,null,null,null,null,"42969ITF (IOANNIDES)14Sκ18","2017-08-22","ITF (IOANNIDES)",14,"ITF","S","κ18",12,3025,760]
[null,null,null,null,null,null,null,null,null,null,null,null,null,null,null,null,null,null,null,null,null,null,null,null,null,null,null,null,null,null,null,null,null,null,"42969ITF (IOANNIDES)14Dκ18","2017-08-22","ITF (IOANNIDES)",14,"ITF","D","κ18",20,3026,760]
[null,null,null,null,null,null,null,null,null,null,null,null,null,null,null,null,null,null,null,null,null,null,null,null,null,null,null,null,null,null,null,null,null,null,"42976ITF (HERODOTOU)14Sκ18","2017-08-29","ITF (HERODOTOU)",14,"ITF","S","κ18",12,3027,761]
[null,null,null,null,null,null,null,null,null,null,null,null,null,null,null,null,null,null,null,null,null,null,null,null,null,null,null,null,null,null,null,null,null,null,"42976ITF (HERODOTOU)14Dκ18","2017-08-29","ITF (HERODOTOU)",14,"ITF","D","κ18",20,3028,761]
[null,null,null,null,null,null,null,null,null,null,null,null,null,null,null,null,null,null,null,null,null,null,null,null,null,null,null,null,null,null,null,null,null,null,"42919TE (STARA ZAGORA)15Sα16","2017-07-03","TE (STARA ZAGORA)",15,"Tennis Europe","S","α16",7,3029,762]
[null,null,null,null,null,null,null,null,null,null,null,null,null,null,null,null,null,null,null,null,null,null,null,null,null,null,null,null,null,null,null,null,null,null,"42954TE (CEVANSIR CUP)15Sκ16","2017-08-07","TE (CEVANSIR CUP)",15,"Tennis Europe","S","κ16",11,3030,763]
[null,null,null,null,null,null,null,null,null,null,null,null,null,null,null,null,null,null,null,null,null,null,null,null,null,null,null,null,null,null,null,null,null,null,"42955ITF (COPERNICUS)14Sκ18","2017-08-08","ITF (COPERNICUS)",14,"ITF","S","κ18",12,3031,764]
[null,null,null,null,null,null,null,null,null,null,null,null,null,null,null,null,null,null,null,null,null,null,null,null,null,null,null,null,null,null,null,null,null,null,"42955ITF (COPERNICUS)14Dκ18","2017-08-08","ITF (COPERNICUS)",14,"ITF","D","κ18",20,3032,764]
[null,null,null,null,null,null,null,null,null,null,null,null,null,null,null,null,null,null,null,null,null,null,null,null,null,null,null,null,null,null,null,null,null,null,"42968ITF (NEOCOM)14Sα18","2017-08-21","ITF (NEOCOM)",14,"ITF","S","α18",8,3033,765]
[null,null,null,null,null,null,null,null,null,null,null,null,null,null,null,null,null,null,null,null,null,null,null,null,null,null,null,null,null,null,null,null,null,null,"42968ITF (NEOCOM)14Dα18","2017-08-21","ITF (NEOCOM)",14,"ITF","D","α18",16,3034,765]
[null,null,null,null,null,null,null,null,null,null,null,null,null,null,null,null,null,null,null,null,null,null,null,null,null,null,null,null,null,null,null,null,null,null,"42975TE (BOHDAN)15Sα16","2017-08-28","TE (BOHDAN)",15,"Tennis Europe","S","α16",7,3035,766]
[null,null,null,null,null,null,null,null,null,null,null,null,null,null,null,null,null,null,null,null,null,null,null,null,null,null,null,null,null,null,null,null,null,null,"42982TE (TORNEO)15Sα16","2017-09-04","TE (TORNEO)",15,"Tennis Europe","S","α16",7,3036,767]
[null,null,null,null,null,null,null,null,null,null,null,null,null,null,null,null,null,null,null,null,null,null,null,null,null,null,null,null,null,null,null,null,null,null,"42982TE (TORNEO)15Dα16","2017-09-04","TE (TORNEO)",15,"Tennis Europe","D","α16",15,3037,767]
[null,null,null,null,null,null,null,null,null,null,null,null,null,null,null,null,null,null,null,null,null,null,null,null,null,null,null,null,null,null,null,null,null,null,"42999Ε2ε (Β)130Sα12","2017-09-21","Ε2ε (Β)",130,"ΑΟΑ ΛΕ ΡΑΚΕΤ","S","α12",5,3038,768]
[null,null,null,null,null,null,null,null,null,null,null,null,null,null,null,null,null,null,null,null,null,null,null,null,null,null,null,null,null,null,null,null,null,null,"42999Ε2ε (Β)152Sα14","2017-09-21","Ε2ε (Β)",152,"ΟΑ ΚΑΛΑΜΑΡΙΑΣ","S","α14",6,3039,768]
[null,null,null,null,null,null,null,null,null,null,null,null,null,null,null,null,null,null,null,null,null,null,null,null,null,null,null,null,null,null,null,null,null,null,"42999Ε2ε (Β)165Sα16","2017-09-21","Ε2ε (Β)",165,"ΑΣΑ ΘΕΣΣΑΛΟΝΙΚΗΣ","S","α16",7,3040,768]
[null,null,null,null,null,null,null,null,null,null,null,null,null,null,null,null,null,null,null,null,null,null,null,null,null,null,null,null,null,null,null,null,null,null,"42999Ε2ε (Β)130Sκ12","2017-09-21","Ε2ε (Β)",130,"ΑΟΑ ΛΕ ΡΑΚΕΤ","S","κ12",9,3041,768]
[null,null,null,null,null,null,null,null,null,null,null,null,null,null,null,null,null,null,null,null,null,null,null,null,null,null,null,null,null,null,null,null,null,null,"42999Ε2ε (Β)152Sκ14","2017-09-21","Ε2ε (Β)",152,"ΟΑ ΚΑΛΑΜΑΡΙΑΣ","S","κ14",10,3042,768]
[null,null,null,null,null,null,null,null,null,null,null,null,null,null,null,null,null,null,null,null,null,null,null,null,null,null,null,null,null,null,null,null,null,null,"42999Ε2ε (Β)165Sκ16","2017-09-21","Ε2ε (Β)",165,"ΑΣΑ ΘΕΣΣΑΛΟΝΙΚΗΣ","S","κ16",11,3043,768]
[null,null,null,null,null,null,null,null,null,null,null,null,null,null,null,null,null,null,null,null,null,null,null,null,null,null,null,null,null,null,null,null,null,null,"42999Ε2ε (Δ)211Sα12","2017-09-21","Ε2ε (Δ)",211,"ΓΕ ΠΡΕΒΕΖΑΣ","S","α12",5,3044,769]
[null,null,null,null,null,null,null,null,null,null,null,null,null,null,null,null,null,null,null,null,null,null,null,null,null,null,null,null,null,null,null,null,null,null,"42999Ε2ε (Δ)220Sα14","2017-09-21","Ε2ε (Δ)",220,"ΟΑ ΚΕΡΚΥΡΑΣ","S","α14",6,3045,769]
[null,null,null,null,null,null,null,null,null,null,null,null,null,null,null,null,null,null,null,null,null,null,null,null,null,null,null,null,null,null,null,null,null,null,"42999Ε2ε (Δ)218Sα16","2017-09-21","Ε2ε (Δ)",218,"ΟΑ ΘΕΣΠΡΩΤΙΑΣ ΤΙΤΑΝΗ","S","α16",7,3046,769]
[null,null,null,null,null,null,null,null,null,null,null,null,null,null,null,null,null,null,null,null,null,null,null,null,null,null,null,null,null,null,null,null,null,null,"42999Ε2ε (Δ)211Sκ12","2017-09-21","Ε2ε (Δ)",211,"ΓΕ ΠΡΕΒΕΖΑΣ","S","κ12",9,3047,769]
[null,null,null,null,null,null,null,null,null,null,null,null,null,null,null,null,null,null,null,null,null,null,null,null,null,null,null,null,null,null,null,null,null,null,"42999Ε2ε (Δ)220Sκ14","2017-09-21","Ε2ε (Δ)",220,"ΟΑ ΚΕΡΚΥΡΑΣ","S","κ14",10,3048,769]
[null,null,null,null,null,null,null,null,null,null,null,null,null,null,null,null,null,null,null,null,null,null,null,null,null,null,null,null,null,null,null,null,null,null,"42999Ε2ε (Δ)218Sκ16","2017-09-21","Ε2ε (Δ)",218,"ΟΑ ΘΕΣΠΡΩΤΙΑΣ ΤΙΤΑΝΗ","S","κ16",11,3049,769]
[null,null,null,null,null,null,null,null,null,null,null,null,null,null,null,null,null,null,null,null,null,null,null,null,null,null,null,null,null,null,null,null,null,null,"42999Ε2ε (Θ)398Sα12","2017-09-21","Ε2ε (Θ)",398,"ΟΑ ΠΕΤΡΟΥΠΟΛΗΣ","S","α12",5,3050,770]
[null,null,null,null,null,null,null,null,null,null,null,null,null,null,null,null,null,null,null,null,null,null,null,null,null,null,null,null,null,null,null,null,null,null,"42999Ε2ε (Θ)374Sα14","2017-09-21","Ε2ε (Θ)",374,"ΑΟΑ ΧΑΪΔΑΡΙΟΥ","S","α14",6,3051,770]
[null,null,null,null,null,null,null,null,null,null,null,null,null,null,null,null,null,null,null,null,null,null,null,null,null,null,null,null,null,null,null,null,null,null,"42999Ε2ε (Θ)374Sα16","2017-09-21","Ε2ε (Θ)",374,"ΑΟΑ ΧΑΪΔΑΡΙΟΥ","S","α16",7,3052,770]
[null,null,null,null,null,null,null,null,null,null,null,null,null,null,null,null,null,null,null,null,null,null,null,null,null,null,null,null,null,null,null,null,null,null,"42999Ε2ε (Θ)374Sκ12","2017-09-21","Ε2ε (Θ)",374,"ΑΟΑ ΧΑΪΔΑΡΙΟΥ","S","κ12",9,3053,770]
[null,null,null,null,null,null,null,null,null,null,null,null,null,null,null,null,null,null,null,null,null,null,null,null,null,null,null,null,null,null,null,null,null,null,"42999Ε2ε (Θ)398Sκ14","2017-09-21","Ε2ε (Θ)",398,"ΟΑ ΠΕΤΡΟΥΠΟΛΗΣ","S","κ14",10,3054,770]
[null,null,null,null,null,null,null,null,null,null,null,null,null,null,null,null,null,null,null,null,null,null,null,null,null,null,null,null,null,null,null,null,null,null,"42999Ε2ε (Θ)398Sκ16","2017-09-21","Ε2ε (Θ)",398,"ΟΑ ΠΕΤΡΟΥΠΟΛΗΣ","S","κ16",11,3055,770]
[null,null,null,null,null,null,null,null,null,null,null,null,null,null,null,null,null,null,null,null,null,null,null,null,null,null,null,null,null,null,null,null,null,null,"42999Ε2ε (Β)130Dα12","2017-09-21","Ε2ε (Β)",130,"ΑΟΑ ΛΕ ΡΑΚΕΤ","D","α12",13,3056,768]
[null,null,null,null,null,null,null,null,null,null,null,null,null,null,null,null,null,null,null,null,null,null,null,null,null,null,null,null,null,null,null,null,null,null,"42999Ε2ε (Β)152Dα14","2017-09-21","Ε2ε (Β)",152,"ΟΑ ΚΑΛΑΜΑΡΙΑΣ","D","α14",14,3057,768]
[null,null,null,null,null,null,null,null,null,null,null,null,null,null,null,null,null,null,null,null,null,null,null,null,null,null,null,null,null,null,null,null,null,null,"42999Ε2ε (Β)165Dα16","2017-09-21","Ε2ε (Β)",165,"ΑΣΑ ΘΕΣΣΑΛΟΝΙΚΗΣ","D","α16",15,3058,768]
[null,null,null,null,null,null,null,null,null,null,null,null,null,null,null,null,null,null,null,null,null,null,null,null,null,null,null,null,null,null,null,null,null,null,"42999Ε2ε (Β)130Dκ12","2017-09-21","Ε2ε (Β)",130,"ΑΟΑ ΛΕ ΡΑΚΕΤ","D","κ12",17,3059,768]
[null,null,null,null,null,null,null,null,null,null,null,null,null,null,null,null,null,null,null,null,null,null,null,null,null,null,null,null,null,null,null,null,null,null,"42999Ε2ε (Β)152Dκ14","2017-09-21","Ε2ε (Β)",152,"ΟΑ ΚΑΛΑΜΑΡΙΑΣ","D","κ14",18,3060,768]
[null,null,null,null,null,null,null,null,null,null,null,null,null,null,null,null,null,null,null,null,null,null,null,null,null,null,null,null,null,null,null,null,null,null,"42999Ε2ε (Β)165Dκ16","2017-09-21","Ε2ε (Β)",165,"ΑΣΑ ΘΕΣΣΑΛΟΝΙΚΗΣ","D","κ16",19,3061,768]
[null,null,null,null,null,null,null,null,null,null,null,null,null,null,null,null,null,null,null,null,null,null,null,null,null,null,null,null,null,null,null,null,null,null,{"$f":"AJ643&AK643&AL643&AN643&AO643","v":"42999Ε2ε (Δ)211Dα12"},"2017-09-21","Ε2ε (Δ)",211,"ΓΕ ΠΡΕΒΕΖΑΣ","D","α12",13,3062,769]
[null,null,null,null,null,null,null,null,null,null,null,null,null,null,null,null,null,null,null,null,null,null,null,null,null,null,null,null,null,null,null,null,null,null,"42999Ε2ε (Δ)220Dα14","2017-09-21","Ε2ε (Δ)",220,"ΟΑ ΚΕΡΚΥΡΑΣ","D","α14",14,3063,769]
[null,null,null,null,null,null,null,null,null,null,null,null,null,null,null,null,null,null,null,null,null,null,null,null,null,null,null,null,null,null,null,null,null,null,"42999Ε2ε (Δ)218Dα16","2017-09-21","Ε2ε (Δ)",218,"ΟΑ ΘΕΣΠΡΩΤΙΑΣ ΤΙΤΑΝΗ","D","α16",15,3064,769]
[null,null,null,null,null,null,null,null,null,null,null,null,null,null,null,null,null,null,null,null,null,null,null,null,null,null,null,null,null,null,null,null,null,null,"42999Ε2ε (Δ)211Dκ12","2017-09-21","Ε2ε (Δ)",211,"ΓΕ ΠΡΕΒΕΖΑΣ","D","κ12",17,3065,769]
[null,null,null,null,null,null,null,null,null,null,null,null,null,null,null,null,null,null,null,null,null,null,null,null,null,null,null,null,null,null,null,null,null,null,"42999Ε2ε (Δ)220Dκ14","2017-09-21","Ε2ε (Δ)",220,"ΟΑ ΚΕΡΚΥΡΑΣ","D","κ14",18,3066,769]
[null,null,null,null,null,null,null,null,null,null,null,null,null,null,null,null,null,null,null,null,null,null,null,null,null,null,null,null,null,null,null,null,null,null,"42999Ε2ε (Δ)218Dκ16","2017-09-21","Ε2ε (Δ)",218,"ΟΑ ΘΕΣΠΡΩΤΙΑΣ ΤΙΤΑΝΗ","D","κ16",19,3067,769]
[null,null,null,null,null,null,null,null,null,null,null,null,null,null,null,null,null,null,null,null,null,null,null,null,null,null,null,null,null,null,null,null,null,null,"42999Ε2ε (Θ)398Dα12","2017-09-21","Ε2ε (Θ)",398,"ΟΑ ΠΕΤΡΟΥΠΟΛΗΣ","D","α12",13,3068,770]
[null,null,null,null,null,null,null,null,null,null,null,null,null,null,null,null,null,null,null,null,null,null,null,null,null,null,null,null,null,null,null,null,null,null,"42999Ε2ε (Θ)374Dα14","2017-09-21","Ε2ε (Θ)",374,"ΑΟΑ ΧΑΪΔΑΡΙΟΥ","D","α14",14,3069,770]
[null,null,null,null,null,null,null,null,null,null,null,null,null,null,null,null,null,null,null,null,null,null,null,null,null,null,null,null,null,null,null,null,null,null,"42999Ε2ε (Θ)374Dα16","2017-09-21","Ε2ε (Θ)",374,"ΑΟΑ ΧΑΪΔΑΡΙΟΥ","D","α16",15,3070,770]
[null,null,null,null,null,null,null,null,null,null,null,null,null,null,null,null,null,null,null,null,null,null,null,null,null,null,null,null,null,null,null,null,null,null,"42999Ε2ε (Θ)374Dκ12","2017-09-21","Ε2ε (Θ)",374,"ΑΟΑ ΧΑΪΔΑΡΙΟΥ","D","κ12",17,3071,770]
[null,null,null,null,null,null,null,null,null,null,null,null,null,null,null,null,null,null,null,null,null,null,null,null,null,null,null,null,null,null,null,null,null,null,"42999Ε2ε (Θ)398Dκ14","2017-09-21","Ε2ε (Θ)",398,"ΟΑ ΠΕΤΡΟΥΠΟΛΗΣ","D","κ14",18,3072,770]
[null,null,null,null,null,null,null,null,null,null,null,null,null,null,null,null,null,null,null,null,null,null,null,null,null,null,null,null,null,null,null,null,null,null,"42999Ε2ε (Θ)398Dκ16","2017-09-21","Ε2ε (Θ)",398,"ΟΑ ΠΕΤΡΟΥΠΟΛΗΣ","D","κ16",19,3073,770]
[null,null,null,null,null,null,null,null,null,null,null,null,null,null,null,null,null,null,null,null,null,null,null,null,null,null,null,null,null,null,null,null,null,null,"42984Open Κεφαλονιά (ΣΤ)279Sανδ","2017-09-06","Open Κεφαλονιά (ΣΤ)",279,"ΚΕΦΑΛΛΗΝΙΑΚΟΣ ΟΑ","S","ανδ",25,3074,771]
[null,null,null,null,null,null,null,null,null,null,null,null,null,null,null,null,null,null,null,null,null,null,null,null,null,null,null,null,null,null,null,null,null,null,"42984Open Κεφαλονιά (ΣΤ)279Dανδ","2017-09-06","Open Κεφαλονιά (ΣΤ)",279,"ΚΕΦΑΛΛΗΝΙΑΚΟΣ ΟΑ","D","ανδ",27,3075,771]
[null,null,null,null,null,null,null,null,null,null,null,null,null,null,null,null,null,null,null,null,null,null,null,null,null,null,null,null,null,null,null,null,null,null,"42851Παν (Η) 16333Dμ16","2017-04-26","Παν (Η) 16",333,"ΑΟΑ ΑΛΕΞΑΝΔΡΟΣ Β","D","μ16",23,3076,651]
[null,null,null,null,null,null,null,null,null,null,null,null,null,null,null,null,null,null,null,null,null,null,null,null,null,null,null,null,null,null,null,null,null,null,"42829Παν (Η) 12333Dμ12","2017-04-04","Παν (Η) 12",333,"ΑΟΑ ΑΛΕΞΑΝΔΡΟΣ Β","D","μ12",21,3077,649]
[null,null,null,null,null,null,null,null,null,null,null,null,null,null,null,null,null,null,null,null,null,null,null,null,null,null,null,null,null,null,null,null,null,null,"42851Παν (Η) 14333Dμ14","2017-04-26","Παν (Η) 14",333,"ΑΟΑ ΑΛΕΞΑΝΔΡΟΣ Β","D","μ14",22,3078,650]
[null,null,null,null,null,null,null,null,null,null,null,null,null,null,null,null,null,null,null,null,null,null,null,null,null,null,null,null,null,null,null,null,null,null,"42905Παν (Η) ΑΓ349Dμαγ","2017-06-19","Παν (Η) ΑΓ",349,"ΟΑ ΑΘΗΝΩΝ","D","μαγ",29,3079,750]
[null,null,null,null,null,null,null,null,null,null,null,null,null,null,null,null,null,null,null,null,null,null,null,null,null,null,null,null,null,null,null,null,null,null,"42930Παν (Θ) 18400Dμ18","2017-07-14","Παν (Θ) 18",400,"ΟΑ ΧΑΛΚΙΔΑΣ","D","μ18",24,3080,712]
[null,null,null,null,null,null,null,null,null,null,null,null,null,null,null,null,null,null,null,null,null,null,null,null,null,null,null,null,null,null,null,null,null,null,"42983ITF (APHRODITE CUP)14Sκ18","2017-09-05","ITF (APHRODITE CUP)",14,"ITF","S","κ18",12,3081,772]
[null,null,null,null,null,null,null,null,null,null,null,null,null,null,null,null,null,null,null,null,null,null,null,null,null,null,null,null,null,null,null,null,null,null,"42983ITF (APHRODITE CUP)14Dκ18","2017-09-05","ITF (APHRODITE CUP)",14,"ITF","D","κ18",20,3082,772]
[null,null,null,null,null,null,null,null,null,null,null,null,null,null,null,null,null,null,null,null,null,null,null,null,null,null,null,null,null,null,null,null,null,null,"42987Ε3 36η (Γ)185Sα12","2017-09-09","Ε3 36η (Γ)",185,"ΟΑ ΑΡΙΔΑΙΑΣ","S","α12",5,3083,773]
[null,null,null,null,null,null,null,null,null,null,null,null,null,null,null,null,null,null,null,null,null,null,null,null,null,null,null,null,null,null,null,null,null,null,"42987Ε3 36η (Γ)185Sκ12","2017-09-09","Ε3 36η (Γ)",185,"ΟΑ ΑΡΙΔΑΙΑΣ","S","κ12",9,3084,773]
[null,null,null,null,null,null,null,null,null,null,null,null,null,null,null,null,null,null,null,null,null,null,null,null,null,null,null,null,null,null,null,null,null,null,"42987Ε3 36η (Β)137Sα12","2017-09-09","Ε3 36η (Β)",137,"ΑΣΑ ΠΑΝΟΡΑΜΑΤΟΣ ΠΥΛΑΙΑΣ","S","α12",5,3085,774]
[null,null,null,null,null,null,null,null,null,null,null,null,null,null,null,null,null,null,null,null,null,null,null,null,null,null,null,null,null,null,null,null,null,null,"42987Ε3 36η (Β)137Sα16","2017-09-09","Ε3 36η (Β)",137,"ΑΣΑ ΠΑΝΟΡΑΜΑΤΟΣ ΠΥΛΑΙΑΣ","S","α16",7,3086,774]
[null,null,null,null,null,null,null,null,null,null,null,null,null,null,null,null,null,null,null,null,null,null,null,null,null,null,null,null,null,null,null,null,null,null,"42987Ε3 36η (Β)137Sκ12","2017-09-09","Ε3 36η (Β)",137,"ΑΣΑ ΠΑΝΟΡΑΜΑΤΟΣ ΠΥΛΑΙΑΣ","S","κ12",9,3087,774]
[null,null,null,null,null,null,null,null,null,null,null,null,null,null,null,null,null,null,null,null,null,null,null,null,null,null,null,null,null,null,null,null,null,null,"42987Ε3 36η (Β)137Sκ16","2017-09-09","Ε3 36η (Β)",137,"ΑΣΑ ΠΑΝΟΡΑΜΑΤΟΣ ΠΥΛΑΙΑΣ","S","κ16",11,3088,774]
[null,null,null,null,null,null,null,null,null,null,null,null,null,null,null,null,null,null,null,null,null,null,null,null,null,null,null,null,null,null,null,null,null,null,"42989ITF (ARAB BANK)14Sκ18","2017-09-11","ITF (ARAB BANK)",14,"ITF","S","κ18",12,3089,775]
[null,null,null,null,null,null,null,null,null,null,null,null,null,null,null,null,null,null,null,null,null,null,null,null,null,null,null,null,null,null,null,null,null,null,"42989TE (HERODOTOU)15Sα16","2017-09-11","TE (HERODOTOU)",15,"Tennis Europe","S","α16",7,3090,776]
[null,null,null,null,null,null,null,null,null,null,null,null,null,null,null,null,null,null,null,null,null,null,null,null,null,null,null,null,null,null,null,null,null,null,"42989TE (TELEKOM ALBANIA)15Sα16","2017-09-11","TE (TELEKOM ALBANIA)",15,"Tennis Europe","S","α16",7,3091,777]
[null,null,null,null,null,null,null,null,null,null,null,null,null,null,null,null,null,null,null,null,null,null,null,null,null,null,null,null,null,null,null,null,null,null,"42989TE (HERODOTOU)15Dα16","2017-09-11","TE (HERODOTOU)",15,"Tennis Europe","D","α16",15,3092,776]
[null,null,null,null,null,null,null,null,null,null,null,null,null,null,null,null,null,null,null,null,null,null,null,null,null,null,null,null,null,null,null,null,null,null,"42989ITF (ARAB)14Sα18","2017-09-11","ITF (ARAB)",14,"ITF","S","α18",8,3093,778]
[null,null,null,null,null,null,null,null,null,null,null,null,null,null,null,null,null,null,null,null,null,null,null,null,null,null,null,null,null,null,null,null,null,null,"42989TE (TELEKOM ALBANIA)15Sκ16","2017-09-11","TE (TELEKOM ALBANIA)",15,"Tennis Europe","S","κ16",11,3094,777]
[null,null,null,null,null,null,null,null,null,null,null,null,null,null,null,null,null,null,null,null,null,null,null,null,null,null,null,null,null,null,null,null,null,null,"42989ITF (ARAB GOLF)14Sκ18","2017-09-11","ITF (ARAB GOLF)",14,"ITF","S","κ18",12,3095,779]
[null,null,null,null,null,null,null,null,null,null,null,null,null,null,null,null,null,null,null,null,null,null,null,null,null,null,null,null,null,null,null,null,null,null,"42994Ε3 37η (Α)115Sα12","2017-09-16","Ε3 37η (Α)",115,"ΟΑ ΞΑΝΘΗΣ","S","α12",5,3096,780]
[null,null,null,null,null,null,null,null,null,null,null,null,null,null,null,null,null,null,null,null,null,null,null,null,null,null,null,null,null,null,null,null,null,null,"42994Ε3 37η (Α)115Sα14","2017-09-16","Ε3 37η (Α)",115,"ΟΑ ΞΑΝΘΗΣ","S","α14",6,3097,780]
[null,null,null,null,null,null,null,null,null,null,null,null,null,null,null,null,null,null,null,null,null,null,null,null,null,null,null,null,null,null,null,null,null,null,"42994Ε3 37η (Α)115Sα16","2017-09-16","Ε3 37η (Α)",115,"ΟΑ ΞΑΝΘΗΣ","S","α16",7,3098,780]
[null,null,null,null,null,null,null,null,null,null,null,null,null,null,null,null,null,null,null,null,null,null,null,null,null,null,null,null,null,null,null,null,null,null,"42994Ε3 37η (Α)115Sκ12","2017-09-16","Ε3 37η (Α)",115,"ΟΑ ΞΑΝΘΗΣ","S","κ12",9,3099,780]
[null,null,null,null,null,null,null,null,null,null,null,null,null,null,null,null,null,null,null,null,null,null,null,null,null,null,null,null,null,null,null,null,null,null,"42994Ε3 37η (Α)115Sκ14","2017-09-16","Ε3 37η (Α)",115,"ΟΑ ΞΑΝΘΗΣ","S","κ14",10,3100,780]
[null,null,null,null,null,null,null,null,null,null,null,null,null,null,null,null,null,null,null,null,null,null,null,null,null,null,null,null,null,null,null,null,null,null,"42994Ε3 37η (Β)154Sα14","2017-09-16","Ε3 37η (Β)",154,"ΟΑ ΚΟΥΦΑΛΙΩΝ","S","α14",6,3101,781]
[null,null,null,null,null,null,null,null,null,null,null,null,null,null,null,null,null,null,null,null,null,null,null,null,null,null,null,null,null,null,null,null,null,null,"42994Ε3 37η (Β)154Sκ14","2017-09-16","Ε3 37η (Β)",154,"ΟΑ ΚΟΥΦΑΛΙΩΝ","S","κ14",10,3102,781]
[null,null,null,null,null,null,null,null,null,null,null,null,null,null,null,null,null,null,null,null,null,null,null,null,null,null,null,null,null,null,null,null,null,null,"42994Ε3 37η (Γ)194Sα14","2017-09-16","Ε3 37η (Γ)",194,"ΟΑ ΝΕΣΤΩΡΑΣ ΓΙΑΝΝΙΤΣΩΝ","S","α14",6,3103,782]
[null,null,null,null,null,null,null,null,null,null,null,null,null,null,null,null,null,null,null,null,null,null,null,null,null,null,null,null,null,null,null,null,null,null,"42994Ε3 37η (Γ)194Sκ14","2017-09-16","Ε3 37η (Γ)",194,"ΟΑ ΝΕΣΤΩΡΑΣ ΓΙΑΝΝΙΤΣΩΝ","S","κ14",10,3104,782]
[null,null,null,null,null,null,null,null,null,null,null,null,null,null,null,null,null,null,null,null,null,null,null,null,null,null,null,null,null,null,null,null,null,null,"42994Ε3 37η (Δ)211Sα12","2017-09-16","Ε3 37η (Δ)",211,"ΓΕ ΠΡΕΒΕΖΑΣ","S","α12",5,3105,783]
[null,null,null,null,null,null,null,null,null,null,null,null,null,null,null,null,null,null,null,null,null,null,null,null,null,null,null,null,null,null,null,null,null,null,"42994Ε3 37η (Δ)211Sα16","2017-09-16","Ε3 37η (Δ)",211,"ΓΕ ΠΡΕΒΕΖΑΣ","S","α16",7,3106,783]
[null,null,null,null,null,null,null,null,null,null,null,null,null,null,null,null,null,null,null,null,null,null,null,null,null,null,null,null,null,null,null,null,null,null,"42994Ε3 37η (Δ)211Sκ12","2017-09-16","Ε3 37η (Δ)",211,"ΓΕ ΠΡΕΒΕΖΑΣ","S","κ12",9,3107,783]
[null,null,null,null,null,null,null,null,null,null,null,null,null,null,null,null,null,null,null,null,null,null,null,null,null,null,null,null,null,null,null,null,null,null,"42994Ε3 37η (Δ)211Sκ16","2017-09-16","Ε3 37η (Δ)",211,"ΓΕ ΠΡΕΒΕΖΑΣ","S","κ16",11,3108,783]
[null,null,null,null,null,null,null,null,null,null,null,null,null,null,null,null,null,null,null,null,null,null,null,null,null,null,null,null,null,null,null,null,null,null,"42994Ε3 37η (Ε)250Sα12","2017-09-16","Ε3 37η (Ε)",250,"ΟΑ ΦΟΙΒΟΣ ΛΑΡΙΣΑΣ","S","α12",5,3109,784]
[null,null,null,null,null,null,null,null,null,null,null,null,null,null,null,null,null,null,null,null,null,null,null,null,null,null,null,null,null,null,null,null,null,null,"42994Ε3 37η (Ε)250Sα16","2017-09-16","Ε3 37η (Ε)",250,"ΟΑ ΦΟΙΒΟΣ ΛΑΡΙΣΑΣ","S","α16",7,3110,784]
[null,null,null,null,null,null,null,null,null,null,null,null,null,null,null,null,null,null,null,null,null,null,null,null,null,null,null,null,null,null,null,null,null,null,"42994Ε3 37η (Ε)250Sκ12","2017-09-16","Ε3 37η (Ε)",250,"ΟΑ ΦΟΙΒΟΣ ΛΑΡΙΣΑΣ","S","κ12",9,3111,784]
[null,null,null,null,null,null,null,null,null,null,null,null,null,null,null,null,null,null,null,null,null,null,null,null,null,null,null,null,null,null,null,null,null,null,"42994Ε3 37η (Ζ)305Sα12","2017-09-16","Ε3 37η (Ζ)",305,"ΗΡΑΚΛΕΙΟ ΟΑΑ","S","α12",5,3112,785]
[null,null,null,null,null,null,null,null,null,null,null,null,null,null,null,null,null,null,null,null,null,null,null,null,null,null,null,null,null,null,null,null,null,null,"42994Ε3 37η (Ζ)305Sα14","2017-09-16","Ε3 37η (Ζ)",305,"ΗΡΑΚΛΕΙΟ ΟΑΑ","S","α14",6,3113,785]
[null,null,null,null,null,null,null,null,null,null,null,null,null,null,null,null,null,null,null,null,null,null,null,null,null,null,null,null,null,null,null,null,null,null,"42994Ε3 37η (Ζ)305Sα16","2017-09-16","Ε3 37η (Ζ)",305,"ΗΡΑΚΛΕΙΟ ΟΑΑ","S","α16",7,3114,785]
[null,null,null,null,null,null,null,null,null,null,null,null,null,null,null,null,null,null,null,null,null,null,null,null,null,null,null,null,null,null,null,null,null,null,"42994Ε3 37η (Ζ)305Sκ12","2017-09-16","Ε3 37η (Ζ)",305,"ΗΡΑΚΛΕΙΟ ΟΑΑ","S","κ12",9,3115,785]
[null,null,null,null,null,null,null,null,null,null,null,null,null,null,null,null,null,null,null,null,null,null,null,null,null,null,null,null,null,null,null,null,null,null,"42994Ε3 37η (Ζ)305Sκ14","2017-09-16","Ε3 37η (Ζ)",305,"ΗΡΑΚΛΕΙΟ ΟΑΑ","S","κ14",10,3116,785]
[null,null,null,null,null,null,null,null,null,null,null,null,null,null,null,null,null,null,null,null,null,null,null,null,null,null,null,null,null,null,null,null,null,null,"42994Ε3 37η (Ζ)305Sκ16","2017-09-16","Ε3 37η (Ζ)",305,"ΗΡΑΚΛΕΙΟ ΟΑΑ","S","κ16",11,3117,785]
[null,null,null,null,null,null,null,null,null,null,null,null,null,null,null,null,null,null,null,null,null,null,null,null,null,null,null,null,null,null,null,null,null,null,"42994Ε3 37η (Η)318Sα12","2017-09-16","Ε3 37η (Η)",318,"ΑΟ ΒΑΡΗΣ ΑΝΑΓΥΡΟΥΣ","S","α12",5,3118,786]
[null,null,null,null,null,null,null,null,null,null,null,null,null,null,null,null,null,null,null,null,null,null,null,null,null,null,null,null,null,null,null,null,null,null,"42994Ε3 37η (Η)318Sα14","2017-09-16","Ε3 37η (Η)",318,"ΑΟ ΒΑΡΗΣ ΑΝΑΓΥΡΟΥΣ","S","α14",6,3119,786]
[null,null,null,null,null,null,null,null,null,null,null,null,null,null,null,null,null,null,null,null,null,null,null,null,null,null,null,null,null,null,null,null,null,null,"42994Ε3 37η (Η)318Sα16","2017-09-16","Ε3 37η (Η)",318,"ΑΟ ΒΑΡΗΣ ΑΝΑΓΥΡΟΥΣ","S","α16",7,3120,786]
[null,null,null,null,null,null,null,null,null,null,null,null,null,null,null,null,null,null,null,null,null,null,null,null,null,null,null,null,null,null,null,null,null,null,"42994Ε3 37η (Η)318Sκ12","2017-09-16","Ε3 37η (Η)",318,"ΑΟ ΒΑΡΗΣ ΑΝΑΓΥΡΟΥΣ","S","κ12",9,3121,786]
[null,null,null,null,null,null,null,null,null,null,null,null,null,null,null,null,null,null,null,null,null,null,null,null,null,null,null,null,null,null,null,null,null,null,"42994Ε3 37η (Η)318Sκ14","2017-09-16","Ε3 37η (Η)",318,"ΑΟ ΒΑΡΗΣ ΑΝΑΓΥΡΟΥΣ","S","κ14",10,3122,786]
[null,null,null,null,null,null,null,null,null,null,null,null,null,null,null,null,null,null,null,null,null,null,null,null,null,null,null,null,null,null,null,null,null,null,"42994Ε3 37η (Η)318Sκ16","2017-09-16","Ε3 37η (Η)",318,"ΑΟ ΒΑΡΗΣ ΑΝΑΓΥΡΟΥΣ","S","κ16",11,3123,786]
[null,null,null,null,null,null,null,null,null,null,null,null,null,null,null,null,null,null,null,null,null,null,null,null,null,null,null,null,null,null,null,null,null,null,"42994Ε3 37η (ΙΑ)424Sα12","2017-09-16","Ε3 37η (ΙΑ)",424,"ΑΟΑ ΗΛΙΟΥΠΟΛΗΣ","S","α12",5,3124,787]
[null,null,null,null,null,null,null,null,null,null,null,null,null,null,null,null,null,null,null,null,null,null,null,null,null,null,null,null,null,null,null,null,null,null,"42994Ε3 37η (ΙΑ)424Sα14","2017-09-16","Ε3 37η (ΙΑ)",424,"ΑΟΑ ΗΛΙΟΥΠΟΛΗΣ","S","α14",6,3125,787]
[null,null,null,null,null,null,null,null,null,null,null,null,null,null,null,null,null,null,null,null,null,null,null,null,null,null,null,null,null,null,null,null,null,null,{"$f":"AJ707&AK707&AL707&AN707&AO707","v":"42994Ε3 37η (ΙΑ)424Sα16"},"2017-09-16","Ε3 37η (ΙΑ)",424,"ΑΟΑ ΗΛΙΟΥΠΟΛΗΣ","S","α16",7,3126,787]
[null,null,null,null,null,null,null,null,null,null,null,null,null,null,null,null,null,null,null,null,null,null,null,null,null,null,null,null,null,null,null,null,null,null,"42994Ε3 37η (ΙΑ)424Sκ12","2017-09-16","Ε3 37η (ΙΑ)",424,"ΑΟΑ ΗΛΙΟΥΠΟΛΗΣ","S","κ12",9,3127,787]
[null,null,null,null,null,null,null,null,null,null,null,null,null,null,null,null,null,null,null,null,null,null,null,null,null,null,null,null,null,null,null,null,null,null,"42994Ε3 37η (ΙΑ)424Sκ14","2017-09-16","Ε3 37η (ΙΑ)",424,"ΑΟΑ ΗΛΙΟΥΠΟΛΗΣ","S","κ14",10,3128,787]
[null,null,null,null,null,null,null,null,null,null,null,null,null,null,null,null,null,null,null,null,null,null,null,null,null,null,null,null,null,null,null,null,null,null,"42994Ε3 37η (ΙΑ)424Sκ16","2017-09-16","Ε3 37η (ΙΑ)",424,"ΑΟΑ ΗΛΙΟΥΠΟΛΗΣ","S","κ16",11,3129,787]
[null,null,null,null,null,null,null,null,null,null,null,null,null,null,null,null,null,null,null,null,null,null,null,null,null,null,null,null,null,null,null,null,null,null,"42994Ε3 37η (ΣΤ)261Sα12","2017-09-16","Ε3 37η (ΣΤ)",261,"ΑΕΤ ΝΙΚΗ ΠΑΤΡΩΝ","S","α12",5,3130,788]
[null,null,null,null,null,null,null,null,null,null,null,null,null,null,null,null,null,null,null,null,null,null,null,null,null,null,null,null,null,null,null,null,null,null,"42994Ε3 37η (ΣΤ)261Sα16","2017-09-16","Ε3 37η (ΣΤ)",261,"ΑΕΤ ΝΙΚΗ ΠΑΤΡΩΝ","S","α16",7,3131,788]
[null,null,null,null,null,null,null,null,null,null,null,null,null,null,null,null,null,null,null,null,null,null,null,null,null,null,null,null,null,null,null,null,null,null,"42994Ε3 37η (ΣΤ)261Sκ12","2017-09-16","Ε3 37η (ΣΤ)",261,"ΑΕΤ ΝΙΚΗ ΠΑΤΡΩΝ","S","κ12",9,3132,788]
[null,null,null,null,null,null,null,null,null,null,null,null,null,null,null,null,null,null,null,null,null,null,null,null,null,null,null,null,null,null,null,null,null,null,"42994Ε3 37η (ΣΤ)261Sκ16","2017-09-16","Ε3 37η (ΣΤ)",261,"ΑΕΤ ΝΙΚΗ ΠΑΤΡΩΝ","S","κ16",11,3133,788]
[null,null,null,null,null,null,null,null,null,null,null,null,null,null,null,null,null,null,null,null,null,null,null,null,null,null,null,null,null,null,null,null,null,null,"42996TE (SANCHEZ)15Sα16","2017-09-18","TE (SANCHEZ)",15,"Tennis Europe","S","α16",7,3134,789]
[null,null,null,null,null,null,null,null,null,null,null,null,null,null,null,null,null,null,null,null,null,null,null,null,null,null,null,null,null,null,null,null,null,null,"42996TE (HELLENIC BANK)15Sα16","2017-09-18","TE (HELLENIC BANK)",15,"Tennis Europe","S","α16",7,3135,790]
[null,null,null,null,null,null,null,null,null,null,null,null,null,null,null,null,null,null,null,null,null,null,null,null,null,null,null,null,null,null,null,null,null,null,"42996ITF (NATIONAL SPORT)14Sα18","2017-09-18","ITF (NATIONAL SPORT)",14,"ITF","S","α18",8,3136,791]
[null,null,null,null,null,null,null,null,null,null,null,null,null,null,null,null,null,null,null,null,null,null,null,null,null,null,null,null,null,null,null,null,null,null,"43013Ε1δ (Γ)176Sα18","2017-10-05","Ε1δ (Γ)",176,"ΑΣ ΤΕΝΙΣ ΚΛΑΜΠ ΚΟΖΑΝΗΣ","S","α18",8,3137,792]
[null,null,null,null,null,null,null,null,null,null,null,null,null,null,null,null,null,null,null,null,null,null,null,null,null,null,null,null,null,null,null,null,null,null,"43013Ε1δ (Γ)176Dα18","2017-10-05","Ε1δ (Γ)",176,"ΑΣ ΤΕΝΙΣ ΚΛΑΜΠ ΚΟΖΑΝΗΣ","D","α18",16,3138,792]
[null,null,null,null,null,null,null,null,null,null,null,null,null,null,null,null,null,null,null,null,null,null,null,null,null,null,null,null,null,null,null,null,null,null,"43013Ε1δ (Γ)176Sκ18","2017-10-05","Ε1δ (Γ)",176,"ΑΣ ΤΕΝΙΣ ΚΛΑΜΠ ΚΟΖΑΝΗΣ","S","κ18",12,3139,792]
[null,null,null,null,null,null,null,null,null,null,null,null,null,null,null,null,null,null,null,null,null,null,null,null,null,null,null,null,null,null,null,null,null,null,"43013Ε1δ (Γ)176Dκ18","2017-10-05","Ε1δ (Γ)",176,"ΑΣ ΤΕΝΙΣ ΚΛΑΜΠ ΚΟΖΑΝΗΣ","D","κ18",20,3140,792]
[null,null,null,null,null,null,null,null,null,null,null,null,null,null,null,null,null,null,null,null,null,null,null,null,null,null,null,null,null,null,null,null,null,null,"43013Ε1ε (Γ)195Dα12","2017-10-05","Ε1ε (Γ)",195,"ΟΑ ΠΤΟΛΕΜΑΪΔΑΣ","D","α12",13,3141,759]
[null,null,null,null,null,null,null,null,null,null,null,null,null,null,null,null,null,null,null,null,null,null,null,null,null,null,null,null,null,null,null,null,null,null,"43013Ε1ε (Γ)195Sα14","2017-10-05","Ε1ε (Γ)",195,"ΟΑ ΠΤΟΛΕΜΑΪΔΑΣ","S","α14",6,3142,759]
[null,null,null,null,null,null,null,null,null,null,null,null,null,null,null,null,null,null,null,null,null,null,null,null,null,null,null,null,null,null,null,null,null,null,"43013Ε1ε (Γ)195Dα14","2017-10-05","Ε1ε (Γ)",195,"ΟΑ ΠΤΟΛΕΜΑΪΔΑΣ","D","α14",14,3143,759]
[null,null,null,null,null,null,null,null,null,null,null,null,null,null,null,null,null,null,null,null,null,null,null,null,null,null,null,null,null,null,null,null,null,null,"43013Ε1ε (Γ)195Sα16","2017-10-05","Ε1ε (Γ)",195,"ΟΑ ΠΤΟΛΕΜΑΪΔΑΣ","S","α16",7,3144,759]
[null,null,null,null,null,null,null,null,null,null,null,null,null,null,null,null,null,null,null,null,null,null,null,null,null,null,null,null,null,null,null,null,null,null,"43013Ε1ε (Γ)195Dα16","2017-10-05","Ε1ε (Γ)",195,"ΟΑ ΠΤΟΛΕΜΑΪΔΑΣ","D","α16",15,3145,759]
[null,null,null,null,null,null,null,null,null,null,null,null,null,null,null,null,null,null,null,null,null,null,null,null,null,null,null,null,null,null,null,null,null,null,"43013Ε1ε (Γ)195Sκ12","2017-10-05","Ε1ε (Γ)",195,"ΟΑ ΠΤΟΛΕΜΑΪΔΑΣ","S","κ12",9,3146,759]
[null,null,null,null,null,null,null,null,null,null,null,null,null,null,null,null,null,null,null,null,null,null,null,null,null,null,null,null,null,null,null,null,null,null,"43013Ε1ε (Γ)195Dκ12","2017-10-05","Ε1ε (Γ)",195,"ΟΑ ΠΤΟΛΕΜΑΪΔΑΣ","D","κ12",17,3147,759]
[null,null,null,null,null,null,null,null,null,null,null,null,null,null,null,null,null,null,null,null,null,null,null,null,null,null,null,null,null,null,null,null,null,null,"43013Ε1ε (Γ)195Sκ14","2017-10-05","Ε1ε (Γ)",195,"ΟΑ ΠΤΟΛΕΜΑΪΔΑΣ","S","κ14",10,3148,759]
[null,null,null,null,null,null,null,null,null,null,null,null,null,null,null,null,null,null,null,null,null,null,null,null,null,null,null,null,null,null,null,null,null,null,"43013Ε1ε (Γ)195Dκ14","2017-10-05","Ε1ε (Γ)",195,"ΟΑ ΠΤΟΛΕΜΑΪΔΑΣ","D","κ14",18,3149,759]
[null,null,null,null,null,null,null,null,null,null,null,null,null,null,null,null,null,null,null,null,null,null,null,null,null,null,null,null,null,null,null,null,null,null,"43013Ε1ε (Γ)195Sκ16","2017-10-05","Ε1ε (Γ)",195,"ΟΑ ΠΤΟΛΕΜΑΪΔΑΣ","S","κ16",11,3150,759]
[null,null,null,null,null,null,null,null,null,null,null,null,null,null,null,null,null,null,null,null,null,null,null,null,null,null,null,null,null,null,null,null,null,null,"43013Ε1ε (Γ)195Dκ16","2017-10-05","Ε1ε (Γ)",195,"ΟΑ ΠΤΟΛΕΜΑΪΔΑΣ","D","κ16",19,3151,759]
[null,null,null,null,null,null,null,null,null,null,null,null,null,null,null,null,null,null,null,null,null,null,null,null,null,null,null,null,null,null,null,null,null,null,"42987Ε3 36η (Γ)185Sα16","2017-09-09","Ε3 36η (Γ)",185,"ΟΑ ΑΡΙΔΑΙΑΣ","S","α16",7,3153,793]
[null,null,null,null,null,null,null,null,null,null,null,null,null,null,null,null,null,null,null,null,null,null,null,null,null,null,null,null,null,null,null,null,null,null,"42987Ε3 36η (Γ)185Sκ16","2017-09-09","Ε3 36η (Γ)",185,"ΟΑ ΑΡΙΔΑΙΑΣ","S","κ16",11,3155,793]
[null,null,null,null,null,null,null,null,null,null,null,null,null,null,null,null,null,null,null,null,null,null,null,null,null,null,null,null,null,null,null,null,null,null,"42843Παν (Η) 10333Sα10","2017-04-18","Παν (Η) 10",333,"ΑΟΑ ΑΛΕΞΑΝΔΡΟΣ Β","S","α10",3,3156,794]
[null,null,null,null,null,null,null,null,null,null,null,null,null,null,null,null,null,null,null,null,null,null,null,null,null,null,null,null,null,null,null,null,null,null,"42843Παν (Η) 10333Sκ10","2017-04-18","Παν (Η) 10",333,"ΑΟΑ ΑΛΕΞΑΝΔΡΟΣ Β","S","κ10",4,3157,794]
[null,null,null,null,null,null,null,null,null,null,null,null,null,null,null,null,null,null,null,null,null,null,null,null,null,null,null,null,null,null,null,null,null,null,"42986Ε3 36η (Γ)189Sα16","2017-09-08","Ε3 36η (Γ)",189,"ΟΑ ΕΔΕΣΣΑΣ","S","α16",7,3159,796]
[null,null,null,null,null,null,null,null,null,null,null,null,null,null,null,null,null,null,null,null,null,null,null,null,null,null,null,null,null,null,null,null,null,null,"42986Ε3 36η (Γ)189Sκ16","2017-09-08","Ε3 36η (Γ)",189,"ΟΑ ΕΔΕΣΣΑΣ","S","κ16",11,3160,796]
[null,null,null,null,null,null,null,null,null,null,null,null,null,null,null,null,null,null,null,null,null,null,null,null,null,null,null,null,null,null,null,null,null,null,"43007Ε3 39η (Δ)211Sα14","2017-09-29","Ε3 39η (Δ)",211,"ΓΕ ΠΡΕΒΕΖΑΣ","S","α14",6,3161,797]
[null,null,null,null,null,null,null,null,null,null,null,null,null,null,null,null,null,null,null,null,null,null,null,null,null,null,null,null,null,null,null,null,null,null,"43007Ε3 39η (Δ)211Sκ14","2017-09-29","Ε3 39η (Δ)",211,"ΓΕ ΠΡΕΒΕΖΑΣ","S","κ14",10,3162,797]
[null,null,null,null,null,null,null,null,null,null,null,null,null,null,null,null,null,null,null,null,null,null,null,null,null,null,null,null,null,null,null,null,null,null,"43007Ε3 39η (Ε)250Sα14","2017-09-29","Ε3 39η (Ε)",250,"ΟΑ ΦΟΙΒΟΣ ΛΑΡΙΣΑΣ","S","α14",6,3163,798]
[null,null,null,null,null,null,null,null,null,null,null,null,null,null,null,null,null,null,null,null,null,null,null,null,null,null,null,null,null,null,null,null,null,null,"43007Ε3 39η (Ε)250Sκ14","2017-09-29","Ε3 39η (Ε)",250,"ΟΑ ΦΟΙΒΟΣ ΛΑΡΙΣΑΣ","S","κ14",10,3164,798]
[null,null,null,null,null,null,null,null,null,null,null,null,null,null,null,null,null,null,null,null,null,null,null,null,null,null,null,null,null,null,null,null,null,null,"43007Ε3 39η (Θ)397Sα12","2017-09-29","Ε3 39η (Θ)",397,"ΟΑ ΠΕΤΑΛΟΥΔΩΝ","S","α12",5,3165,799]
[null,null,null,null,null,null,null,null,null,null,null,null,null,null,null,null,null,null,null,null,null,null,null,null,null,null,null,null,null,null,null,null,null,null,"43007Ε3 39η (Θ)397Sα14","2017-09-29","Ε3 39η (Θ)",397,"ΟΑ ΠΕΤΑΛΟΥΔΩΝ","S","α14",6,3166,799]
[null,null,null,null,null,null,null,null,null,null,null,null,null,null,null,null,null,null,null,null,null,null,null,null,null,null,null,null,null,null,null,null,null,null,"43007Ε3 39η (Θ)397Sα16","2017-09-29","Ε3 39η (Θ)",397,"ΟΑ ΠΕΤΑΛΟΥΔΩΝ","S","α16",7,3167,799]
[null,null,null,null,null,null,null,null,null,null,null,null,null,null,null,null,null,null,null,null,null,null,null,null,null,null,null,null,null,null,null,null,null,null,"43007Ε3 39η (Θ)397Sκ12","2017-09-29","Ε3 39η (Θ)",397,"ΟΑ ΠΕΤΑΛΟΥΔΩΝ","S","κ12",9,3168,799]
[null,null,null,null,null,null,null,null,null,null,null,null,null,null,null,null,null,null,null,null,null,null,null,null,null,null,null,null,null,null,null,null,null,null,"43007Ε3 39η (Θ)397Sκ14","2017-09-29","Ε3 39η (Θ)",397,"ΟΑ ΠΕΤΑΛΟΥΔΩΝ","S","κ14",10,3169,799]
[null,null,null,null,null,null,null,null,null,null,null,null,null,null,null,null,null,null,null,null,null,null,null,null,null,null,null,null,null,null,null,null,null,null,"43007Ε3 39η (Θ)397Sκ16","2017-09-29","Ε3 39η (Θ)",397,"ΟΑ ΠΕΤΑΛΟΥΔΩΝ","S","κ16",11,3170,799]
[null,null,null,null,null,null,null,null,null,null,null,null,null,null,null,null,null,null,null,null,null,null,null,null,null,null,null,null,null,null,null,null,null,null,"43007Ε3 39η (ΣΤ)261Sα14","2017-09-29","Ε3 39η (ΣΤ)",261,"ΑΕΤ ΝΙΚΗ ΠΑΤΡΩΝ","S","α14",6,3171,800]
[null,null,null,null,null,null,null,null,null,null,null,null,null,null,null,null,null,null,null,null,null,null,null,null,null,null,null,null,null,null,null,null,null,null,"43007Ε3 39η (ΣΤ)261Sκ14","2017-09-29","Ε3 39η (ΣΤ)",261,"ΑΕΤ ΝΙΚΗ ΠΑΤΡΩΝ","S","κ14",10,3172,800]
[null,null,null,null,null,null,null,null,null,null,null,null,null,null,null,null,null,null,null,null,null,null,null,null,null,null,null,null,null,null,null,null,null,null,"42996ITF (NATIONAL SPORT)14Sκ18","2017-09-18","ITF (NATIONAL SPORT)",14,"ITF","S","κ18",12,3173,801]
[null,null,null,null,null,null,null,null,null,null,null,null,null,null,null,null,null,null,null,null,null,null,null,null,null,null,null,null,null,null,null,null,null,null,"42996ITF (NATIONAL SPORT)14Dκ18","2017-09-18","ITF (NATIONAL SPORT)",14,"ITF","D","κ18",20,3174,801]
[null,null,null,null,null,null,null,null,null,null,null,null,null,null,null,null,null,null,null,null,null,null,null,null,null,null,null,null,null,null,null,null,null,null,"43022Ε3 41η (Γ)195Sα12","2017-10-14","Ε3 41η (Γ)",195,"ΟΑ ΠΤΟΛΕΜΑΪΔΑΣ","S","α12",5,3188,804]
[null,null,null,null,null,null,null,null,null,null,null,null,null,null,null,null,null,null,null,null,null,null,null,null,null,null,null,null,null,null,null,null,null,null,"43022Ε3 41η (Γ)195Sα16","2017-10-14","Ε3 41η (Γ)",195,"ΟΑ ΠΤΟΛΕΜΑΪΔΑΣ","S","α16",7,3189,804]
[null,null,null,null,null,null,null,null,null,null,null,null,null,null,null,null,null,null,null,null,null,null,null,null,null,null,null,null,null,null,null,null,null,null,"43022Ε3 41η (Γ)195Sκ12","2017-10-14","Ε3 41η (Γ)",195,"ΟΑ ΠΤΟΛΕΜΑΪΔΑΣ","S","κ12",9,3190,804]
[null,null,null,null,null,null,null,null,null,null,null,null,null,null,null,null,null,null,null,null,null,null,null,null,null,null,null,null,null,null,null,null,null,null,"43022Ε3 41η (Γ)195Sκ16","2017-10-14","Ε3 41η (Γ)",195,"ΟΑ ΠΤΟΛΕΜΑΪΔΑΣ","S","κ16",11,3191,804]
[null,null,null,null,null,null,null,null,null,null,null,null,null,null,null,null,null,null,null,null,null,null,null,null,null,null,null,null,null,null,null,null,null,null,"43029Παν (ΣΤ) 10261Sα10","2017-10-21","Παν (ΣΤ) 10",261,"ΑΕΤ ΝΙΚΗ ΠΑΤΡΩΝ","S","α10",3,3196,806]
[null,null,null,null,null,null,null,null,null,null,null,null,null,null,null,null,null,null,null,null,null,null,null,null,null,null,null,null,null,null,null,null,null,null,"43029Παν (ΣΤ) 10261Sκ10","2017-10-21","Παν (ΣΤ) 10",261,"ΑΕΤ ΝΙΚΗ ΠΑΤΡΩΝ","S","κ10",4,3197,806]
[null,null,null,null,null,null,null,null,null,null,null,null,null,null,null,null,null,null,null,null,null,null,null,null,null,null,null,null,null,null,null,null,null,null,"43029Ε3 42η (Δ)218Sα12","2017-10-21","Ε3 42η (Δ)",218,"ΟΑ ΘΕΣΠΡΩΤΙΑΣ ΤΙΤΑΝΗ","S","α12",5,3198,807]
[null,null,null,null,null,null,null,null,null,null,null,null,null,null,null,null,null,null,null,null,null,null,null,null,null,null,null,null,null,null,null,null,null,null,"43029Ε3 42η (Δ)218Sκ12","2017-10-21","Ε3 42η (Δ)",218,"ΟΑ ΘΕΣΠΡΩΤΙΑΣ ΤΙΤΑΝΗ","S","κ12",9,3199,807]
[null,null,null,null,null,null,null,null,null,null,null,null,null,null,null,null,null,null,null,null,null,null,null,null,null,null,null,null,null,null,null,null,null,null,"43029Ε3 42η (Δ)218Sα16","2017-10-21","Ε3 42η (Δ)",218,"ΟΑ ΘΕΣΠΡΩΤΙΑΣ ΤΙΤΑΝΗ","S","α16",7,3200,807]
[null,null,null,null,null,null,null,null,null,null,null,null,null,null,null,null,null,null,null,null,null,null,null,null,null,null,null,null,null,null,null,null,null,null,"43029Ε3 42η (Δ)218Sκ16","2017-10-21","Ε3 42η (Δ)",218,"ΟΑ ΘΕΣΠΡΩΤΙΑΣ ΤΙΤΑΝΗ","S","κ16",11,3201,807]
[null,null,null,null,null,null,null,null,null,null,null,null,null,null,null,null,null,null,null,null,null,null,null,null,null,null,null,null,null,null,null,null,null,null,"43028Ε3 42η (Θ)374Sα12","2017-10-20","Ε3 42η (Θ)",374,"ΑΟΑ ΧΑΪΔΑΡΙΟΥ","S","α12",5,3202,808]
[null,null,null,null,null,null,null,null,null,null,null,null,null,null,null,null,null,null,null,null,null,null,null,null,null,null,null,null,null,null,null,null,null,null,"43028Ε3 42η (Θ)374Sα14","2017-10-20","Ε3 42η (Θ)",374,"ΑΟΑ ΧΑΪΔΑΡΙΟΥ","S","α14",6,3203,808]
[null,null,null,null,null,null,null,null,null,null,null,null,null,null,null,null,null,null,null,null,null,null,null,null,null,null,null,null,null,null,null,null,null,null,"43028Ε3 42η (Θ)374Sα16","2017-10-20","Ε3 42η (Θ)",374,"ΑΟΑ ΧΑΪΔΑΡΙΟΥ","S","α16",7,3204,808]
[null,null,null,null,null,null,null,null,null,null,null,null,null,null,null,null,null,null,null,null,null,null,null,null,null,null,null,null,null,null,null,null,null,null,"43028Ε3 42η (Θ)374Sκ12","2017-10-20","Ε3 42η (Θ)",374,"ΑΟΑ ΧΑΪΔΑΡΙΟΥ","S","κ12",9,3205,808]
[null,null,null,null,null,null,null,null,null,null,null,null,null,null,null,null,null,null,null,null,null,null,null,null,null,null,null,null,null,null,null,null,null,null,"43028Ε3 42η (Θ)374Sκ14","2017-10-20","Ε3 42η (Θ)",374,"ΑΟΑ ΧΑΪΔΑΡΙΟΥ","S","κ14",10,3206,808]
[null,null,null,null,null,null,null,null,null,null,null,null,null,null,null,null,null,null,null,null,null,null,null,null,null,null,null,null,null,null,null,null,null,null,"43028Ε3 42η (Θ)374Sκ16","2017-10-20","Ε3 42η (Θ)",374,"ΑΟΑ ΧΑΪΔΑΡΙΟΥ","S","κ16",11,3207,808]
[null,null,null,null,null,null,null,null,null,null,null,null,null,null,null,null,null,null,null,null,null,null,null,null,null,null,null,null,null,null,null,null,null,null,"42828TE (KVARNER)15Sκ14","2017-04-03","TE (KVARNER)",15,"Tennis Europe","S","κ14",10,3208,643]
[null,null,null,null,null,null,null,null,null,null,null,null,null,null,null,null,null,null,null,null,null,null,null,null,null,null,null,null,null,null,null,null,null,null,"42828TE (KVARNER)15Dκ14","2017-04-03","TE (KVARNER)",15,"Tennis Europe","D","κ14",18,3209,643]
[null,null,null,null,null,null,null,null,null,null,null,null,null,null,null,null,null,null,null,null,null,null,null,null,null,null,null,null,null,null,null,null,null,null,{"$f":"AJ771&AK771&AL771&AN771&AO771","v":"43036Ε3 43η (Ε)245Sα12"},"2017-10-28","Ε3 43η (Ε)",245,"ΟΑ ΝΙΚΑΙΑ ΛΑΡΙΣΑΣ","S","α12",5,3211,809]
[null,null,null,null,null,null,null,null,null,null,null,null,null,null,null,null,null,null,null,null,null,null,null,null,null,null,null,null,null,null,null,null,null,null,"43036Ε3 43η (Ε)245Sκ12","2017-10-28","Ε3 43η (Ε)",245,"ΟΑ ΝΙΚΑΙΑ ΛΑΡΙΣΑΣ","S","κ12",9,3212,809]
[null,null,null,null,null,null,null,null,null,null,null,null,null,null,null,null,null,null,null,null,null,null,null,null,null,null,null,null,null,null,null,null,null,null,"43036Ε3 43η (Ε)245Sα16","2017-10-28","Ε3 43η (Ε)",245,"ΟΑ ΝΙΚΑΙΑ ΛΑΡΙΣΑΣ","S","α16",7,3213,809]
[null,null,null,null,null,null,null,null,null,null,null,null,null,null,null,null,null,null,null,null,null,null,null,null,null,null,null,null,null,null,null,null,null,null,"43035Ε3 43η (ΙΑ)424Sα12","2017-10-27","Ε3 43η (ΙΑ)",424,"ΑΟΑ ΗΛΙΟΥΠΟΛΗΣ","S","α12",5,3215,811]
[null,null,null,null,null,null,null,null,null,null,null,null,null,null,null,null,null,null,null,null,null,null,null,null,null,null,null,null,null,null,null,null,null,null,"43035Ε3 43η (ΙΑ)424Sα14","2017-10-27","Ε3 43η (ΙΑ)",424,"ΑΟΑ ΗΛΙΟΥΠΟΛΗΣ","S","α14",6,3216,811]
[null,null,null,null,null,null,null,null,null,null,null,null,null,null,null,null,null,null,null,null,null,null,null,null,null,null,null,null,null,null,null,null,null,null,"43035Ε3 43η (ΙΑ)424Sα16","2017-10-27","Ε3 43η (ΙΑ)",424,"ΑΟΑ ΗΛΙΟΥΠΟΛΗΣ","S","α16",7,3217,811]
[null,null,null,null,null,null,null,null,null,null,null,null,null,null,null,null,null,null,null,null,null,null,null,null,null,null,null,null,null,null,null,null,null,null,"43035Ε3 43η (ΙΑ)424Sκ12","2017-10-27","Ε3 43η (ΙΑ)",424,"ΑΟΑ ΗΛΙΟΥΠΟΛΗΣ","S","κ12",9,3218,811]
[null,null,null,null,null,null,null,null,null,null,null,null,null,null,null,null,null,null,null,null,null,null,null,null,null,null,null,null,null,null,null,null,null,null,"43035Ε3 43η (ΙΑ)424Sκ14","2017-10-27","Ε3 43η (ΙΑ)",424,"ΑΟΑ ΗΛΙΟΥΠΟΛΗΣ","S","κ14",10,3219,811]
[null,null,null,null,null,null,null,null,null,null,null,null,null,null,null,null,null,null,null,null,null,null,null,null,null,null,null,null,null,null,null,null,null,null,"43035Ε3 43η (ΙΑ)424Sκ16","2017-10-27","Ε3 43η (ΙΑ)",424,"ΑΟΑ ΗΛΙΟΥΠΟΛΗΣ","S","κ16",11,3220,811]
[null,null,null,null,null,null,null,null,null,null,null,null,null,null,null,null,null,null,null,null,null,null,null,null,null,null,null,null,null,null,null,null,null,null,"43029Ε3 42η (Α)112Sα12","2017-10-21","Ε3 42η (Α)",112,"ΟΑ ΑΛΕΞΑΝΔΡΟΥΠΟΛΗΣ","S","α12",5,3221,812]
[null,null,null,null,null,null,null,null,null,null,null,null,null,null,null,null,null,null,null,null,null,null,null,null,null,null,null,null,null,null,null,null,null,null,"43029Ε3 42η (Α)112Sα16","2017-10-21","Ε3 42η (Α)",112,"ΟΑ ΑΛΕΞΑΝΔΡΟΥΠΟΛΗΣ","S","α16",7,3222,812]
[null,null,null,null,null,null,null,null,null,null,null,null,null,null,null,null,null,null,null,null,null,null,null,null,null,null,null,null,null,null,null,null,null,null,"43029Ε3 42η (Α)112Sκ12","2017-10-21","Ε3 42η (Α)",112,"ΟΑ ΑΛΕΞΑΝΔΡΟΥΠΟΛΗΣ","S","κ12",9,3223,812]
[null,null,null,null,null,null,null,null,null,null,null,null,null,null,null,null,null,null,null,null,null,null,null,null,null,null,null,null,null,null,null,null,null,null,"43029Ε3 42η (Γ)198Sα14","2017-10-21","Ε3 42η (Γ)",198,"ΣΑ ΚΑΣΤΟΡΙΑΣ ΠΡΩΤΕΑΣ","S","α14",6,3224,813]
[null,null,null,null,null,null,null,null,null,null,null,null,null,null,null,null,null,null,null,null,null,null,null,null,null,null,null,null,null,null,null,null,null,null,"43029Ε3 42η (Γ)190Sκ14","2017-10-21","Ε3 42η (Γ)",190,"ΟΑ ΚΑΣΤΟΡΙΑΣ ΚΕΛΕΤΡΟΝ","S","κ14",10,3225,813]
[null,null,null,null,null,null,null,null,null,null,null,null,null,null,null,null,null,null,null,null,null,null,null,null,null,null,null,null,null,null,null,null,null,null,"43029Ε3 42η (Ζ)309Sα12","2017-10-21","Ε3 42η (Ζ)",309,"ΟΑ ΣΟΥΔΑΣ","S","α12",5,3226,814]
[null,null,null,null,null,null,null,null,null,null,null,null,null,null,null,null,null,null,null,null,null,null,null,null,null,null,null,null,null,null,null,null,null,null,"43029Ε3 42η (Ζ)309Sα16","2017-10-21","Ε3 42η (Ζ)",309,"ΟΑ ΣΟΥΔΑΣ","S","α16",7,3227,814]
[null,null,null,null,null,null,null,null,null,null,null,null,null,null,null,null,null,null,null,null,null,null,null,null,null,null,null,null,null,null,null,null,null,null,"43029Ε3 42η (Ζ)309Sκ12","2017-10-21","Ε3 42η (Ζ)",309,"ΟΑ ΣΟΥΔΑΣ","S","κ12",9,3228,814]
[null,null,null,null,null,null,null,null,null,null,null,null,null,null,null,null,null,null,null,null,null,null,null,null,null,null,null,null,null,null,null,null,null,null,"43029Ε3 42η (Ζ)298Sκ16","2017-10-21","Ε3 42η (Ζ)",298,"ΑΚΑΔ ΑΝΤΙΣΦ ΧΑΝΙΩΝ","S","κ16",11,3229,814]
[null,null,null,null,null,null,null,null,null,null,null,null,null,null,null,null,null,null,null,null,null,null,null,null,null,null,null,null,null,null,null,null,null,null,"43029Ε3 42η (Ζ)310Sα14","2017-10-21","Ε3 42η (Ζ)",310,"ΟΑ ΧΑΝΙΩΝ","S","α14",6,3230,814]
[null,null,null,null,null,null,null,null,null,null,null,null,null,null,null,null,null,null,null,null,null,null,null,null,null,null,null,null,null,null,null,null,null,null,"43029Ε3 42η (ΣΤ)285Sα12","2017-10-21","Ε3 42η (ΣΤ)",285,"ΟΑ ΚΑΛΑΜΑΤΑΣ","S","α12",5,3231,815]
[null,null,null,null,null,null,null,null,null,null,null,null,null,null,null,null,null,null,null,null,null,null,null,null,null,null,null,null,null,null,null,null,null,null,"43029Ε3 42η (ΣΤ)285Sα16","2017-10-21","Ε3 42η (ΣΤ)",285,"ΟΑ ΚΑΛΑΜΑΤΑΣ","S","α16",7,3232,815]
[null,null,null,null,null,null,null,null,null,null,null,null,null,null,null,null,null,null,null,null,null,null,null,null,null,null,null,null,null,null,null,null,null,null,"43029Ε3 42η (ΣΤ)285Sκ12","2017-10-21","Ε3 42η (ΣΤ)",285,"ΟΑ ΚΑΛΑΜΑΤΑΣ","S","κ12",9,3233,815]
[null,null,null,null,null,null,null,null,null,null,null,null,null,null,null,null,null,null,null,null,null,null,null,null,null,null,null,null,null,null,null,null,null,null,"43029Ε3 42η (ΣΤ)285Sκ16","2017-10-21","Ε3 42η (ΣΤ)",285,"ΟΑ ΚΑΛΑΜΑΤΑΣ","S","κ16",11,3234,815]
[null,null,null,null,null,null,null,null,null,null,null,null,null,null,null,null,null,null,null,null,null,null,null,null,null,null,null,null,null,null,null,null,null,null,"43043Ε3 44η (ΣΤ)261Sα12","2017-11-04","Ε3 44η (ΣΤ)",261,"ΑΕΤ ΝΙΚΗ ΠΑΤΡΩΝ","S","α12",5,3235,816]
[null,null,null,null,null,null,null,null,null,null,null,null,null,null,null,null,null,null,null,null,null,null,null,null,null,null,null,null,null,null,null,null,null,null,"43043Ε3 44η (ΣΤ)261Sα16","2017-11-04","Ε3 44η (ΣΤ)",261,"ΑΕΤ ΝΙΚΗ ΠΑΤΡΩΝ","S","α16",7,3236,816]
[null,null,null,null,null,null,null,null,null,null,null,null,null,null,null,null,null,null,null,null,null,null,null,null,null,null,null,null,null,null,null,null,null,null,"43043Ε3 44η (ΣΤ)261Sκ12","2017-11-04","Ε3 44η (ΣΤ)",261,"ΑΕΤ ΝΙΚΗ ΠΑΤΡΩΝ","S","κ12",9,3237,816]
[null,null,null,null,null,null,null,null,null,null,null,null,null,null,null,null,null,null,null,null,null,null,null,null,null,null,null,null,null,null,null,null,null,null,"43043Ε3 44η (ΣΤ)261Sκ16","2017-11-04","Ε3 44η (ΣΤ)",261,"ΑΕΤ ΝΙΚΗ ΠΑΤΡΩΝ","S","κ16",11,3238,816]
[null,null,null,null,null,null,null,null,null,null,null,null,null,null,null,null,null,null,null,null,null,null,null,null,null,null,null,null,null,null,null,null,null,null,"43042Ε3 44η (Ε)245Sα14","2017-11-03","Ε3 44η (Ε)",245,"ΟΑ ΝΙΚΑΙΑ ΛΑΡΙΣΑΣ","S","α14",6,3239,817]
[null,null,null,null,null,null,null,null,null,null,null,null,null,null,null,null,null,null,null,null,null,null,null,null,null,null,null,null,null,null,null,null,null,null,"43042Ε3 44η (Ε)245Sκ14","2017-11-03","Ε3 44η (Ε)",245,"ΟΑ ΝΙΚΑΙΑ ΛΑΡΙΣΑΣ","S","κ14",10,3240,817]
[null,null,null,null,null,null,null,null,null,null,null,null,null,null,null,null,null,null,null,null,null,null,null,null,null,null,null,null,null,null,null,null,null,null,"43036Ε3 43η (Δ)218Sα14","2017-10-28","Ε3 43η (Δ)",218,"ΟΑ ΘΕΣΠΡΩΤΙΑΣ ΤΙΤΑΝΗ","S","α14",6,3241,818]
[null,null,null,null,null,null,null,null,null,null,null,null,null,null,null,null,null,null,null,null,null,null,null,null,null,null,null,null,null,null,null,null,null,null,"43036Ε3 43η (Δ)218Sκ14","2017-10-28","Ε3 43η (Δ)",218,"ΟΑ ΘΕΣΠΡΩΤΙΑΣ ΤΙΤΑΝΗ","S","κ14",10,3242,818]
[null,null,null,null,null,null,null,null,null,null,null,null,null,null,null,null,null,null,null,null,null,null,null,null,null,null,null,null,null,null,null,null,null,null,"43031ITF (OPEL CUP)14Sα18","2017-10-23","ITF (OPEL CUP)",14,"ITF","S","α18",8,3243,819]
[null,null,null,null,null,null,null,null,null,null,null,null,null,null,null,null,null,null,null,null,null,null,null,null,null,null,null,null,null,null,null,null,null,null,"43031ITF (OPEL CUP)14Dα18","2017-10-23","ITF (OPEL CUP)",14,"ITF","D","α18",16,3244,819]
[null,null,null,null,null,null,null,null,null,null,null,null,null,null,null,null,null,null,null,null,null,null,null,null,null,null,null,null,null,null,null,null,null,null,"43039ITF (31/10/17)14Sανδ","2017-10-31","ITF (31/10/17)",14,"ITF","S","ανδ",25,3249,822]
[null,null,null,null,null,null,null,null,null,null,null,null,null,null,null,null,null,null,null,null,null,null,null,null,null,null,null,null,null,null,null,null,null,null,"43039ITF (31/10/17)14Sγυν","2017-10-31","ITF (31/10/17)",14,"ITF","S","γυν",26,3250,822]
[null,null,null,null,null,null,null,null,null,null,null,null,null,null,null,null,null,null,null,null,null,null,null,null,null,null,null,null,null,null,null,null,null,null,"43039ITF (31/10/17)14Dανδ","2017-10-31","ITF (31/10/17)",14,"ITF","D","ανδ",27,3251,822]
[null,null,null,null,null,null,null,null,null,null,null,null,null,null,null,null,null,null,null,null,null,null,null,null,null,null,null,null,null,null,null,null,null,null,"43039ITF (31/10/17)14Dγυν","2017-10-31","ITF (31/10/17)",14,"ITF","D","γυν",28,3252,822]
[null,null,null,null,null,null,null,null,null,null,null,null,null,null,null,null,null,null,null,null,null,null,null,null,null,null,null,null,null,null,null,null,null,null,"43022Ε3 41η (ΣΤ)294Sα14","2017-10-14","Ε3 41η (ΣΤ)",294,"ΣΑ ΤΡΙΠΟΛΗΣ","S","α14",6,3253,823]
[null,null,null,null,null,null,null,null,null,null,null,null,null,null,null,null,null,null,null,null,null,null,null,null,null,null,null,null,null,null,null,null,null,null,"43022Ε3 41η (ΣΤ)294Sκ14","2017-10-14","Ε3 41η (ΣΤ)",294,"ΣΑ ΤΡΙΠΟΛΗΣ","S","κ14",10,3254,823]
[null,null,null,null,null,null,null,null,null,null,null,null,null,null,null,null,null,null,null,null,null,null,null,null,null,null,null,null,null,null,null,null,null,null,"43063Ε3 47η (Η)333Sα12","2017-11-24","Ε3 47η (Η)",333,"ΑΟΑ ΑΛΕΞΑΝΔΡΟΣ Β","S","α12",5,3255,824]
[null,null,null,null,null,null,null,null,null,null,null,null,null,null,null,null,null,null,null,null,null,null,null,null,null,null,null,null,null,null,null,null,null,null,"43063Ε3 47η (Η)333Sα14","2017-11-24","Ε3 47η (Η)",333,"ΑΟΑ ΑΛΕΞΑΝΔΡΟΣ Β","S","α14",6,3256,824]
[null,null,null,null,null,null,null,null,null,null,null,null,null,null,null,null,null,null,null,null,null,null,null,null,null,null,null,null,null,null,null,null,null,null,"43063Ε3 47η (Η)333Sα16","2017-11-24","Ε3 47η (Η)",333,"ΑΟΑ ΑΛΕΞΑΝΔΡΟΣ Β","S","α16",7,3257,824]
[null,null,null,null,null,null,null,null,null,null,null,null,null,null,null,null,null,null,null,null,null,null,null,null,null,null,null,null,null,null,null,null,null,null,"43063Ε3 47η (Η)333Sκ12","2017-11-24","Ε3 47η (Η)",333,"ΑΟΑ ΑΛΕΞΑΝΔΡΟΣ Β","S","κ12",9,3258,824]
[null,null,null,null,null,null,null,null,null,null,null,null,null,null,null,null,null,null,null,null,null,null,null,null,null,null,null,null,null,null,null,null,null,null,"43063Ε3 47η (Η)333Sκ14","2017-11-24","Ε3 47η (Η)",333,"ΑΟΑ ΑΛΕΞΑΝΔΡΟΣ Β","S","κ14",10,3259,824]
[null,null,null,null,null,null,null,null,null,null,null,null,null,null,null,null,null,null,null,null,null,null,null,null,null,null,null,null,null,null,null,null,null,null,"43063Ε3 47η (Η)333Sκ16","2017-11-24","Ε3 47η (Η)",333,"ΑΟΑ ΑΛΕΞΑΝΔΡΟΣ Β","S","κ16",11,3260,824]
[null,null,null,null,null,null,null,null,null,null,null,null,null,null,null,null,null,null,null,null,null,null,null,null,null,null,null,null,null,null,null,null,null,null,"43041Διασυλλογικό Α' Εθνική (Α+Β φάση)424Sανδ","2017-11-02","Διασυλλογικό Α' Εθνική (Α+Β φάση)",424,"ΑΟΑ ΗΛΙΟΥΠΟΛΗΣ","S","ανδ",25,3261,825]
[null,null,null,null,null,null,null,null,null,null,null,null,null,null,null,null,null,null,null,null,null,null,null,null,null,null,null,null,null,null,null,null,null,null,"43041Διασυλλογικό Α' Εθνική (Α+Β φάση)424Sγυν","2017-11-02","Διασυλλογικό Α' Εθνική (Α+Β φάση)",424,"ΑΟΑ ΗΛΙΟΥΠΟΛΗΣ","S","γυν",26,3262,825]
[null,null,null,null,null,null,null,null,null,null,null,null,null,null,null,null,null,null,null,null,null,null,null,null,null,null,null,null,null,null,null,null,null,null,"43041Διασυλλ. Β' Εθνική Βορράς (Α+Β φάση)154Sανδ","2017-11-02","Διασυλλ. Β' Εθνική Βορράς (Α+Β φάση)",154,"ΟΑ ΚΟΥΦΑΛΙΩΝ","S","ανδ",25,3263,826]
[null,null,null,null,null,null,null,null,null,null,null,null,null,null,null,null,null,null,null,null,null,null,null,null,null,null,null,null,null,null,null,null,null,null,"43041Διασυλλ. Β' Εθνική Βορράς (Α+Β φάση)154Sγυν","2017-11-02","Διασυλλ. Β' Εθνική Βορράς (Α+Β φάση)",154,"ΟΑ ΚΟΥΦΑΛΙΩΝ","S","γυν",26,3264,826]
[null,null,null,null,null,null,null,null,null,null,null,null,null,null,null,null,null,null,null,null,null,null,null,null,null,null,null,null,null,null,null,null,null,null,"43041Διασυλλ. Β' Εθνική Νότος (Α+Β φάση)333Sανδ","2017-11-02","Διασυλλ. Β' Εθνική Νότος (Α+Β φάση)",333,"ΑΟΑ ΑΛΕΞΑΝΔΡΟΣ Β","S","ανδ",25,3265,827]
[null,null,null,null,null,null,null,null,null,null,null,null,null,null,null,null,null,null,null,null,null,null,null,null,null,null,null,null,null,null,null,null,null,null,"43041Διασυλλ. Β' Εθνική Νότος (Α+Β φάση)333Sγυν","2017-11-02","Διασυλλ. Β' Εθνική Νότος (Α+Β φάση)",333,"ΑΟΑ ΑΛΕΞΑΝΔΡΟΣ Β","S","γυν",26,3266,827]
[null,null,null,null,null,null,null,null,null,null,null,null,null,null,null,null,null,null,null,null,null,null,null,null,null,null,null,null,null,null,null,null,null,null,"43048Μαστ (Θ)400Sα12","2017-11-09","Μαστ (Θ)",400,"ΟΑ ΧΑΛΚΙΔΑΣ","S","α12",5,3267,828]
[null,null,null,null,null,null,null,null,null,null,null,null,null,null,null,null,null,null,null,null,null,null,null,null,null,null,null,null,null,null,null,null,null,null,"43048Μαστ (Θ)400Sα14","2017-11-09","Μαστ (Θ)",400,"ΟΑ ΧΑΛΚΙΔΑΣ","S","α14",6,3268,828]
[null,null,null,null,null,null,null,null,null,null,null,null,null,null,null,null,null,null,null,null,null,null,null,null,null,null,null,null,null,null,null,null,null,null,"43048Μαστ (Θ)400Sα16","2017-11-09","Μαστ (Θ)",400,"ΟΑ ΧΑΛΚΙΔΑΣ","S","α16",7,3269,828]
[null,null,null,null,null,null,null,null,null,null,null,null,null,null,null,null,null,null,null,null,null,null,null,null,null,null,null,null,null,null,null,null,null,null,"43048Μαστ (Θ)400Sα18","2017-11-09","Μαστ (Θ)",400,"ΟΑ ΧΑΛΚΙΔΑΣ","S","α18",8,3270,828]
[null,null,null,null,null,null,null,null,null,null,null,null,null,null,null,null,null,null,null,null,null,null,null,null,null,null,null,null,null,null,null,null,null,null,"43048Μαστ (Θ)400Sκ12","2017-11-09","Μαστ (Θ)",400,"ΟΑ ΧΑΛΚΙΔΑΣ","S","κ12",9,3271,828]
[null,null,null,null,null,null,null,null,null,null,null,null,null,null,null,null,null,null,null,null,null,null,null,null,null,null,null,null,null,null,null,null,null,null,"43048Μαστ (Θ)400Sκ14","2017-11-09","Μαστ (Θ)",400,"ΟΑ ΧΑΛΚΙΔΑΣ","S","κ14",10,3272,828]
[null,null,null,null,null,null,null,null,null,null,null,null,null,null,null,null,null,null,null,null,null,null,null,null,null,null,null,null,null,null,null,null,null,null,"43048Μαστ (Θ)400Sκ16","2017-11-09","Μαστ (Θ)",400,"ΟΑ ΧΑΛΚΙΔΑΣ","S","κ16",11,3273,828]
[null,null,null,null,null,null,null,null,null,null,null,null,null,null,null,null,null,null,null,null,null,null,null,null,null,null,null,null,null,null,null,null,null,null,"43048Μαστ (Θ)400Sκ18","2017-11-09","Μαστ (Θ)",400,"ΟΑ ΧΑΛΚΙΔΑΣ","S","κ18",12,3274,828]
[null,null,null,null,null,null,null,null,null,null,null,null,null,null,null,null,null,null,null,null,null,null,null,null,null,null,null,null,null,null,null,null,null,null,"43050Ε3 45η (Β)124Sα14","2017-11-11","Ε3 45η (Β)",124,"ΑΑ ΑΛΜΠΑΤΡΟΣ","S","α14",6,3275,829]
[null,null,null,null,null,null,null,null,null,null,null,null,null,null,null,null,null,null,null,null,null,null,null,null,null,null,null,null,null,null,null,null,null,null,"43050Ε3 45η (Β)124Sκ14","2017-11-11","Ε3 45η (Β)",124,"ΑΑ ΑΛΜΠΑΤΡΟΣ","S","κ14",10,3276,829]
[null,null,null,null,null,null,null,null,null,null,null,null,null,null,null,null,null,null,null,null,null,null,null,null,null,null,null,null,null,null,null,null,null,null,"43064Διασυλλογικό Γ Εθνική (Δ)217Sα/γ","2017-11-25","Διασυλλογικό Γ Εθνική (Δ)",217,"ΟΑ ΑΡΤΑΣ","S","α/γ",30,3277,830]
[null,null,null,null,null,null,null,null,null,null,null,null,null,null,null,null,null,null,null,null,null,null,null,null,null,null,null,null,null,null,null,null,null,null,"43056Ε3 46η (Β)152Sα12","2017-11-17","Ε3 46η (Β)",152,"ΟΑ ΚΑΛΑΜΑΡΙΑΣ","S","α12",5,3278,831]
[null,null,null,null,null,null,null,null,null,null,null,null,null,null,null,null,null,null,null,null,null,null,null,null,null,null,null,null,null,null,null,null,null,null,"43056Ε3 46η (Β)152Sα16","2017-11-17","Ε3 46η (Β)",152,"ΟΑ ΚΑΛΑΜΑΡΙΑΣ","S","α16",7,3279,831]
[null,null,null,null,null,null,null,null,null,null,null,null,null,null,null,null,null,null,null,null,null,null,null,null,null,null,null,null,null,null,null,null,null,null,{"$f":"AJ835&AK835&AL835&AN835&AO835","v":"43056Ε3 46η (Β)152Sκ12"},"2017-11-17","Ε3 46η (Β)",152,"ΟΑ ΚΑΛΑΜΑΡΙΑΣ","S","κ12",9,3280,831]
[null,null,null,null,null,null,null,null,null,null,null,null,null,null,null,null,null,null,null,null,null,null,null,null,null,null,null,null,null,null,null,null,null,null,"43056Ε3 46η (Β)152Sκ16","2017-11-17","Ε3 46η (Β)",152,"ΟΑ ΚΑΛΑΜΑΡΙΑΣ","S","κ16",11,3281,831]
[null,null,null,null,null,null,null,null,null,null,null,null,null,null,null,null,null,null,null,null,null,null,null,null,null,null,null,null,null,null,null,null,null,null,"43031TE (NICOSIA FIELD)15Sα14","2017-10-23","TE (NICOSIA FIELD)",15,"Tennis Europe","S","α14",6,3282,832]
[null,null,null,null,null,null,null,null,null,null,null,null,null,null,null,null,null,null,null,null,null,null,null,null,null,null,null,null,null,null,null,null,null,null,"43031TE (NICOSIA FIELD)15Dα14","2017-10-23","TE (NICOSIA FIELD)",15,"Tennis Europe","D","α14",14,3283,832]
[null,null,null,null,null,null,null,null,null,null,null,null,null,null,null,null,null,null,null,null,null,null,null,null,null,null,null,null,null,null,null,null,null,null,"43038TE (ELEON TENNIS)15Sα16","2017-10-30","TE (ELEON TENNIS)",15,"Tennis Europe","S","α16",7,3284,833]
[null,null,null,null,null,null,null,null,null,null,null,null,null,null,null,null,null,null,null,null,null,null,null,null,null,null,null,null,null,null,null,null,null,null,"43038TE (ELEON TENNIS)15Sκ16","2017-10-30","TE (ELEON TENNIS)",15,"Tennis Europe","S","κ16",11,3285,833]
[null,null,null,null,null,null,null,null,null,null,null,null,null,null,null,null,null,null,null,null,null,null,null,null,null,null,null,null,null,null,null,null,null,null,"43038TE (ELEON TENNIS)15Dα16","2017-10-30","TE (ELEON TENNIS)",15,"Tennis Europe","D","α16",15,3286,833]
[null,null,null,null,null,null,null,null,null,null,null,null,null,null,null,null,null,null,null,null,null,null,null,null,null,null,null,null,null,null,null,null,null,null,"43070Ε3 48η (Θ)400Sα12","2017-12-01","Ε3 48η (Θ)",400,"ΟΑ ΧΑΛΚΙΔΑΣ","S","α12",5,3291,838]
[null,null,null,null,null,null,null,null,null,null,null,null,null,null,null,null,null,null,null,null,null,null,null,null,null,null,null,null,null,null,null,null,null,null,"43070Ε3 48η (Θ)400Sα14","2017-12-01","Ε3 48η (Θ)",400,"ΟΑ ΧΑΛΚΙΔΑΣ","S","α14",6,3292,838]
[null,null,null,null,null,null,null,null,null,null,null,null,null,null,null,null,null,null,null,null,null,null,null,null,null,null,null,null,null,null,null,null,null,null,"43070Ε3 48η (Θ)400Sα16","2017-12-01","Ε3 48η (Θ)",400,"ΟΑ ΧΑΛΚΙΔΑΣ","S","α16",7,3293,838]
[null,null,null,null,null,null,null,null,null,null,null,null,null,null,null,null,null,null,null,null,null,null,null,null,null,null,null,null,null,null,null,null,null,null,"43070Ε3 48η (Θ)400Sκ12","2017-12-01","Ε3 48η (Θ)",400,"ΟΑ ΧΑΛΚΙΔΑΣ","S","κ12",9,3294,838]
[null,null,null,null,null,null,null,null,null,null,null,null,null,null,null,null,null,null,null,null,null,null,null,null,null,null,null,null,null,null,null,null,null,null,"43070Ε3 48η (Θ)400Sκ14","2017-12-01","Ε3 48η (Θ)",400,"ΟΑ ΧΑΛΚΙΔΑΣ","S","κ14",10,3295,838]
[null,null,null,null,null,null,null,null,null,null,null,null,null,null,null,null,null,null,null,null,null,null,null,null,null,null,null,null,null,null,null,null,null,null,"43070Ε3 48η (Θ)400Sκ16","2017-12-01","Ε3 48η (Θ)",400,"ΟΑ ΧΑΛΚΙΔΑΣ","S","κ16",11,3296,838]
[null,null,null,null,null,null,null,null,null,null,null,null,null,null,null,null,null,null,null,null,null,null,null,null,null,null,null,null,null,null,null,null,null,null,"43046ITF (AYIA NAPA)14Sκ18","2017-11-07","ITF (AYIA NAPA)",14,"ITF","S","κ18",12,3297,839]
[null,null,null,null,null,null,null,null,null,null,null,null,null,null,null,null,null,null,null,null,null,null,null,null,null,null,null,null,null,null,null,null,null,null,"43046ITF (MATAN GAFNIEL)14Dκ18","2017-11-07","ITF (MATAN GAFNIEL)",14,"ITF","D","κ18",20,3298,840]
[null,null,null,null,null,null,null,null,null,null,null,null,null,null,null,null,null,null,null,null,null,null,null,null,null,null,null,null,null,null,null,null,null,null,"43052ITF (HAP INTERN.)14Sκ18","2017-11-13","ITF (HAP INTERN.)",14,"ITF","S","κ18",12,3299,841]
[null,null,null,null,null,null,null,null,null,null,null,null,null,null,null,null,null,null,null,null,null,null,null,null,null,null,null,null,null,null,null,null,null,null,"43052ITF (HAP INTERN.)14Dκ18","2017-11-13","ITF (HAP INTERN.)",14,"ITF","D","κ18",20,3300,841]
[null,null,null,null,null,null,null,null,null,null,null,null,null,null,null,null,null,null,null,null,null,null,null,null,null,null,null,null,null,null,null,null,null,null,"43059TE (ADAM BERGMAN)15Sα16","2017-11-20","TE (ADAM BERGMAN)",15,"Tennis Europe","S","α16",7,3301,842]
[null,null,null,null,null,null,null,null,null,null,null,null,null,null,null,null,null,null,null,null,null,null,null,null,null,null,null,null,null,null,null,null,null,null,"43073TE (MARSA TENNIS)15Dα16","2017-12-04","TE (MARSA TENNIS)",15,"Tennis Europe","D","α16",15,3302,843]
[null,null,null,null,null,null,null,null,null,null,null,null,null,null,null,null,null,null,null,null,null,null,null,null,null,null,null,null,null,null,null,null,null,null,"43066TE (NEXIA)15Sα16","2017-11-27","TE (NEXIA)",15,"Tennis Europe","S","α16",7,3303,844]
[null,null,null,null,null,null,null,null,null,null,null,null,null,null,null,null,null,null,null,null,null,null,null,null,null,null,null,null,null,null,null,null,null,null,"43073TE (MARSA TENNIS)15Sα16","2017-12-04","TE (MARSA TENNIS)",15,"Tennis Europe","S","α16",7,3304,845]
[null,null,null,null,null,null,null,null,null,null,null,null,null,null,null,null,null,null,null,null,null,null,null,null,null,null,null,null,null,null,null,null,null,null,"43113Ε3 2η (Β)152Sα12","2018-01-13","Ε3 2η (Β)",152,"ΟΑ ΚΑΛΑΜΑΡΙΑΣ","S","α12",5,3305,846]
[null,null,null,null,null,null,null,null,null,null,null,null,null,null,null,null,null,null,null,null,null,null,null,null,null,null,null,null,null,null,null,null,null,null,"43113Ε3 2η (Β)152Sα16","2018-01-13","Ε3 2η (Β)",152,"ΟΑ ΚΑΛΑΜΑΡΙΑΣ","S","α16",7,3306,846]
[null,null,null,null,null,null,null,null,null,null,null,null,null,null,null,null,null,null,null,null,null,null,null,null,null,null,null,null,null,null,null,null,null,null,"43113Ε3 2η (Β)152Sκ12","2018-01-13","Ε3 2η (Β)",152,"ΟΑ ΚΑΛΑΜΑΡΙΑΣ","S","κ12",9,3307,846]
[null,null,null,null,null,null,null,null,null,null,null,null,null,null,null,null,null,null,null,null,null,null,null,null,null,null,null,null,null,null,null,null,null,null,"43113Ε3 2η (Β)152Sκ16","2018-01-13","Ε3 2η (Β)",152,"ΟΑ ΚΑΛΑΜΑΡΙΑΣ","S","κ16",11,3308,846]
[null,null,null,null,null,null,null,null,null,null,null,null,null,null,null,null,null,null,null,null,null,null,null,null,null,null,null,null,null,null,null,null,null,null,"43127Ε3 4η (Δ)217Sα12","2018-01-27","Ε3 4η (Δ)",217,"ΟΑ ΑΡΤΑΣ","S","α12",5,3309,847]
[null,null,null,null,null,null,null,null,null,null,null,null,null,null,null,null,null,null,null,null,null,null,null,null,null,null,null,null,null,null,null,null,null,null,"43127Ε3 4η (Δ)217Sα16","2018-01-27","Ε3 4η (Δ)",217,"ΟΑ ΑΡΤΑΣ","S","α16",7,3310,847]
[null,null,null,null,null,null,null,null,null,null,null,null,null,null,null,null,null,null,null,null,null,null,null,null,null,null,null,null,null,null,null,null,null,null,"43127Ε3 4η (Δ)217Sκ12","2018-01-27","Ε3 4η (Δ)",217,"ΟΑ ΑΡΤΑΣ","S","κ12",9,3311,847]
[null,null,null,null,null,null,null,null,null,null,null,null,null,null,null,null,null,null,null,null,null,null,null,null,null,null,null,null,null,null,null,null,null,null,"43127Ε3 4η (Δ)217Sκ16","2018-01-27","Ε3 4η (Δ)",217,"ΟΑ ΑΡΤΑΣ","S","κ16",11,3312,847]
[null,null,null,null,null,null,null,null,null,null,null,null,null,null,null,null,null,null,null,null,null,null,null,null,null,null,null,null,null,null,null,null,null,null,"43120Ε3 3η (Ε)244Sα12","2018-01-20","Ε3 3η (Ε)",244,"ΟΑ ΜΑΓΝΗΣΙΑΣ","S","α12",5,3313,848]
[null,null,null,null,null,null,null,null,null,null,null,null,null,null,null,null,null,null,null,null,null,null,null,null,null,null,null,null,null,null,null,null,null,null,"43120Ε3 3η (Ε)244Sα16","2018-01-20","Ε3 3η (Ε)",244,"ΟΑ ΜΑΓΝΗΣΙΑΣ","S","α16",7,3314,848]
[null,null,null,null,null,null,null,null,null,null,null,null,null,null,null,null,null,null,null,null,null,null,null,null,null,null,null,null,null,null,null,null,null,null,"43120Ε3 3η (Ε)244Sκ12","2018-01-20","Ε3 3η (Ε)",244,"ΟΑ ΜΑΓΝΗΣΙΑΣ","S","κ12",9,3315,848]
[null,null,null,null,null,null,null,null,null,null,null,null,null,null,null,null,null,null,null,null,null,null,null,null,null,null,null,null,null,null,null,null,null,null,"43120Ε3 3η (Ε)244Sκ16","2018-01-20","Ε3 3η (Ε)",244,"ΟΑ ΜΑΓΝΗΣΙΑΣ","S","κ16",11,3316,848]
[null,null,null,null,null,null,null,null,null,null,null,null,null,null,null,null,null,null,null,null,null,null,null,null,null,null,null,null,null,null,null,null,null,null,"43126Ε3 4η (Η)336Sα12","2018-01-26","Ε3 4η (Η)",336,"ΑΟΑ ΦΙΛΟΘΕΗΣ","S","α12",5,3317,849]
[null,null,null,null,null,null,null,null,null,null,null,null,null,null,null,null,null,null,null,null,null,null,null,null,null,null,null,null,null,null,null,null,null,null,"43126Ε3 4η (Η)336Sκ12","2018-01-26","Ε3 4η (Η)",336,"ΑΟΑ ΦΙΛΟΘΕΗΣ","S","κ12",9,3318,849]
[null,null,null,null,null,null,null,null,null,null,null,null,null,null,null,null,null,null,null,null,null,null,null,null,null,null,null,null,null,null,null,null,null,null,"43126Ε3 4η (Η)336Sα14","2018-01-26","Ε3 4η (Η)",336,"ΑΟΑ ΦΙΛΟΘΕΗΣ","S","α14",6,3319,849]
[null,null,null,null,null,null,null,null,null,null,null,null,null,null,null,null,null,null,null,null,null,null,null,null,null,null,null,null,null,null,null,null,null,null,"43126Ε3 4η (Η)336Sκ14","2018-01-26","Ε3 4η (Η)",336,"ΑΟΑ ΦΙΛΟΘΕΗΣ","S","κ14",10,3320,849]
[null,null,null,null,null,null,null,null,null,null,null,null,null,null,null,null,null,null,null,null,null,null,null,null,null,null,null,null,null,null,null,null,null,null,"43126Ε3 4η (Η)336Sκ16","2018-01-26","Ε3 4η (Η)",336,"ΑΟΑ ΦΙΛΟΘΕΗΣ","S","κ16",11,3321,849]
[null,null,null,null,null,null,null,null,null,null,null,null,null,null,null,null,null,null,null,null,null,null,null,null,null,null,null,null,null,null,null,null,null,null,"43126Ε3 4η (Η)336Sα16","2018-01-26","Ε3 4η (Η)",336,"ΑΟΑ ΦΙΛΟΘΕΗΣ","S","α16",7,3322,849]
[null,null,null,null,null,null,null,null,null,null,null,null,null,null,null,null,null,null,null,null,null,null,null,null,null,null,null,null,null,null,null,null,null,null,"43141Ε3 6η (Δ)217Sα14","2018-02-10","Ε3 6η (Δ)",217,"ΟΑ ΑΡΤΑΣ","S","α14",6,3323,850]
[null,null,null,null,null,null,null,null,null,null,null,null,null,null,null,null,null,null,null,null,null,null,null,null,null,null,null,null,null,null,null,null,null,null,"43141Ε3 6η (Δ)217Sκ14","2018-02-10","Ε3 6η (Δ)",217,"ΟΑ ΑΡΤΑΣ","S","κ14",10,3324,850]
[null,null,null,null,null,null,null,null,null,null,null,null,null,null,null,null,null,null,null,null,null,null,null,null,null,null,null,null,null,null,null,null,null,null,"43119Ε3 3η (Θ)374Sα12","2018-01-19","Ε3 3η (Θ)",374,"ΑΟΑ ΧΑΪΔΑΡΙΟΥ","S","α12",5,3325,851]
[null,null,null,null,null,null,null,null,null,null,null,null,null,null,null,null,null,null,null,null,null,null,null,null,null,null,null,null,null,null,null,null,null,null,"43119Ε3 3η (Θ)374Sκ12","2018-01-19","Ε3 3η (Θ)",374,"ΑΟΑ ΧΑΪΔΑΡΙΟΥ","S","κ12",9,3326,851]
[null,null,null,null,null,null,null,null,null,null,null,null,null,null,null,null,null,null,null,null,null,null,null,null,null,null,null,null,null,null,null,null,null,null,"43119Ε3 3η (Θ)374Sα16","2018-01-19","Ε3 3η (Θ)",374,"ΑΟΑ ΧΑΪΔΑΡΙΟΥ","S","α16",7,3327,851]
[null,null,null,null,null,null,null,null,null,null,null,null,null,null,null,null,null,null,null,null,null,null,null,null,null,null,null,null,null,null,null,null,null,null,"43119Ε3 3η (Θ)374Sκ16","2018-01-19","Ε3 3η (Θ)",374,"ΑΟΑ ΧΑΪΔΑΡΙΟΥ","S","κ16",11,3328,851]
[null,null,null,null,null,null,null,null,null,null,null,null,null,null,null,null,null,null,null,null,null,null,null,null,null,null,null,null,null,null,null,null,null,null,"43126Ε3 4η (Θ)374Sα14","2018-01-26","Ε3 4η (Θ)",374,"ΑΟΑ ΧΑΪΔΑΡΙΟΥ","S","α14",6,3329,852]
[null,null,null,null,null,null,null,null,null,null,null,null,null,null,null,null,null,null,null,null,null,null,null,null,null,null,null,null,null,null,null,null,null,null,"43126Ε3 4η (Θ)374Sκ14","2018-01-26","Ε3 4η (Θ)",374,"ΑΟΑ ΧΑΪΔΑΡΙΟΥ","S","κ14",10,3330,852]
[null,null,null,null,null,null,null,null,null,null,null,null,null,null,null,null,null,null,null,null,null,null,null,null,null,null,null,null,null,null,null,null,null,null,"43127Ε3 4η (Α)107Sα12","2018-01-27","Ε3 4η (Α)",107,"ΑΟΑ Ν ΠΕΡΑΜΟΥ ΤΙΤΑΝΕΣ","S","α12",5,3331,853]
[null,null,null,null,null,null,null,null,null,null,null,null,null,null,null,null,null,null,null,null,null,null,null,null,null,null,null,null,null,null,null,null,null,null,"43127Ε3 4η (Α)107Sκ12","2018-01-27","Ε3 4η (Α)",107,"ΑΟΑ Ν ΠΕΡΑΜΟΥ ΤΙΤΑΝΕΣ","S","κ12",9,3332,853]
[null,null,null,null,null,null,null,null,null,null,null,null,null,null,null,null,null,null,null,null,null,null,null,null,null,null,null,null,null,null,null,null,null,null,"43127Ε3 4η (Α)108Sα14","2018-01-27","Ε3 4η (Α)",108,"ΑΟΑ ΠΡΩΤΑΘΛ ΚΑΒΑΛΑΣ","S","α14",6,3333,853]
[null,null,null,null,null,null,null,null,null,null,null,null,null,null,null,null,null,null,null,null,null,null,null,null,null,null,null,null,null,null,null,null,null,null,"43127Ε3 4η (Α)108Sκ14","2018-01-27","Ε3 4η (Α)",108,"ΑΟΑ ΠΡΩΤΑΘΛ ΚΑΒΑΛΑΣ","S","κ14",10,3334,853]
[null,null,null,null,null,null,null,null,null,null,null,null,null,null,null,null,null,null,null,null,null,null,null,null,null,null,null,null,null,null,null,null,null,null,"43127Ε3 4η (Α)108Sα16","2018-01-27","Ε3 4η (Α)",108,"ΑΟΑ ΠΡΩΤΑΘΛ ΚΑΒΑΛΑΣ","S","α16",7,3335,853]
[null,null,null,null,null,null,null,null,null,null,null,null,null,null,null,null,null,null,null,null,null,null,null,null,null,null,null,null,null,null,null,null,null,null,"43127Ε3 4η (Α)108Sκ16","2018-01-27","Ε3 4η (Α)",108,"ΑΟΑ ΠΡΩΤΑΘΛ ΚΑΒΑΛΑΣ","S","κ16",11,3336,853]
[null,null,null,null,null,null,null,null,null,null,null,null,null,null,null,null,null,null,null,null,null,null,null,null,null,null,null,null,null,null,null,null,null,null,"43126Ε3 4η (ΙΑ)442Sα12","2018-01-26","Ε3 4η (ΙΑ)",442,"ΑΟΑ ΚΑΒΟΥΡΙΟΥ","S","α12",5,3337,854]
[null,null,null,null,null,null,null,null,null,null,null,null,null,null,null,null,null,null,null,null,null,null,null,null,null,null,null,null,null,null,null,null,null,null,"43126Ε3 4η (ΙΑ)442Sκ12","2018-01-26","Ε3 4η (ΙΑ)",442,"ΑΟΑ ΚΑΒΟΥΡΙΟΥ","S","κ12",9,3338,854]
[null,null,null,null,null,null,null,null,null,null,null,null,null,null,null,null,null,null,null,null,null,null,null,null,null,null,null,null,null,null,null,null,null,null,"43126Ε3 4η (ΙΑ)442Sα14","2018-01-26","Ε3 4η (ΙΑ)",442,"ΑΟΑ ΚΑΒΟΥΡΙΟΥ","S","α14",6,3339,854]
[null,null,null,null,null,null,null,null,null,null,null,null,null,null,null,null,null,null,null,null,null,null,null,null,null,null,null,null,null,null,null,null,null,null,"43126Ε3 4η (ΙΑ)442Sκ14","2018-01-26","Ε3 4η (ΙΑ)",442,"ΑΟΑ ΚΑΒΟΥΡΙΟΥ","S","κ14",10,3340,854]
[null,null,null,null,null,null,null,null,null,null,null,null,null,null,null,null,null,null,null,null,null,null,null,null,null,null,null,null,null,null,null,null,null,null,"43126Ε3 4η (ΙΑ)442Sα16","2018-01-26","Ε3 4η (ΙΑ)",442,"ΑΟΑ ΚΑΒΟΥΡΙΟΥ","S","α16",7,3341,854]
[null,null,null,null,null,null,null,null,null,null,null,null,null,null,null,null,null,null,null,null,null,null,null,null,null,null,null,null,null,null,null,null,null,null,"43126Ε3 4η (ΙΑ)442Sκ16","2018-01-26","Ε3 4η (ΙΑ)",442,"ΑΟΑ ΚΑΒΟΥΡΙΟΥ","S","κ16",11,3342,854]
[null,null,null,null,null,null,null,null,null,null,null,null,null,null,null,null,null,null,null,null,null,null,null,null,null,null,null,null,null,null,null,null,null,null,"43127Ε3 4η (Ε)244Sα14","2018-01-27","Ε3 4η (Ε)",244,"ΟΑ ΜΑΓΝΗΣΙΑΣ","S","α14",6,3343,855]
[null,null,null,null,null,null,null,null,null,null,null,null,null,null,null,null,null,null,null,null,null,null,null,null,null,null,null,null,null,null,null,null,null,null,"43127Ε3 4η (Ε)244Sκ14","2018-01-27","Ε3 4η (Ε)",244,"ΟΑ ΜΑΓΝΗΣΙΑΣ","S","κ14",10,3344,855]
[null,null,null,null,null,null,null,null,null,null,null,null,null,null,null,null,null,null,null,null,null,null,null,null,null,null,null,null,null,null,null,null,null,null,"43127Ε3 4η (Ζ)309Sα12","2018-01-27","Ε3 4η (Ζ)",309,"ΟΑ ΣΟΥΔΑΣ","S","α12",5,3345,856]
[null,null,null,null,null,null,null,null,null,null,null,null,null,null,null,null,null,null,null,null,null,null,null,null,null,null,null,null,null,null,null,null,null,null,"43127Ε3 4η (Ζ)309Sκ12","2018-01-27","Ε3 4η (Ζ)",309,"ΟΑ ΣΟΥΔΑΣ","S","κ12",9,3346,856]
[null,null,null,null,null,null,null,null,null,null,null,null,null,null,null,null,null,null,null,null,null,null,null,null,null,null,null,null,null,null,null,null,null,null,"43127Ε3 4η (Ζ)298Sα14","2018-01-27","Ε3 4η (Ζ)",298,"ΑΚΑΔ ΑΝΤΙΣΦ ΧΑΝΙΩΝ","S","α14",6,3347,856]
[null,null,null,null,null,null,null,null,null,null,null,null,null,null,null,null,null,null,null,null,null,null,null,null,null,null,null,null,null,null,null,null,null,null,{"$f":"AJ899&AK899&AL899&AN899&AO899","v":"43127Ε3 4η (Ζ)298Sκ14"},"2018-01-27","Ε3 4η (Ζ)",298,"ΑΚΑΔ ΑΝΤΙΣΦ ΧΑΝΙΩΝ","S","κ14",10,3348,856]
[null,null,null,null,null,null,null,null,null,null,null,null,null,null,null,null,null,null,null,null,null,null,null,null,null,null,null,null,null,null,null,null,null,null,"43127Ε3 4η (Ζ)310Sα16","2018-01-27","Ε3 4η (Ζ)",310,"ΟΑ ΧΑΝΙΩΝ","S","α16",7,3349,856]
[null,null,null,null,null,null,null,null,null,null,null,null,null,null,null,null,null,null,null,null,null,null,null,null,null,null,null,null,null,null,null,null,null,null,"43127Ε3 4η (Ζ)310Sκ16","2018-01-27","Ε3 4η (Ζ)",310,"ΟΑ ΧΑΝΙΩΝ","S","κ16",11,3350,856]
[null,null,null,null,null,null,null,null,null,null,null,null,null,null,null,null,null,null,null,null,null,null,null,null,null,null,null,null,null,null,null,null,null,null,"43127Ε3 4η (ΣΤ)261Sα12","2018-01-27","Ε3 4η (ΣΤ)",261,"ΑΕΤ ΝΙΚΗ ΠΑΤΡΩΝ","S","α12",5,3351,857]
[null,null,null,null,null,null,null,null,null,null,null,null,null,null,null,null,null,null,null,null,null,null,null,null,null,null,null,null,null,null,null,null,null,null,"43127Ε3 4η (Β)124Sα14","2018-01-27","Ε3 4η (Β)",124,"ΑΑ ΑΛΜΠΑΤΡΟΣ","S","α14",6,3352,858]
[null,null,null,null,null,null,null,null,null,null,null,null,null,null,null,null,null,null,null,null,null,null,null,null,null,null,null,null,null,null,null,null,null,null,"43127Ε3 4η (Β)124Sκ14","2018-01-27","Ε3 4η (Β)",124,"ΑΑ ΑΛΜΠΑΤΡΟΣ","S","κ14",10,3353,858]
[null,null,null,null,null,null,null,null,null,null,null,null,null,null,null,null,null,null,null,null,null,null,null,null,null,null,null,null,null,null,null,null,null,null,"43127Ε3 4η (Γ)171Sα14","2018-01-27","Ε3 4η (Γ)",171,"ΑΟΑ ΚΑΤΕΡΙΝΗΣ","S","α14",6,3354,859]
[null,null,null,null,null,null,null,null,null,null,null,null,null,null,null,null,null,null,null,null,null,null,null,null,null,null,null,null,null,null,null,null,null,null,"43127Ε3 4η (Γ)171Sκ14","2018-01-27","Ε3 4η (Γ)",171,"ΑΟΑ ΚΑΤΕΡΙΝΗΣ","S","κ14",10,3355,859]
[null,null,null,null,null,null,null,null,null,null,null,null,null,null,null,null,null,null,null,null,null,null,null,null,null,null,null,null,null,null,null,null,null,null,"43133Ε2 5η (ΣΤ)294Sα12","2018-02-02","Ε2 5η (ΣΤ)",294,"ΣΑ ΤΡΙΠΟΛΗΣ","S","α12",5,3362,861]
[null,null,null,null,null,null,null,null,null,null,null,null,null,null,null,null,null,null,null,null,null,null,null,null,null,null,null,null,null,null,null,null,null,null,"43133Ε2 5η (ΣΤ)294Sκ12","2018-02-02","Ε2 5η (ΣΤ)",294,"ΣΑ ΤΡΙΠΟΛΗΣ","S","κ12",9,3363,861]
[null,null,null,null,null,null,null,null,null,null,null,null,null,null,null,null,null,null,null,null,null,null,null,null,null,null,null,null,null,null,null,null,null,null,"43133Ε2 5η (ΣΤ)294Sα16","2018-02-02","Ε2 5η (ΣΤ)",294,"ΣΑ ΤΡΙΠΟΛΗΣ","S","α16",7,3364,861]
[null,null,null,null,null,null,null,null,null,null,null,null,null,null,null,null,null,null,null,null,null,null,null,null,null,null,null,null,null,null,null,null,null,null,"43133Ε2 5η (ΣΤ)294Sκ16","2018-02-02","Ε2 5η (ΣΤ)",294,"ΣΑ ΤΡΙΠΟΛΗΣ","S","κ16",11,3365,861]
[null,null,null,null,null,null,null,null,null,null,null,null,null,null,null,null,null,null,null,null,null,null,null,null,null,null,null,null,null,null,null,null,null,null,"43133Ε2 5η (ΣΤ)270Sα14","2018-02-02","Ε2 5η (ΣΤ)",270,"ΑΡΚΑΔΙΚΟΣ ΟΑ ΑΤΛΑΣ","S","α14",6,3366,861]
[null,null,null,null,null,null,null,null,null,null,null,null,null,null,null,null,null,null,null,null,null,null,null,null,null,null,null,null,null,null,null,null,null,null,"43133Ε2 5η (ΣΤ)270Sκ14","2018-02-02","Ε2 5η (ΣΤ)",270,"ΑΡΚΑΔΙΚΟΣ ΟΑ ΑΤΛΑΣ","S","κ14",10,3367,861]
[null,null,null,null,null,null,null,null,null,null,null,null,null,null,null,null,null,null,null,null,null,null,null,null,null,null,null,null,null,null,null,null,null,null,"43133Ε2 5η (Ζ)305Sα12","2018-02-02","Ε2 5η (Ζ)",305,"ΗΡΑΚΛΕΙΟ ΟΑΑ","S","α12",5,3368,862]
[null,null,null,null,null,null,null,null,null,null,null,null,null,null,null,null,null,null,null,null,null,null,null,null,null,null,null,null,null,null,null,null,null,null,"43133Ε2 5η (Ζ)305Sκ12","2018-02-02","Ε2 5η (Ζ)",305,"ΗΡΑΚΛΕΙΟ ΟΑΑ","S","κ12",9,3369,862]
[null,null,null,null,null,null,null,null,null,null,null,null,null,null,null,null,null,null,null,null,null,null,null,null,null,null,null,null,null,null,null,null,null,null,"43133Ε2 5η (Ζ)305Sα14","2018-02-02","Ε2 5η (Ζ)",305,"ΗΡΑΚΛΕΙΟ ΟΑΑ","S","α14",6,3370,862]
[null,null,null,null,null,null,null,null,null,null,null,null,null,null,null,null,null,null,null,null,null,null,null,null,null,null,null,null,null,null,null,null,null,null,"43133Ε2 5η (Ζ)305Sκ14","2018-02-02","Ε2 5η (Ζ)",305,"ΗΡΑΚΛΕΙΟ ΟΑΑ","S","κ14",10,3371,862]
[null,null,null,null,null,null,null,null,null,null,null,null,null,null,null,null,null,null,null,null,null,null,null,null,null,null,null,null,null,null,null,null,null,null,"43133Ε2 5η (Ζ)305Sα16","2018-02-02","Ε2 5η (Ζ)",305,"ΗΡΑΚΛΕΙΟ ΟΑΑ","S","α16",7,3372,862]
[null,null,null,null,null,null,null,null,null,null,null,null,null,null,null,null,null,null,null,null,null,null,null,null,null,null,null,null,null,null,null,null,null,null,"43133Ε2 5η (Ζ)305Sκ16","2018-02-02","Ε2 5η (Ζ)",305,"ΗΡΑΚΛΕΙΟ ΟΑΑ","S","κ16",11,3373,862]
[null,null,null,null,null,null,null,null,null,null,null,null,null,null,null,null,null,null,null,null,null,null,null,null,null,null,null,null,null,null,null,null,null,null,"43133Ε2 5η (Ε)256Sα12","2018-02-02","Ε2 5η (Ε)",256,"ΦΘΙΩΤΙΚΟΣ ΟΑ","S","α12",5,3374,863]
[null,null,null,null,null,null,null,null,null,null,null,null,null,null,null,null,null,null,null,null,null,null,null,null,null,null,null,null,null,null,null,null,null,null,"43133Ε2 5η (Ε)256Sκ12","2018-02-02","Ε2 5η (Ε)",256,"ΦΘΙΩΤΙΚΟΣ ΟΑ","S","κ12",9,3375,863]
[null,null,null,null,null,null,null,null,null,null,null,null,null,null,null,null,null,null,null,null,null,null,null,null,null,null,null,null,null,null,null,null,null,null,"43133Ε2 5η (Ε)244Sα14","2018-02-02","Ε2 5η (Ε)",244,"ΟΑ ΜΑΓΝΗΣΙΑΣ","S","α14",6,3376,863]
[null,null,null,null,null,null,null,null,null,null,null,null,null,null,null,null,null,null,null,null,null,null,null,null,null,null,null,null,null,null,null,null,null,null,"43133Ε2 5η (Ε)244Sκ14","2018-02-02","Ε2 5η (Ε)",244,"ΟΑ ΜΑΓΝΗΣΙΑΣ","S","κ14",10,3377,863]
[null,null,null,null,null,null,null,null,null,null,null,null,null,null,null,null,null,null,null,null,null,null,null,null,null,null,null,null,null,null,null,null,null,null,"43133Ε2 5η (Ε)244Sα16","2018-02-02","Ε2 5η (Ε)",244,"ΟΑ ΜΑΓΝΗΣΙΑΣ","S","α16",7,3378,863]
[null,null,null,null,null,null,null,null,null,null,null,null,null,null,null,null,null,null,null,null,null,null,null,null,null,null,null,null,null,null,null,null,null,null,"43133Ε2 5η (Ε)244Sκ16","2018-02-02","Ε2 5η (Ε)",244,"ΟΑ ΜΑΓΝΗΣΙΑΣ","S","κ16",11,3379,863]
[null,null,null,null,null,null,null,null,null,null,null,null,null,null,null,null,null,null,null,null,null,null,null,null,null,null,null,null,null,null,null,null,null,null,"43127Ε3 4η (ΣΤ)261Sα16","2018-01-27","Ε3 4η (ΣΤ)",261,"ΑΕΤ ΝΙΚΗ ΠΑΤΡΩΝ","S","α16",7,3380,857]
[null,null,null,null,null,null,null,null,null,null,null,null,null,null,null,null,null,null,null,null,null,null,null,null,null,null,null,null,null,null,null,null,null,null,"43127Ε3 4η (ΣΤ)261Sκ12","2018-01-27","Ε3 4η (ΣΤ)",261,"ΑΕΤ ΝΙΚΗ ΠΑΤΡΩΝ","S","κ12",9,3381,857]
[null,null,null,null,null,null,null,null,null,null,null,null,null,null,null,null,null,null,null,null,null,null,null,null,null,null,null,null,null,null,null,null,null,null,"43127Ε3 4η (ΣΤ)261Sκ16","2018-01-27","Ε3 4η (ΣΤ)",261,"ΑΕΤ ΝΙΚΗ ΠΑΤΡΩΝ","S","κ16",11,3382,857]
[null,null,null,null,null,null,null,null,null,null,null,null,null,null,null,null,null,null,null,null,null,null,null,null,null,null,null,null,null,null,null,null,null,null,"43120Ε3 3η (Γ)192Sα12","2018-01-20","Ε3 3η (Γ)",192,"ΟΑ ΛΙΤΟΧΩΡΟΥ","S","α12",5,3383,864]
[null,null,null,null,null,null,null,null,null,null,null,null,null,null,null,null,null,null,null,null,null,null,null,null,null,null,null,null,null,null,null,null,null,null,"43120Ε3 3η (Γ)192Sκ12","2018-01-20","Ε3 3η (Γ)",192,"ΟΑ ΛΙΤΟΧΩΡΟΥ","S","κ12",9,3384,864]
[null,null,null,null,null,null,null,null,null,null,null,null,null,null,null,null,null,null,null,null,null,null,null,null,null,null,null,null,null,null,null,null,null,null,"43120Ε3 3η (Γ)171Sα16","2018-01-20","Ε3 3η (Γ)",171,"ΑΟΑ ΚΑΤΕΡΙΝΗΣ","S","α16",7,3385,864]
[null,null,null,null,null,null,null,null,null,null,null,null,null,null,null,null,null,null,null,null,null,null,null,null,null,null,null,null,null,null,null,null,null,null,"43120Ε3 3η (Γ)171Sκ16","2018-01-20","Ε3 3η (Γ)",171,"ΑΟΑ ΚΑΤΕΡΙΝΗΣ","S","κ16",11,3386,864]
[null,null,null,null,null,null,null,null,null,null,null,null,null,null,null,null,null,null,null,null,null,null,null,null,null,null,null,null,null,null,null,null,null,null,"43140Ε3 6η (Η)363Sα12","2018-02-09","Ε3 6η (Η)",363,"ΣΑ ΡΑΦΗΝΑΣ","S","α12",5,3387,865]
[null,null,null,null,null,null,null,null,null,null,null,null,null,null,null,null,null,null,null,null,null,null,null,null,null,null,null,null,null,null,null,null,null,null,"43140Ε3 6η (Η)363Sκ12","2018-02-09","Ε3 6η (Η)",363,"ΣΑ ΡΑΦΗΝΑΣ","S","κ12",9,3388,865]
[null,null,null,null,null,null,null,null,null,null,null,null,null,null,null,null,null,null,null,null,null,null,null,null,null,null,null,null,null,null,null,null,null,null,"43140Ε3 6η (Η)363Sα16","2018-02-09","Ε3 6η (Η)",363,"ΣΑ ΡΑΦΗΝΑΣ","S","α16",7,3389,865]
[null,null,null,null,null,null,null,null,null,null,null,null,null,null,null,null,null,null,null,null,null,null,null,null,null,null,null,null,null,null,null,null,null,null,"43140Ε3 6η (Η)363Sκ16","2018-02-09","Ε3 6η (Η)",363,"ΣΑ ΡΑΦΗΝΑΣ","S","κ16",11,3390,865]
[null,null,null,null,null,null,null,null,null,null,null,null,null,null,null,null,null,null,null,null,null,null,null,null,null,null,null,null,null,null,null,null,null,null,"43101TE (01 PROPERTIES CHRIST)15Sα14","2018-01-01","TE (01 PROPERTIES CHRIST)",15,"Tennis Europe","S","α14",6,3391,866]
[null,null,null,null,null,null,null,null,null,null,null,null,null,null,null,null,null,null,null,null,null,null,null,null,null,null,null,null,null,null,null,null,null,null,"43108TE (18TH TENNISLINE)15Sα16","2018-01-08","TE (18TH TENNISLINE)",15,"Tennis Europe","S","α16",7,3392,867]
[null,null,null,null,null,null,null,null,null,null,null,null,null,null,null,null,null,null,null,null,null,null,null,null,null,null,null,null,null,null,null,null,null,null,"43115TE (U16 PARADIS)15Sα16","2018-01-15","TE (U16 PARADIS)",15,"Tennis Europe","S","α16",7,3393,868]
[null,null,null,null,null,null,null,null,null,null,null,null,null,null,null,null,null,null,null,null,null,null,null,null,null,null,null,null,null,null,null,null,null,null,"43115TE (U16 PARADIS)15Dα16","2018-01-15","TE (U16 PARADIS)",15,"Tennis Europe","D","α16",15,3394,868]
[null,null,null,null,null,null,null,null,null,null,null,null,null,null,null,null,null,null,null,null,null,null,null,null,null,null,null,null,null,null,null,null,null,null,"43108TE (BOZICNI TURNIR)15Sκ16","2018-01-08","TE (BOZICNI TURNIR)",15,"Tennis Europe","S","κ16",11,3395,869]
[null,null,null,null,null,null,null,null,null,null,null,null,null,null,null,null,null,null,null,null,null,null,null,null,null,null,null,null,null,null,null,null,null,null,"43038TE (ELEON TENNIS)15Dκ16","2017-10-30","TE (ELEON TENNIS)",15,"Tennis Europe","D","κ16",19,3396,833]
[null,null,null,null,null,null,null,null,null,null,null,null,null,null,null,null,null,null,null,null,null,null,null,null,null,null,null,null,null,null,null,null,null,null,"43133Ε2 5η (Ζ)305Dα12","2018-02-02","Ε2 5η (Ζ)",305,"ΗΡΑΚΛΕΙΟ ΟΑΑ","D","α12",13,3403,862]
[null,null,null,null,null,null,null,null,null,null,null,null,null,null,null,null,null,null,null,null,null,null,null,null,null,null,null,null,null,null,null,null,null,null,"43133Ε2 5η (Ζ)305Dα14","2018-02-02","Ε2 5η (Ζ)",305,"ΗΡΑΚΛΕΙΟ ΟΑΑ","D","α14",14,3404,862]
[null,null,null,null,null,null,null,null,null,null,null,null,null,null,null,null,null,null,null,null,null,null,null,null,null,null,null,null,null,null,null,null,null,null,"43133Ε2 5η (Ζ)305Dα16","2018-02-02","Ε2 5η (Ζ)",305,"ΗΡΑΚΛΕΙΟ ΟΑΑ","D","α16",15,3405,862]
[null,null,null,null,null,null,null,null,null,null,null,null,null,null,null,null,null,null,null,null,null,null,null,null,null,null,null,null,null,null,null,null,null,null,"43133Ε2 5η (Ζ)305Dκ12","2018-02-02","Ε2 5η (Ζ)",305,"ΗΡΑΚΛΕΙΟ ΟΑΑ","D","κ12",17,3406,862]
[null,null,null,null,null,null,null,null,null,null,null,null,null,null,null,null,null,null,null,null,null,null,null,null,null,null,null,null,null,null,null,null,null,null,"43133Ε2 5η (Ζ)305Dκ14","2018-02-02","Ε2 5η (Ζ)",305,"ΗΡΑΚΛΕΙΟ ΟΑΑ","D","κ14",18,3407,862]
[null,null,null,null,null,null,null,null,null,null,null,null,null,null,null,null,null,null,null,null,null,null,null,null,null,null,null,null,null,null,null,null,null,null,"43133Ε2 5η (Ζ)305Dκ16","2018-02-02","Ε2 5η (Ζ)",305,"ΗΡΑΚΛΕΙΟ ΟΑΑ","D","κ16",19,3408,862]
[null,null,null,null,null,null,null,null,null,null,null,null,null,null,null,null,null,null,null,null,null,null,null,null,null,null,null,null,null,null,null,null,null,null,"43133Ε2 5η (Ε)244Dα14","2018-02-02","Ε2 5η (Ε)",244,"ΟΑ ΜΑΓΝΗΣΙΑΣ","D","α14",14,3409,863]
[null,null,null,null,null,null,null,null,null,null,null,null,null,null,null,null,null,null,null,null,null,null,null,null,null,null,null,null,null,null,null,null,null,null,"43133Ε2 5η (Ε)244Dα16","2018-02-02","Ε2 5η (Ε)",244,"ΟΑ ΜΑΓΝΗΣΙΑΣ","D","α16",15,3410,863]
[null,null,null,null,null,null,null,null,null,null,null,null,null,null,null,null,null,null,null,null,null,null,null,null,null,null,null,null,null,null,null,null,null,null,"43133Ε2 5η (Ε)244Dκ14","2018-02-02","Ε2 5η (Ε)",244,"ΟΑ ΜΑΓΝΗΣΙΑΣ","D","κ14",18,3411,863]
[null,null,null,null,null,null,null,null,null,null,null,null,null,null,null,null,null,null,null,null,null,null,null,null,null,null,null,null,null,null,null,null,null,null,"43133Ε2 5η (Ε)244Dκ16","2018-02-02","Ε2 5η (Ε)",244,"ΟΑ ΜΑΓΝΗΣΙΑΣ","D","κ16",19,3412,863]
[null,null,null,null,null,null,null,null,null,null,null,null,null,null,null,null,null,null,null,null,null,null,null,null,null,null,null,null,null,null,null,null,null,null,"43133Ε2 5η (Ε)256Dα12","2018-02-02","Ε2 5η (Ε)",256,"ΦΘΙΩΤΙΚΟΣ ΟΑ","D","α12",13,3413,863]
[null,null,null,null,null,null,null,null,null,null,null,null,null,null,null,null,null,null,null,null,null,null,null,null,null,null,null,null,null,null,null,null,null,null,"43133Ε2 5η (Ε)256Dκ12","2018-02-02","Ε2 5η (Ε)",256,"ΦΘΙΩΤΙΚΟΣ ΟΑ","D","κ12",17,3414,863]
[null,null,null,null,null,null,null,null,null,null,null,null,null,null,null,null,null,null,null,null,null,null,null,null,null,null,null,null,null,null,null,null,null,null,"43147Ε1 7η (ΙΑ)424Sα12","2018-02-16","Ε1 7η (ΙΑ)",424,"ΑΟΑ ΗΛΙΟΥΠΟΛΗΣ","S","α12",5,3429,872]
[null,null,null,null,null,null,null,null,null,null,null,null,null,null,null,null,null,null,null,null,null,null,null,null,null,null,null,null,null,null,null,null,null,null,"43147Ε1 7η (ΙΑ)424Sκ12","2018-02-16","Ε1 7η (ΙΑ)",424,"ΑΟΑ ΗΛΙΟΥΠΟΛΗΣ","S","κ12",9,3430,872]
[null,null,null,null,null,null,null,null,null,null,null,null,null,null,null,null,null,null,null,null,null,null,null,null,null,null,null,null,null,null,null,null,null,null,"43147Ε1 7η (ΙΑ)424Sα14","2018-02-16","Ε1 7η (ΙΑ)",424,"ΑΟΑ ΗΛΙΟΥΠΟΛΗΣ","S","α14",6,3431,872]
[null,null,null,null,null,null,null,null,null,null,null,null,null,null,null,null,null,null,null,null,null,null,null,null,null,null,null,null,null,null,null,null,null,null,"43147Ε1 7η (ΙΑ)424Sκ14","2018-02-16","Ε1 7η (ΙΑ)",424,"ΑΟΑ ΗΛΙΟΥΠΟΛΗΣ","S","κ14",10,3432,872]
[null,null,null,null,null,null,null,null,null,null,null,null,null,null,null,null,null,null,null,null,null,null,null,null,null,null,null,null,null,null,null,null,null,null,"43147Ε1 7η (ΙΑ)424Dα12","2018-02-16","Ε1 7η (ΙΑ)",424,"ΑΟΑ ΗΛΙΟΥΠΟΛΗΣ","D","α12",13,3433,872]
[null,null,null,null,null,null,null,null,null,null,null,null,null,null,null,null,null,null,null,null,null,null,null,null,null,null,null,null,null,null,null,null,null,null,"43147Ε1 7η (ΙΑ)424Dκ12","2018-02-16","Ε1 7η (ΙΑ)",424,"ΑΟΑ ΗΛΙΟΥΠΟΛΗΣ","D","κ12",17,3434,872]
[null,null,null,null,null,null,null,null,null,null,null,null,null,null,null,null,null,null,null,null,null,null,null,null,null,null,null,null,null,null,null,null,null,null,"43147Ε1 7η (ΙΑ)424Dα14","2018-02-16","Ε1 7η (ΙΑ)",424,"ΑΟΑ ΗΛΙΟΥΠΟΛΗΣ","D","α14",14,3435,872]
[null,null,null,null,null,null,null,null,null,null,null,null,null,null,null,null,null,null,null,null,null,null,null,null,null,null,null,null,null,null,null,null,null,null,"43147Ε1 7η (ΙΑ)424Dκ14","2018-02-16","Ε1 7η (ΙΑ)",424,"ΑΟΑ ΗΛΙΟΥΠΟΛΗΣ","D","κ14",18,3436,872]
[null,null,null,null,null,null,null,null,null,null,null,null,null,null,null,null,null,null,null,null,null,null,null,null,null,null,null,null,null,null,null,null,null,null,"43147Ε1 7η (ΙΑ)435Sα16","2018-02-16","Ε1 7η (ΙΑ)",435,"ΟΑ ΓΛΥΦΑΔΑΣ","S","α16",7,3437,872]
[null,null,null,null,null,null,null,null,null,null,null,null,null,null,null,null,null,null,null,null,null,null,null,null,null,null,null,null,null,null,null,null,null,null,{"$f":"AJ963&AK963&AL963&AN963&AO963","v":"43147Ε1 7η (ΙΑ)435Sκ16"},"2018-02-16","Ε1 7η (ΙΑ)",435,"ΟΑ ΓΛΥΦΑΔΑΣ","S","κ16",11,3438,872]
[null,null,null,null,null,null,null,null,null,null,null,null,null,null,null,null,null,null,null,null,null,null,null,null,null,null,null,null,null,null,null,null,null,null,"43147Ε1 7η (ΙΑ)435Sα18","2018-02-16","Ε1 7η (ΙΑ)",435,"ΟΑ ΓΛΥΦΑΔΑΣ","S","α18",8,3439,872]
[null,null,null,null,null,null,null,null,null,null,null,null,null,null,null,null,null,null,null,null,null,null,null,null,null,null,null,null,null,null,null,null,null,null,"43147Ε1 7η (ΙΑ)435Sκ18","2018-02-16","Ε1 7η (ΙΑ)",435,"ΟΑ ΓΛΥΦΑΔΑΣ","S","κ18",12,3440,872]
[null,null,null,null,null,null,null,null,null,null,null,null,null,null,null,null,null,null,null,null,null,null,null,null,null,null,null,null,null,null,null,null,null,null,"43147Ε1 7η (ΙΑ)435Dα16","2018-02-16","Ε1 7η (ΙΑ)",435,"ΟΑ ΓΛΥΦΑΔΑΣ","D","α16",15,3441,872]
[null,null,null,null,null,null,null,null,null,null,null,null,null,null,null,null,null,null,null,null,null,null,null,null,null,null,null,null,null,null,null,null,null,null,"43147Ε1 7η (ΙΑ)435Dκ16","2018-02-16","Ε1 7η (ΙΑ)",435,"ΟΑ ΓΛΥΦΑΔΑΣ","D","κ16",19,3442,872]
[null,null,null,null,null,null,null,null,null,null,null,null,null,null,null,null,null,null,null,null,null,null,null,null,null,null,null,null,null,null,null,null,null,null,"43147Ε1 7η (ΙΑ)435Dα18","2018-02-16","Ε1 7η (ΙΑ)",435,"ΟΑ ΓΛΥΦΑΔΑΣ","D","α18",16,3443,872]
[null,null,null,null,null,null,null,null,null,null,null,null,null,null,null,null,null,null,null,null,null,null,null,null,null,null,null,null,null,null,null,null,null,null,"43147Ε1 7η (ΙΑ)435Dκ18","2018-02-16","Ε1 7η (ΙΑ)",435,"ΟΑ ΓΛΥΦΑΔΑΣ","D","κ18",20,3444,872]
[null,null,null,null,null,null,null,null,null,null,null,null,null,null,null,null,null,null,null,null,null,null,null,null,null,null,null,null,null,null,null,null,null,null,"43147Ε4 7η (ΙΑ)439Sα12","2018-02-16","Ε4 7η (ΙΑ)",439,"ΟΑ ΧΟΛΑΡΓΟΥ","S","α12",5,3445,873]
[null,null,null,null,null,null,null,null,null,null,null,null,null,null,null,null,null,null,null,null,null,null,null,null,null,null,null,null,null,null,null,null,null,null,"43147Ε4 7η (ΙΑ)439Sκ12","2018-02-16","Ε4 7η (ΙΑ)",439,"ΟΑ ΧΟΛΑΡΓΟΥ","S","κ12",9,3446,873]
[null,null,null,null,null,null,null,null,null,null,null,null,null,null,null,null,null,null,null,null,null,null,null,null,null,null,null,null,null,null,null,null,null,null,"43147Ε4 7η (ΙΑ)424Sα16","2018-02-16","Ε4 7η (ΙΑ)",424,"ΑΟΑ ΗΛΙΟΥΠΟΛΗΣ","S","α16",7,3447,873]
[null,null,null,null,null,null,null,null,null,null,null,null,null,null,null,null,null,null,null,null,null,null,null,null,null,null,null,null,null,null,null,null,null,null,"43147Ε4 7η (ΙΑ)424Sκ16","2018-02-16","Ε4 7η (ΙΑ)",424,"ΑΟΑ ΗΛΙΟΥΠΟΛΗΣ","S","κ16",11,3448,873]
[null,null,null,null,null,null,null,null,null,null,null,null,null,null,null,null,null,null,null,null,null,null,null,null,null,null,null,null,null,null,null,null,null,null,"43147Ε4 7η (ΙΑ)439Sα14","2018-02-16","Ε4 7η (ΙΑ)",439,"ΟΑ ΧΟΛΑΡΓΟΥ","S","α14",6,3449,873]
[null,null,null,null,null,null,null,null,null,null,null,null,null,null,null,null,null,null,null,null,null,null,null,null,null,null,null,null,null,null,null,null,null,null,"43147Ε4 7η (ΙΑ)439Sκ14","2018-02-16","Ε4 7η (ΙΑ)",439,"ΟΑ ΧΟΛΑΡΓΟΥ","S","κ14",10,3450,873]
[null,null,null,null,null,null,null,null,null,null,null,null,null,null,null,null,null,null,null,null,null,null,null,null,null,null,null,null,null,null,null,null,null,null,"43161Ε3 9η (Θ)400Sα12","2018-03-02","Ε3 9η (Θ)",400,"ΟΑ ΧΑΛΚΙΔΑΣ","S","α12",5,3451,874]
[null,null,null,null,null,null,null,null,null,null,null,null,null,null,null,null,null,null,null,null,null,null,null,null,null,null,null,null,null,null,null,null,null,null,"43161Ε3 9η (Θ)400Sκ12","2018-03-02","Ε3 9η (Θ)",400,"ΟΑ ΧΑΛΚΙΔΑΣ","S","κ12",9,3452,874]
[null,null,null,null,null,null,null,null,null,null,null,null,null,null,null,null,null,null,null,null,null,null,null,null,null,null,null,null,null,null,null,null,null,null,"43161Ε3 9η (Θ)400Sα14","2018-03-02","Ε3 9η (Θ)",400,"ΟΑ ΧΑΛΚΙΔΑΣ","S","α14",6,3453,874]
[null,null,null,null,null,null,null,null,null,null,null,null,null,null,null,null,null,null,null,null,null,null,null,null,null,null,null,null,null,null,null,null,null,null,"43161Ε3 9η (Θ)400Sκ14","2018-03-02","Ε3 9η (Θ)",400,"ΟΑ ΧΑΛΚΙΔΑΣ","S","κ14",10,3454,874]
[null,null,null,null,null,null,null,null,null,null,null,null,null,null,null,null,null,null,null,null,null,null,null,null,null,null,null,null,null,null,null,null,null,null,"43161Ε3 9η (Θ)400Sα16","2018-03-02","Ε3 9η (Θ)",400,"ΟΑ ΧΑΛΚΙΔΑΣ","S","α16",7,3455,874]
[null,null,null,null,null,null,null,null,null,null,null,null,null,null,null,null,null,null,null,null,null,null,null,null,null,null,null,null,null,null,null,null,null,null,"43161Ε3 9η (Θ)400Sκ16","2018-03-02","Ε3 9η (Θ)",400,"ΟΑ ΧΑΛΚΙΔΑΣ","S","κ16",11,3456,874]
[null,null,null,null,null,null,null,null,null,null,null,null,null,null,null,null,null,null,null,null,null,null,null,null,null,null,null,null,null,null,null,null,null,null,"43122TE (LES PETIT AS)15Sκ14","2018-01-22","TE (LES PETIT AS)",15,"Tennis Europe","S","κ14",10,3457,875]
[null,null,null,null,null,null,null,null,null,null,null,null,null,null,null,null,null,null,null,null,null,null,null,null,null,null,null,null,null,null,null,null,null,null,"43122TE (STAVANGER OPEN)15Sα16","2018-01-22","TE (STAVANGER OPEN)",15,"Tennis Europe","S","α16",7,3459,877]
[null,null,null,null,null,null,null,null,null,null,null,null,null,null,null,null,null,null,null,null,null,null,null,null,null,null,null,null,null,null,null,null,null,null,"43122TE (STAVANGER OPEN)15Dα16","2018-01-22","TE (STAVANGER OPEN)",15,"Tennis Europe","D","α16",15,3460,877]
[null,null,null,null,null,null,null,null,null,null,null,null,null,null,null,null,null,null,null,null,null,null,null,null,null,null,null,null,null,null,null,null,null,null,"43155Ε3 8η (Γ)195Sα12","2018-02-24","Ε3 8η (Γ)",195,"ΟΑ ΠΤΟΛΕΜΑΪΔΑΣ","S","α12",5,3461,878]
[null,null,null,null,null,null,null,null,null,null,null,null,null,null,null,null,null,null,null,null,null,null,null,null,null,null,null,null,null,null,null,null,null,null,"43155Ε3 8η (Γ)195Sκ12","2018-02-24","Ε3 8η (Γ)",195,"ΟΑ ΠΤΟΛΕΜΑΪΔΑΣ","S","κ12",9,3462,878]
[null,null,null,null,null,null,null,null,null,null,null,null,null,null,null,null,null,null,null,null,null,null,null,null,null,null,null,null,null,null,null,null,null,null,"43155Ε3 8η (Γ)195Sα16","2018-02-24","Ε3 8η (Γ)",195,"ΟΑ ΠΤΟΛΕΜΑΪΔΑΣ","S","α16",7,3463,878]
[null,null,null,null,null,null,null,null,null,null,null,null,null,null,null,null,null,null,null,null,null,null,null,null,null,null,null,null,null,null,null,null,null,null,"43155Ε3 8η (Γ)195Sκ16","2018-02-24","Ε3 8η (Γ)",195,"ΟΑ ΠΤΟΛΕΜΑΪΔΑΣ","S","κ16",11,3464,878]
[null,null,null,null,null,null,null,null,null,null,null,null,null,null,null,null,null,null,null,null,null,null,null,null,null,null,null,null,null,null,null,null,null,null,"43155Ε3 8η (Α)112Sα12","2018-02-24","Ε3 8η (Α)",112,"ΟΑ ΑΛΕΞΑΝΔΡΟΥΠΟΛΗΣ","S","α12",5,3465,879]
[null,null,null,null,null,null,null,null,null,null,null,null,null,null,null,null,null,null,null,null,null,null,null,null,null,null,null,null,null,null,null,null,null,null,"43155Ε3 8η (Α)112Sκ12","2018-02-24","Ε3 8η (Α)",112,"ΟΑ ΑΛΕΞΑΝΔΡΟΥΠΟΛΗΣ","S","κ12",9,3466,879]
[null,null,null,null,null,null,null,null,null,null,null,null,null,null,null,null,null,null,null,null,null,null,null,null,null,null,null,null,null,null,null,null,null,null,"43155Ε3 8η (Α)112Sα16","2018-02-24","Ε3 8η (Α)",112,"ΟΑ ΑΛΕΞΑΝΔΡΟΥΠΟΛΗΣ","S","α16",7,3467,879]
[null,null,null,null,null,null,null,null,null,null,null,null,null,null,null,null,null,null,null,null,null,null,null,null,null,null,null,null,null,null,null,null,null,null,"43155Ε3 8η (Α)112Sκ16","2018-02-24","Ε3 8η (Α)",112,"ΟΑ ΑΛΕΞΑΝΔΡΟΥΠΟΛΗΣ","S","κ16",11,3468,879]
[null,null,null,null,null,null,null,null,null,null,null,null,null,null,null,null,null,null,null,null,null,null,null,null,null,null,null,null,null,null,null,null,null,null,"43154Ε3 8η (ΙΑ)425Sα12","2018-02-23","Ε3 8η (ΙΑ)",425,"ΑΟΑ ΠΑΠΑΓΟΥ","S","α12",5,3469,880]
[null,null,null,null,null,null,null,null,null,null,null,null,null,null,null,null,null,null,null,null,null,null,null,null,null,null,null,null,null,null,null,null,null,null,"43154Ε3 8η (ΙΑ)425Sκ12","2018-02-23","Ε3 8η (ΙΑ)",425,"ΑΟΑ ΠΑΠΑΓΟΥ","S","κ12",9,3470,880]
[null,null,null,null,null,null,null,null,null,null,null,null,null,null,null,null,null,null,null,null,null,null,null,null,null,null,null,null,null,null,null,null,null,null,"43154Ε3 8η (ΙΑ)425Sα14","2018-02-23","Ε3 8η (ΙΑ)",425,"ΑΟΑ ΠΑΠΑΓΟΥ","S","α14",6,3471,880]
[null,null,null,null,null,null,null,null,null,null,null,null,null,null,null,null,null,null,null,null,null,null,null,null,null,null,null,null,null,null,null,null,null,null,"43154Ε3 8η (ΙΑ)425Sκ14","2018-02-23","Ε3 8η (ΙΑ)",425,"ΑΟΑ ΠΑΠΑΓΟΥ","S","κ14",10,3472,880]
[null,null,null,null,null,null,null,null,null,null,null,null,null,null,null,null,null,null,null,null,null,null,null,null,null,null,null,null,null,null,null,null,null,null,"43154Ε3 8η (ΙΑ)425Sα16","2018-02-23","Ε3 8η (ΙΑ)",425,"ΑΟΑ ΠΑΠΑΓΟΥ","S","α16",7,3473,880]
[null,null,null,null,null,null,null,null,null,null,null,null,null,null,null,null,null,null,null,null,null,null,null,null,null,null,null,null,null,null,null,null,null,null,"43154Ε3 8η (ΙΑ)425Sκ16","2018-02-23","Ε3 8η (ΙΑ)",425,"ΑΟΑ ΠΑΠΑΓΟΥ","S","κ16",11,3474,880]
[null,null,null,null,null,null,null,null,null,null,null,null,null,null,null,null,null,null,null,null,null,null,null,null,null,null,null,null,null,null,null,null,null,null,"43162Ε3 9η (Δ)204Sα12","2018-03-03","Ε3 9η (Δ)",204,"ΑΓΟ ΦΙΛΙΠΠΙΑΔΑΣ","S","α12",5,3475,881]
[null,null,null,null,null,null,null,null,null,null,null,null,null,null,null,null,null,null,null,null,null,null,null,null,null,null,null,null,null,null,null,null,null,null,"43162Ε3 9η (Δ)204Sκ12","2018-03-03","Ε3 9η (Δ)",204,"ΑΓΟ ΦΙΛΙΠΠΙΑΔΑΣ","S","κ12",9,3476,881]
[null,null,null,null,null,null,null,null,null,null,null,null,null,null,null,null,null,null,null,null,null,null,null,null,null,null,null,null,null,null,null,null,null,null,"43162Ε3 9η (Δ)204Sα16","2018-03-03","Ε3 9η (Δ)",204,"ΑΓΟ ΦΙΛΙΠΠΙΑΔΑΣ","S","α16",7,3477,881]
[null,null,null,null,null,null,null,null,null,null,null,null,null,null,null,null,null,null,null,null,null,null,null,null,null,null,null,null,null,null,null,null,null,null,"43162Ε3 9η (Δ)204Sκ16","2018-03-03","Ε3 9η (Δ)",204,"ΑΓΟ ΦΙΛΙΠΠΙΑΔΑΣ","S","κ16",11,3478,881]
[null,null,null,null,null,null,null,null,null,null,null,null,null,null,null,null,null,null,null,null,null,null,null,null,null,null,null,null,null,null,null,null,null,null,"43162Ε3 9η (Ζ)309Sα12","2018-03-03","Ε3 9η (Ζ)",309,"ΟΑ ΣΟΥΔΑΣ","S","α12",5,3479,882]
[null,null,null,null,null,null,null,null,null,null,null,null,null,null,null,null,null,null,null,null,null,null,null,null,null,null,null,null,null,null,null,null,null,null,"43162Ε3 9η (Ζ)309Sκ12","2018-03-03","Ε3 9η (Ζ)",309,"ΟΑ ΣΟΥΔΑΣ","S","κ12",9,3480,882]
[null,null,null,null,null,null,null,null,null,null,null,null,null,null,null,null,null,null,null,null,null,null,null,null,null,null,null,null,null,null,null,null,null,null,"43162Ε3 9η (Ζ)310Sα16","2018-03-03","Ε3 9η (Ζ)",310,"ΟΑ ΧΑΝΙΩΝ","S","α16",7,3481,882]
[null,null,null,null,null,null,null,null,null,null,null,null,null,null,null,null,null,null,null,null,null,null,null,null,null,null,null,null,null,null,null,null,null,null,"43162Ε3 9η (Ζ)310Sκ16","2018-03-03","Ε3 9η (Ζ)",310,"ΟΑ ΧΑΝΙΩΝ","S","κ16",11,3482,882]
[null,null,null,null,null,null,null,null,null,null,null,null,null,null,null,null,null,null,null,null,null,null,null,null,null,null,null,null,null,null,null,null,null,null,"43162Ε3 9η (Ζ)307Sα14","2018-03-03","Ε3 9η (Ζ)",307,"ΟΑ ΡΕΘΥΜΝΟΥ","S","α14",6,3483,883]
[null,null,null,null,null,null,null,null,null,null,null,null,null,null,null,null,null,null,null,null,null,null,null,null,null,null,null,null,null,null,null,null,null,null,"43162Ε3 9η (Ζ)307Sκ14","2018-03-03","Ε3 9η (Ζ)",307,"ΟΑ ΡΕΘΥΜΝΟΥ","S","κ14",10,3484,883]
[null,null,null,null,null,null,null,null,null,null,null,null,null,null,null,null,null,null,null,null,null,null,null,null,null,null,null,null,null,null,null,null,null,null,"43162Ε3 9η (Γ)185Sα14","2018-03-03","Ε3 9η (Γ)",185,"ΟΑ ΑΡΙΔΑΙΑΣ","S","α14",6,3485,884]
[null,null,null,null,null,null,null,null,null,null,null,null,null,null,null,null,null,null,null,null,null,null,null,null,null,null,null,null,null,null,null,null,null,null,"43162Ε3 9η (Γ)185Sκ14","2018-03-03","Ε3 9η (Γ)",185,"ΟΑ ΑΡΙΔΑΙΑΣ","S","κ14",10,3486,884]
[null,null,null,null,null,null,null,null,null,null,null,null,null,null,null,null,null,null,null,null,null,null,null,null,null,null,null,null,null,null,null,null,null,null,"43155Ε3 8η (ΣΤ)286Sα14","2018-02-24","Ε3 8η (ΣΤ)",286,"ΟΑ ΚΟΡΙΝΘΟΥ","S","α14",6,3487,885]
[null,null,null,null,null,null,null,null,null,null,null,null,null,null,null,null,null,null,null,null,null,null,null,null,null,null,null,null,null,null,null,null,null,null,"43155Ε3 8η (ΣΤ)286Sκ14","2018-02-24","Ε3 8η (ΣΤ)",286,"ΟΑ ΚΟΡΙΝΘΟΥ","S","κ14",10,3488,885]
[null,null,null,null,null,null,null,null,null,null,null,null,null,null,null,null,null,null,null,null,null,null,null,null,null,null,null,null,null,null,null,null,null,null,"43136ITF (SMASH EGY 2)14Sα18","2018-02-05","ITF (SMASH EGY 2)",14,"ITF","S","α18",8,3489,886]
[null,null,null,null,null,null,null,null,null,null,null,null,null,null,null,null,null,null,null,null,null,null,null,null,null,null,null,null,null,null,null,null,null,null,"43136ITF (SMASH EGY 2)14Dα18","2018-02-05","ITF (SMASH EGY 2)",14,"ITF","D","α18",16,3490,886]
[null,null,null,null,null,null,null,null,null,null,null,null,null,null,null,null,null,null,null,null,null,null,null,null,null,null,null,null,null,null,null,null,null,null,"43162Ε3 9η (Α)121Sα14","2018-03-03","Ε3 9η (Α)",121,"ΣΑ ΣΕΡΡΩΝ","S","α14",6,3491,887]
[null,null,null,null,null,null,null,null,null,null,null,null,null,null,null,null,null,null,null,null,null,null,null,null,null,null,null,null,null,null,null,null,null,null,"43162Ε3 9η (Α)121Sκ14","2018-03-03","Ε3 9η (Α)",121,"ΣΑ ΣΕΡΡΩΝ","S","κ14",10,3492,887]
[null,null,null,null,null,null,null,null,null,null,null,null,null,null,null,null,null,null,null,null,null,null,null,null,null,null,null,null,null,null,null,null,null,null,"43161Ε3 9η (Η)363Sα14","2018-03-02","Ε3 9η (Η)",363,"ΣΑ ΡΑΦΗΝΑΣ","S","α14",6,3493,888]
[null,null,null,null,null,null,null,null,null,null,null,null,null,null,null,null,null,null,null,null,null,null,null,null,null,null,null,null,null,null,null,null,null,null,"43161Ε3 9η (Η)363Sκ14","2018-03-02","Ε3 9η (Η)",363,"ΣΑ ΡΑΦΗΝΑΣ","S","κ14",10,3494,888]
[null,null,null,null,null,null,null,null,null,null,null,null,null,null,null,null,null,null,null,null,null,null,null,null,null,null,null,null,null,null,null,null,null,null,"43162Ε3 9η (Β)130Sα12","2018-03-03","Ε3 9η (Β)",130,"ΑΟΑ ΛΕ ΡΑΚΕΤ","S","α12",5,3495,889]
[null,null,null,null,null,null,null,null,null,null,null,null,null,null,null,null,null,null,null,null,null,null,null,null,null,null,null,null,null,null,null,null,null,null,"43162Ε3 9η (Β)130Sκ12","2018-03-03","Ε3 9η (Β)",130,"ΑΟΑ ΛΕ ΡΑΚΕΤ","S","κ12",9,3496,889]
[null,null,null,null,null,null,null,null,null,null,null,null,null,null,null,null,null,null,null,null,null,null,null,null,null,null,null,null,null,null,null,null,null,null,"43162Ε3 9η (Β)130Sα16","2018-03-03","Ε3 9η (Β)",130,"ΑΟΑ ΛΕ ΡΑΚΕΤ","S","α16",7,3497,889]
[null,null,null,null,null,null,null,null,null,null,null,null,null,null,null,null,null,null,null,null,null,null,null,null,null,null,null,null,null,null,null,null,null,null,"43162Ε3 9η (Β)130Sκ16","2018-03-03","Ε3 9η (Β)",130,"ΑΟΑ ΛΕ ΡΑΚΕΤ","S","κ16",11,3498,889]
[null,null,null,null,null,null,null,null,null,null,null,null,null,null,null,null,null,null,null,null,null,null,null,null,null,null,null,null,null,null,null,null,null,null,"43162Ε3 9η (ΣΤ)270Sα16","2018-03-03","Ε3 9η (ΣΤ)",270,"ΑΡΚΑΔΙΚΟΣ ΟΑ ΑΤΛΑΣ","S","α16",7,3500,891]
[null,null,null,null,null,null,null,null,null,null,null,null,null,null,null,null,null,null,null,null,null,null,null,null,null,null,null,null,null,null,null,null,null,null,"43162Ε3 9η (ΣΤ)270Sκ16","2018-03-03","Ε3 9η (ΣΤ)",270,"ΑΡΚΑΔΙΚΟΣ ΟΑ ΑΤΛΑΣ","S","κ16",11,3501,891]
[null,null,null,null,null,null,null,null,null,null,null,null,null,null,null,null,null,null,null,null,null,null,null,null,null,null,null,null,null,null,null,null,null,null,"43162Ε3 9η (ΣΤ)294Sα12","2018-03-03","Ε3 9η (ΣΤ)",294,"ΣΑ ΤΡΙΠΟΛΗΣ","S","α12",5,3502,892]
[null,null,null,null,null,null,null,null,null,null,null,null,null,null,null,null,null,null,null,null,null,null,null,null,null,null,null,null,null,null,null,null,null,null,"43162Ε3 9η (ΣΤ)294Sκ12","2018-03-03","Ε3 9η (ΣΤ)",294,"ΣΑ ΤΡΙΠΟΛΗΣ","S","κ12",9,3503,892]
[null,null,null,null,null,null,null,null,null,null,null,null,null,null,null,null,null,null,null,null,null,null,null,null,null,null,null,null,null,null,null,null,null,null,{"$f":"AJ1027&AK1027&AL1027&AN1027&AO1027","v":"43168Ε2 10η (Α)112Sα12"},"2018-03-09","Ε2 10η (Α)",112,"ΟΑ ΑΛΕΞΑΝΔΡΟΥΠΟΛΗΣ","S","α12",5,3504,893]
[null,null,null,null,null,null,null,null,null,null,null,null,null,null,null,null,null,null,null,null,null,null,null,null,null,null,null,null,null,null,null,null,null,null,"43168Ε2 10η (Α)112Sκ12","2018-03-09","Ε2 10η (Α)",112,"ΟΑ ΑΛΕΞΑΝΔΡΟΥΠΟΛΗΣ","S","κ12",9,3505,893]
[null,null,null,null,null,null,null,null,null,null,null,null,null,null,null,null,null,null,null,null,null,null,null,null,null,null,null,null,null,null,null,null,null,null,"43168Ε2 10η (Α)121Sα14","2018-03-09","Ε2 10η (Α)",121,"ΣΑ ΣΕΡΡΩΝ","S","α14",6,3506,893]
[null,null,null,null,null,null,null,null,null,null,null,null,null,null,null,null,null,null,null,null,null,null,null,null,null,null,null,null,null,null,null,null,null,null,"43168Ε2 10η (Α)121Sκ14","2018-03-09","Ε2 10η (Α)",121,"ΣΑ ΣΕΡΡΩΝ","S","κ14",10,3507,893]
[null,null,null,null,null,null,null,null,null,null,null,null,null,null,null,null,null,null,null,null,null,null,null,null,null,null,null,null,null,null,null,null,null,null,"43168Ε2 10η (Α)107Sα16","2018-03-09","Ε2 10η (Α)",107,"ΑΟΑ Ν ΠΕΡΑΜΟΥ ΤΙΤΑΝΕΣ","S","α16",7,3508,893]
[null,null,null,null,null,null,null,null,null,null,null,null,null,null,null,null,null,null,null,null,null,null,null,null,null,null,null,null,null,null,null,null,null,null,"43168Ε2 10η (Α)107Sκ16","2018-03-09","Ε2 10η (Α)",107,"ΑΟΑ Ν ΠΕΡΑΜΟΥ ΤΙΤΑΝΕΣ","S","κ16",11,3509,893]
[null,null,null,null,null,null,null,null,null,null,null,null,null,null,null,null,null,null,null,null,null,null,null,null,null,null,null,null,null,null,null,null,null,null,"43168Ε2 10η (Δ)219Sα12","2018-03-09","Ε2 10η (Δ)",219,"ΟΑ ΙΩΑΝΝΙΝΩΝ","S","α12",5,3510,894]
[null,null,null,null,null,null,null,null,null,null,null,null,null,null,null,null,null,null,null,null,null,null,null,null,null,null,null,null,null,null,null,null,null,null,"43168Ε2 10η (Δ)219Sκ12","2018-03-09","Ε2 10η (Δ)",219,"ΟΑ ΙΩΑΝΝΙΝΩΝ","S","κ12",9,3511,894]
[null,null,null,null,null,null,null,null,null,null,null,null,null,null,null,null,null,null,null,null,null,null,null,null,null,null,null,null,null,null,null,null,null,null,"43168Ε2 10η (Δ)204Sα14","2018-03-09","Ε2 10η (Δ)",204,"ΑΓΟ ΦΙΛΙΠΠΙΑΔΑΣ","S","α14",6,3512,894]
[null,null,null,null,null,null,null,null,null,null,null,null,null,null,null,null,null,null,null,null,null,null,null,null,null,null,null,null,null,null,null,null,null,null,"43168Ε2 10η (Δ)204Sκ14","2018-03-09","Ε2 10η (Δ)",204,"ΑΓΟ ΦΙΛΙΠΠΙΑΔΑΣ","S","κ14",10,3513,894]
[null,null,null,null,null,null,null,null,null,null,null,null,null,null,null,null,null,null,null,null,null,null,null,null,null,null,null,null,null,null,null,null,null,null,"43168Ε2 10η (Δ)204Sα16","2018-03-09","Ε2 10η (Δ)",204,"ΑΓΟ ΦΙΛΙΠΠΙΑΔΑΣ","S","α16",7,3514,894]
[null,null,null,null,null,null,null,null,null,null,null,null,null,null,null,null,null,null,null,null,null,null,null,null,null,null,null,null,null,null,null,null,null,null,"43168Ε2 10η (Δ)204Sκ16","2018-03-09","Ε2 10η (Δ)",204,"ΑΓΟ ΦΙΛΙΠΠΙΑΔΑΣ","S","κ16",11,3515,894]
[null,null,null,null,null,null,null,null,null,null,null,null,null,null,null,null,null,null,null,null,null,null,null,null,null,null,null,null,null,null,null,null,null,null,"43168Ε2 10η (Η)333Sα12","2018-03-09","Ε2 10η (Η)",333,"ΑΟΑ ΑΛΕΞΑΝΔΡΟΣ Β","S","α12",5,3516,895]
[null,null,null,null,null,null,null,null,null,null,null,null,null,null,null,null,null,null,null,null,null,null,null,null,null,null,null,null,null,null,null,null,null,null,"43168Ε2 10η (Η)333Sκ12","2018-03-09","Ε2 10η (Η)",333,"ΑΟΑ ΑΛΕΞΑΝΔΡΟΣ Β","S","κ12",9,3517,895]
[null,null,null,null,null,null,null,null,null,null,null,null,null,null,null,null,null,null,null,null,null,null,null,null,null,null,null,null,null,null,null,null,null,null,"43168Ε2 10η (Η)333Sα14","2018-03-09","Ε2 10η (Η)",333,"ΑΟΑ ΑΛΕΞΑΝΔΡΟΣ Β","S","α14",6,3518,895]
[null,null,null,null,null,null,null,null,null,null,null,null,null,null,null,null,null,null,null,null,null,null,null,null,null,null,null,null,null,null,null,null,null,null,"43168Ε2 10η (Η)333Sκ14","2018-03-09","Ε2 10η (Η)",333,"ΑΟΑ ΑΛΕΞΑΝΔΡΟΣ Β","S","κ14",10,3519,895]
[null,null,null,null,null,null,null,null,null,null,null,null,null,null,null,null,null,null,null,null,null,null,null,null,null,null,null,null,null,null,null,null,null,null,"43168Ε2 10η (Η)333Sα16","2018-03-09","Ε2 10η (Η)",333,"ΑΟΑ ΑΛΕΞΑΝΔΡΟΣ Β","S","α16",7,3520,895]
[null,null,null,null,null,null,null,null,null,null,null,null,null,null,null,null,null,null,null,null,null,null,null,null,null,null,null,null,null,null,null,null,null,null,"43168Ε2 10η (Η)333Sκ16","2018-03-09","Ε2 10η (Η)",333,"ΑΟΑ ΑΛΕΞΑΝΔΡΟΣ Β","S","κ16",11,3521,895]
[null,null,null,null,null,null,null,null,null,null,null,null,null,null,null,null,null,null,null,null,null,null,null,null,null,null,null,null,null,null,null,null,null,null,"43176Ε3 11η (Γ)195Sα12","2018-03-17","Ε3 11η (Γ)",195,"ΟΑ ΠΤΟΛΕΜΑΪΔΑΣ","S","α12",5,3522,896]
[null,null,null,null,null,null,null,null,null,null,null,null,null,null,null,null,null,null,null,null,null,null,null,null,null,null,null,null,null,null,null,null,null,null,"43176Ε3 11η (Γ)195Sκ12","2018-03-17","Ε3 11η (Γ)",195,"ΟΑ ΠΤΟΛΕΜΑΪΔΑΣ","S","κ12",9,3523,896]
[null,null,null,null,null,null,null,null,null,null,null,null,null,null,null,null,null,null,null,null,null,null,null,null,null,null,null,null,null,null,null,null,null,null,"43176Ε3 11η (Γ)195Sα16","2018-03-17","Ε3 11η (Γ)",195,"ΟΑ ΠΤΟΛΕΜΑΪΔΑΣ","S","α16",7,3524,896]
[null,null,null,null,null,null,null,null,null,null,null,null,null,null,null,null,null,null,null,null,null,null,null,null,null,null,null,null,null,null,null,null,null,null,"43176Ε3 11η (Γ)195Sκ16","2018-03-17","Ε3 11η (Γ)",195,"ΟΑ ΠΤΟΛΕΜΑΪΔΑΣ","S","κ16",11,3525,896]
[null,null,null,null,null,null,null,null,null,null,null,null,null,null,null,null,null,null,null,null,null,null,null,null,null,null,null,null,null,null,null,null,null,null,"43161Ε3 9η (Η)363Sα10","2018-03-02","Ε3 9η (Η)",363,"ΣΑ ΡΑΦΗΝΑΣ","S","α10",3,3526,888]
[null,null,null,null,null,null,null,null,null,null,null,null,null,null,null,null,null,null,null,null,null,null,null,null,null,null,null,null,null,null,null,null,null,null,"43161Ε3 9η (Η)363Sκ10","2018-03-02","Ε3 9η (Η)",363,"ΣΑ ΡΑΦΗΝΑΣ","S","κ10",4,3527,888]
[null,null,null,null,null,null,null,null,null,null,null,null,null,null,null,null,null,null,null,null,null,null,null,null,null,null,null,null,null,null,null,null,null,null,"43176Ε3 11η (Ε)250Sα12","2018-03-17","Ε3 11η (Ε)",250,"ΟΑ ΦΟΙΒΟΣ ΛΑΡΙΣΑΣ","S","α12",5,3529,898]
[null,null,null,null,null,null,null,null,null,null,null,null,null,null,null,null,null,null,null,null,null,null,null,null,null,null,null,null,null,null,null,null,null,null,"43176Ε3 11η (Ε)250Sκ12","2018-03-17","Ε3 11η (Ε)",250,"ΟΑ ΦΟΙΒΟΣ ΛΑΡΙΣΑΣ","S","κ12",9,3530,898]
[null,null,null,null,null,null,null,null,null,null,null,null,null,null,null,null,null,null,null,null,null,null,null,null,null,null,null,null,null,null,null,null,null,null,"43176Ε3 11η (Ε)250Sα14","2018-03-17","Ε3 11η (Ε)",250,"ΟΑ ΦΟΙΒΟΣ ΛΑΡΙΣΑΣ","S","α14",6,3531,898]
[null,null,null,null,null,null,null,null,null,null,null,null,null,null,null,null,null,null,null,null,null,null,null,null,null,null,null,null,null,null,null,null,null,null,"43176Ε3 11η (Ε)250Sκ14","2018-03-17","Ε3 11η (Ε)",250,"ΟΑ ΦΟΙΒΟΣ ΛΑΡΙΣΑΣ","S","κ14",10,3532,898]
[null,null,null,null,null,null,null,null,null,null,null,null,null,null,null,null,null,null,null,null,null,null,null,null,null,null,null,null,null,null,null,null,null,null,"43176Ε3 11η (Ε)250Sα16","2018-03-17","Ε3 11η (Ε)",250,"ΟΑ ΦΟΙΒΟΣ ΛΑΡΙΣΑΣ","S","α16",7,3533,898]
[null,null,null,null,null,null,null,null,null,null,null,null,null,null,null,null,null,null,null,null,null,null,null,null,null,null,null,null,null,null,null,null,null,null,"43176Ε3 11η (Ε)250Sκ16","2018-03-17","Ε3 11η (Ε)",250,"ΟΑ ΦΟΙΒΟΣ ΛΑΡΙΣΑΣ","S","κ16",11,3534,898]
[null,null,null,null,null,null,null,null,null,null,null,null,null,null,null,null,null,null,null,null,null,null,null,null,null,null,null,null,null,null,null,null,null,null,"43168Ε2 10η (Α)107Dα16","2018-03-09","Ε2 10η (Α)",107,"ΑΟΑ Ν ΠΕΡΑΜΟΥ ΤΙΤΑΝΕΣ","D","α16",15,3535,893]
[null,null,null,null,null,null,null,null,null,null,null,null,null,null,null,null,null,null,null,null,null,null,null,null,null,null,null,null,null,null,null,null,null,null,"43168Ε2 10η (Α)107Dκ16","2018-03-09","Ε2 10η (Α)",107,"ΑΟΑ Ν ΠΕΡΑΜΟΥ ΤΙΤΑΝΕΣ","D","κ16",19,3536,893]
[null,null,null,null,null,null,null,null,null,null,null,null,null,null,null,null,null,null,null,null,null,null,null,null,null,null,null,null,null,null,null,null,null,null,"43168Ε2 10η (Α)112Dα12","2018-03-09","Ε2 10η (Α)",112,"ΟΑ ΑΛΕΞΑΝΔΡΟΥΠΟΛΗΣ","D","α12",13,3537,893]
[null,null,null,null,null,null,null,null,null,null,null,null,null,null,null,null,null,null,null,null,null,null,null,null,null,null,null,null,null,null,null,null,null,null,"43168Ε2 10η (Α)112Dκ12","2018-03-09","Ε2 10η (Α)",112,"ΟΑ ΑΛΕΞΑΝΔΡΟΥΠΟΛΗΣ","D","κ12",17,3538,893]
[null,null,null,null,null,null,null,null,null,null,null,null,null,null,null,null,null,null,null,null,null,null,null,null,null,null,null,null,null,null,null,null,null,null,"43168Ε2 10η (Α)121Dα14","2018-03-09","Ε2 10η (Α)",121,"ΣΑ ΣΕΡΡΩΝ","D","α14",14,3539,893]
[null,null,null,null,null,null,null,null,null,null,null,null,null,null,null,null,null,null,null,null,null,null,null,null,null,null,null,null,null,null,null,null,null,null,"43168Ε2 10η (Α)121Dκ14","2018-03-09","Ε2 10η (Α)",121,"ΣΑ ΣΕΡΡΩΝ","D","κ14",18,3540,893]
[null,null,null,null,null,null,null,null,null,null,null,null,null,null,null,null,null,null,null,null,null,null,null,null,null,null,null,null,null,null,null,null,null,null,"43168Ε2 10η (Δ)204Dα14","2018-03-09","Ε2 10η (Δ)",204,"ΑΓΟ ΦΙΛΙΠΠΙΑΔΑΣ","D","α14",14,3541,894]
[null,null,null,null,null,null,null,null,null,null,null,null,null,null,null,null,null,null,null,null,null,null,null,null,null,null,null,null,null,null,null,null,null,null,"43168Ε2 10η (Δ)204Dα16","2018-03-09","Ε2 10η (Δ)",204,"ΑΓΟ ΦΙΛΙΠΠΙΑΔΑΣ","D","α16",15,3542,894]
[null,null,null,null,null,null,null,null,null,null,null,null,null,null,null,null,null,null,null,null,null,null,null,null,null,null,null,null,null,null,null,null,null,null,"43168Ε2 10η (Δ)204Dκ14","2018-03-09","Ε2 10η (Δ)",204,"ΑΓΟ ΦΙΛΙΠΠΙΑΔΑΣ","D","κ14",18,3543,894]
[null,null,null,null,null,null,null,null,null,null,null,null,null,null,null,null,null,null,null,null,null,null,null,null,null,null,null,null,null,null,null,null,null,null,"43168Ε2 10η (Δ)204Dκ16","2018-03-09","Ε2 10η (Δ)",204,"ΑΓΟ ΦΙΛΙΠΠΙΑΔΑΣ","D","κ16",19,3544,894]
[null,null,null,null,null,null,null,null,null,null,null,null,null,null,null,null,null,null,null,null,null,null,null,null,null,null,null,null,null,null,null,null,null,null,"43168Ε2 10η (Δ)219Dα12","2018-03-09","Ε2 10η (Δ)",219,"ΟΑ ΙΩΑΝΝΙΝΩΝ","D","α12",13,3545,894]
[null,null,null,null,null,null,null,null,null,null,null,null,null,null,null,null,null,null,null,null,null,null,null,null,null,null,null,null,null,null,null,null,null,null,"43168Ε2 10η (Δ)219Dκ12","2018-03-09","Ε2 10η (Δ)",219,"ΟΑ ΙΩΑΝΝΙΝΩΝ","D","κ12",17,3546,894]
[null,null,null,null,null,null,null,null,null,null,null,null,null,null,null,null,null,null,null,null,null,null,null,null,null,null,null,null,null,null,null,null,null,null,"43168Ε2 10η (Η)333Dα12","2018-03-09","Ε2 10η (Η)",333,"ΑΟΑ ΑΛΕΞΑΝΔΡΟΣ Β","D","α12",13,3547,895]
[null,null,null,null,null,null,null,null,null,null,null,null,null,null,null,null,null,null,null,null,null,null,null,null,null,null,null,null,null,null,null,null,null,null,"43168Ε2 10η (Η)333Dα14","2018-03-09","Ε2 10η (Η)",333,"ΑΟΑ ΑΛΕΞΑΝΔΡΟΣ Β","D","α14",14,3548,895]
[null,null,null,null,null,null,null,null,null,null,null,null,null,null,null,null,null,null,null,null,null,null,null,null,null,null,null,null,null,null,null,null,null,null,"43168Ε2 10η (Η)333Dα16","2018-03-09","Ε2 10η (Η)",333,"ΑΟΑ ΑΛΕΞΑΝΔΡΟΣ Β","D","α16",15,3549,895]
[null,null,null,null,null,null,null,null,null,null,null,null,null,null,null,null,null,null,null,null,null,null,null,null,null,null,null,null,null,null,null,null,null,null,"43168Ε2 10η (Η)333Dκ12","2018-03-09","Ε2 10η (Η)",333,"ΑΟΑ ΑΛΕΞΑΝΔΡΟΣ Β","D","κ12",17,3550,895]
[null,null,null,null,null,null,null,null,null,null,null,null,null,null,null,null,null,null,null,null,null,null,null,null,null,null,null,null,null,null,null,null,null,null,"43168Ε2 10η (Η)333Dκ14","2018-03-09","Ε2 10η (Η)",333,"ΑΟΑ ΑΛΕΞΑΝΔΡΟΣ Β","D","κ14",18,3551,895]
[null,null,null,null,null,null,null,null,null,null,null,null,null,null,null,null,null,null,null,null,null,null,null,null,null,null,null,null,null,null,null,null,null,null,"43168Ε2 10η (Η)333Dκ16","2018-03-09","Ε2 10η (Η)",333,"ΑΟΑ ΑΛΕΞΑΝΔΡΟΣ Β","D","κ16",19,3552,895]
[null,null,null,null,null,null,null,null,null,null,null,null,null,null,null,null,null,null,null,null,null,null,null,null,null,null,null,null,null,null,null,null,null,null,"43176Ε3 11η (Β)162Sα14","2018-03-17","Ε3 11η (Β)",162,"ΟΑ ΤΟΥΜΠΑΣ","S","α14",6,3553,900]
[null,null,null,null,null,null,null,null,null,null,null,null,null,null,null,null,null,null,null,null,null,null,null,null,null,null,null,null,null,null,null,null,null,null,"43176Ε3 11η (Β)162Sκ14","2018-03-17","Ε3 11η (Β)",162,"ΟΑ ΤΟΥΜΠΑΣ","S","κ14",10,3554,900]
[null,null,null,null,null,null,null,null,null,null,null,null,null,null,null,null,null,null,null,null,null,null,null,null,null,null,null,null,null,null,null,null,null,null,"43176Ε3 11η (ΣΤ)286Sα14","2018-03-17","Ε3 11η (ΣΤ)",286,"ΟΑ ΚΟΡΙΝΘΟΥ","S","α14",6,3555,901]
[null,null,null,null,null,null,null,null,null,null,null,null,null,null,null,null,null,null,null,null,null,null,null,null,null,null,null,null,null,null,null,null,null,null,"43176Ε3 11η (ΣΤ)286Sκ14","2018-03-17","Ε3 11η (ΣΤ)",286,"ΟΑ ΚΟΡΙΝΘΟΥ","S","κ14",10,3556,901]
[null,null,null,null,null,null,null,null,null,null,null,null,null,null,null,null,null,null,null,null,null,null,null,null,null,null,null,null,null,null,null,null,null,null,"42989ITF (ARAB BANK)14Sα18","2017-09-11","ITF (ARAB BANK)",14,"ITF","S","α18",8,3557,775]
[null,null,null,null,null,null,null,null,null,null,null,null,null,null,null,null,null,null,null,null,null,null,null,null,null,null,null,null,null,null,null,null,null,null,"42989ITF (ARAB BANK)14Dα18","2017-09-11","ITF (ARAB BANK)",14,"ITF","D","α18",16,3558,775]
[null,null,null,null,null,null,null,null,null,null,null,null,null,null,null,null,null,null,null,null,null,null,null,null,null,null,null,null,null,null,null,null,null,null,"43150ITF (OSLO OPEN)14Sκ18","2018-02-19","ITF (OSLO OPEN)",14,"ITF","S","κ18",12,3559,902]
[null,null,null,null,null,null,null,null,null,null,null,null,null,null,null,null,null,null,null,null,null,null,null,null,null,null,null,null,null,null,null,null,null,null,"43150ITF (OSLO OPEN)14Dκ18","2018-02-19","ITF (OSLO OPEN)",14,"ITF","D","κ18",20,3560,902]
[null,null,null,null,null,null,null,null,null,null,null,null,null,null,null,null,null,null,null,null,null,null,null,null,null,null,null,null,null,null,null,null,null,null,"43190Ε3 13η (Δ)204Sα14","2018-03-31","Ε3 13η (Δ)",204,"ΑΓΟ ΦΙΛΙΠΠΙΑΔΑΣ","S","α14",6,3561,899]
[null,null,null,null,null,null,null,null,null,null,null,null,null,null,null,null,null,null,null,null,null,null,null,null,null,null,null,null,null,null,null,null,null,null,"43190Ε3 13η (Δ)204Sκ14","2018-03-31","Ε3 13η (Δ)",204,"ΑΓΟ ΦΙΛΙΠΠΙΑΔΑΣ","S","κ14",10,3562,899]
[null,null,null,null,null,null,null,null,null,null,null,null,null,null,null,null,null,null,null,null,null,null,null,null,null,null,null,null,null,null,null,null,null,null,"43174ΣΧΟΛΙΚΟ 2018333Sα18","2018-03-15","ΣΧΟΛΙΚΟ 2018",333,"ΑΟΑ ΑΛΕΞΑΝΔΡΟΣ Β","S","α18",8,3563,903]
[null,null,null,null,null,null,null,null,null,null,null,null,null,null,null,null,null,null,null,null,null,null,null,null,null,null,null,null,null,null,null,null,null,null,"43174ΣΧΟΛΙΚΟ 2018333Sκ18","2018-03-15","ΣΧΟΛΙΚΟ 2018",333,"ΑΟΑ ΑΛΕΞΑΝΔΡΟΣ Β","S","κ18",12,3564,903]
[null,null,null,null,null,null,null,null,null,null,null,null,null,null,null,null,null,null,null,null,null,null,null,null,null,null,null,null,null,null,null,null,null,null,"43174ΣΧΟΛΙΚΟ 2018333Dα18","2018-03-15","ΣΧΟΛΙΚΟ 2018",333,"ΑΟΑ ΑΛΕΞΑΝΔΡΟΣ Β","D","α18",16,3565,903]
[null,null,null,null,null,null,null,null,null,null,null,null,null,null,null,null,null,null,null,null,null,null,null,null,null,null,null,null,null,null,null,null,null,null,"43174ΣΧΟΛΙΚΟ 2018333Dκ18","2018-03-15","ΣΧΟΛΙΚΟ 2018",333,"ΑΟΑ ΑΛΕΞΑΝΔΡΟΣ Β","D","κ18",20,3566,903]
[null,null,null,null,null,null,null,null,null,null,null,null,null,null,null,null,null,null,null,null,null,null,null,null,null,null,null,null,null,null,null,null,null,null,"43174ΣΧΟΛΙΚΟ 2018333Dμ18","2018-03-15","ΣΧΟΛΙΚΟ 2018",333,"ΑΟΑ ΑΛΕΞΑΝΔΡΟΣ Β","D","μ18",24,3567,903]
[null,null,null,null,null,null,null,null,null,null,null,null,null,null,null,null,null,null,null,null,null,null,null,null,null,null,null,null,null,null,null,null,null,null,"43204Πανελλήνιο 10 (Η)333Sα10","2018-04-14","Πανελλήνιο 10 (Η)",333,"ΑΟΑ ΑΛΕΞΑΝΔΡΟΣ Β","S","α10",3,3571,905]
[null,null,null,null,null,null,null,null,null,null,null,null,null,null,null,null,null,null,null,null,null,null,null,null,null,null,null,null,null,null,null,null,null,null,{"$f":"AJ1091&AK1091&AL1091&AN1091&AO1091","v":"43204Πανελλήνιο 10 (Η)333Sκ10"},"2018-04-14","Πανελλήνιο 10 (Η)",333,"ΑΟΑ ΑΛΕΞΑΝΔΡΟΣ Β","S","κ10",4,3572,905]
[null,null,null,null,null,null,null,null,null,null,null,null,null,null,null,null,null,null,null,null,null,null,null,null,null,null,null,null,null,null,null,null,null,null,"43182Πανελλήνιο 12 (Η)333Sα12","2018-03-23","Πανελλήνιο 12 (Η)",333,"ΑΟΑ ΑΛΕΞΑΝΔΡΟΣ Β","S","α12",5,3574,906]
[null,null,null,null,null,null,null,null,null,null,null,null,null,null,null,null,null,null,null,null,null,null,null,null,null,null,null,null,null,null,null,null,null,null,"43182Πανελλήνιο 12 (Η)333Sκ12","2018-03-23","Πανελλήνιο 12 (Η)",333,"ΑΟΑ ΑΛΕΞΑΝΔΡΟΣ Β","S","κ12",9,3575,906]
[null,null,null,null,null,null,null,null,null,null,null,null,null,null,null,null,null,null,null,null,null,null,null,null,null,null,null,null,null,null,null,null,null,null,"43182Πανελλήνιο 12 (Η)333Dα12","2018-03-23","Πανελλήνιο 12 (Η)",333,"ΑΟΑ ΑΛΕΞΑΝΔΡΟΣ Β","D","α12",13,3576,906]
[null,null,null,null,null,null,null,null,null,null,null,null,null,null,null,null,null,null,null,null,null,null,null,null,null,null,null,null,null,null,null,null,null,null,"43182Πανελλήνιο 12 (Η)333Dκ12","2018-03-23","Πανελλήνιο 12 (Η)",333,"ΑΟΑ ΑΛΕΞΑΝΔΡΟΣ Β","D","κ12",17,3577,906]
[null,null,null,null,null,null,null,null,null,null,null,null,null,null,null,null,null,null,null,null,null,null,null,null,null,null,null,null,null,null,null,null,null,null,"43182Πανελλήνιο 12 (Η)333Dμ12","2018-03-23","Πανελλήνιο 12 (Η)",333,"ΑΟΑ ΑΛΕΞΑΝΔΡΟΣ Β","D","μ12",21,3578,906]
[null,null,null,null,null,null,null,null,null,null,null,null,null,null,null,null,null,null,null,null,null,null,null,null,null,null,null,null,null,null,null,null,null,null,"43200Πανελλήνιο 14 (Η)333Sα14","2018-04-10","Πανελλήνιο 14 (Η)",333,"ΑΟΑ ΑΛΕΞΑΝΔΡΟΣ Β","S","α14",6,3580,907]
[null,null,null,null,null,null,null,null,null,null,null,null,null,null,null,null,null,null,null,null,null,null,null,null,null,null,null,null,null,null,null,null,null,null,"43200Πανελλήνιο 14 (Η)333Sκ14","2018-04-10","Πανελλήνιο 14 (Η)",333,"ΑΟΑ ΑΛΕΞΑΝΔΡΟΣ Β","S","κ14",10,3581,907]
[null,null,null,null,null,null,null,null,null,null,null,null,null,null,null,null,null,null,null,null,null,null,null,null,null,null,null,null,null,null,null,null,null,null,"43200Πανελλήνιο 14 (Η)333Dα14","2018-04-10","Πανελλήνιο 14 (Η)",333,"ΑΟΑ ΑΛΕΞΑΝΔΡΟΣ Β","D","α14",14,3582,907]
[null,null,null,null,null,null,null,null,null,null,null,null,null,null,null,null,null,null,null,null,null,null,null,null,null,null,null,null,null,null,null,null,null,null,"43200Πανελλήνιο 14 (Η)333Dκ14","2018-04-10","Πανελλήνιο 14 (Η)",333,"ΑΟΑ ΑΛΕΞΑΝΔΡΟΣ Β","D","κ14",18,3583,907]
[null,null,null,null,null,null,null,null,null,null,null,null,null,null,null,null,null,null,null,null,null,null,null,null,null,null,null,null,null,null,null,null,null,null,"43200Πανελλήνιο 14 (Η)333Dμ14","2018-04-10","Πανελλήνιο 14 (Η)",333,"ΑΟΑ ΑΛΕΞΑΝΔΡΟΣ Β","D","μ14",22,3584,907]
[null,null,null,null,null,null,null,null,null,null,null,null,null,null,null,null,null,null,null,null,null,null,null,null,null,null,null,null,null,null,null,null,null,null,"43187Πανελλήνιο 16 (Η)333Sα16","2018-03-28","Πανελλήνιο 16 (Η)",333,"ΑΟΑ ΑΛΕΞΑΝΔΡΟΣ Β","S","α16",7,3586,908]
[null,null,null,null,null,null,null,null,null,null,null,null,null,null,null,null,null,null,null,null,null,null,null,null,null,null,null,null,null,null,null,null,null,null,"43187Πανελλήνιο 16 (Η)333Sκ16","2018-03-28","Πανελλήνιο 16 (Η)",333,"ΑΟΑ ΑΛΕΞΑΝΔΡΟΣ Β","S","κ16",11,3587,908]
[null,null,null,null,null,null,null,null,null,null,null,null,null,null,null,null,null,null,null,null,null,null,null,null,null,null,null,null,null,null,null,null,null,null,"43187Πανελλήνιο 16 (Η)333Dα16","2018-03-28","Πανελλήνιο 16 (Η)",333,"ΑΟΑ ΑΛΕΞΑΝΔΡΟΣ Β","D","α16",15,3588,908]
[null,null,null,null,null,null,null,null,null,null,null,null,null,null,null,null,null,null,null,null,null,null,null,null,null,null,null,null,null,null,null,null,null,null,"43187Πανελλήνιο 16 (Η)333Dκ16","2018-03-28","Πανελλήνιο 16 (Η)",333,"ΑΟΑ ΑΛΕΞΑΝΔΡΟΣ Β","D","κ16",19,3589,908]
[null,null,null,null,null,null,null,null,null,null,null,null,null,null,null,null,null,null,null,null,null,null,null,null,null,null,null,null,null,null,null,null,null,null,"43187Πανελλήνιο 16 (Η)333Dμ16","2018-03-28","Πανελλήνιο 16 (Η)",333,"ΑΟΑ ΑΛΕΞΑΝΔΡΟΣ Β","D","μ16",23,3590,908]
[null,null,null,null,null,null,null,null,null,null,null,null,null,null,null,null,null,null,null,null,null,null,null,null,null,null,null,null,null,null,null,null,null,null,"431901ο ΠΑΓΚΡΗΤΙΟ U10 ΠΡΑΣ299Sα10","2018-03-31","1ο ΠΑΓΚΡΗΤΙΟ U10 ΠΡΑΣ",299,"ΑΟ ΚΥΔΩΝΙΑΣ","S","α10",3,3592,909]
[null,null,null,null,null,null,null,null,null,null,null,null,null,null,null,null,null,null,null,null,null,null,null,null,null,null,null,null,null,null,null,null,null,null,"431901ο ΠΑΓΚΡΗΤΙΟ U10 ΠΡΑΣ298Sκ10","2018-03-31","1ο ΠΑΓΚΡΗΤΙΟ U10 ΠΡΑΣ",298,"ΑΚΑΔ ΑΝΤΙΣΦ ΧΑΝΙΩΝ","S","κ10",4,3593,909]
[null,null,null,null,null,null,null,null,null,null,null,null,null,null,null,null,null,null,null,null,null,null,null,null,null,null,null,null,null,null,null,null,null,null,"431911ο ΠΑΓΚΡΗΤΙΟ U10 ΠΟΡΤ309Su10 πορ","2018-04-01","1ο ΠΑΓΚΡΗΤΙΟ U10 ΠΟΡΤ",309,"ΟΑ ΣΟΥΔΑΣ","S","u10 πορ",2,3594,910]
[null,null,null,null,null,null,null,null,null,null,null,null,null,null,null,null,null,null,null,null,null,null,null,null,null,null,null,null,null,null,null,null,null,null,"431901ο ΠΑΓΚΡΗΤΙΟ U10 ΚΟΚ310Su10 κοκ","2018-03-31","1ο ΠΑΓΚΡΗΤΙΟ U10 ΚΟΚ",310,"ΟΑ ΧΑΝΙΩΝ","S","u10 κοκ",1,3595,911]
[null,null,null,null,null,null,null,null,null,null,null,null,null,null,null,null,null,null,null,null,null,null,null,null,null,null,null,null,null,null,null,null,null,null,"43164TE (TIM ESSONNE)15Sκ14","2018-03-05","TE (TIM ESSONNE)",15,"Tennis Europe","S","κ14",10,3596,912]
[null,null,null,null,null,null,null,null,null,null,null,null,null,null,null,null,null,null,null,null,null,null,null,null,null,null,null,null,null,null,null,null,null,null,"43164TE (TIM ESSONNE)15Dκ14","2018-03-05","TE (TIM ESSONNE)",15,"Tennis Europe","D","κ14",18,3597,912]
[null,null,null,null,null,null,null,null,null,null,null,null,null,null,null,null,null,null,null,null,null,null,null,null,null,null,null,null,null,null,null,null,null,null,"43164TE (TEL AVIV)15Sα14","2018-03-05","TE (TEL AVIV)",15,"Tennis Europe","S","α14",6,3598,913]
[null,null,null,null,null,null,null,null,null,null,null,null,null,null,null,null,null,null,null,null,null,null,null,null,null,null,null,null,null,null,null,null,null,null,"43164TE (TEL AVIV)15Dα14","2018-03-05","TE (TEL AVIV)",15,"Tennis Europe","D","α14",14,3599,913]
[null,null,null,null,null,null,null,null,null,null,null,null,null,null,null,null,null,null,null,null,null,null,null,null,null,null,null,null,null,null,null,null,null,null,"43171TE (SAN MICHEL)15Sα16","2018-03-12","TE (SAN MICHEL)",15,"Tennis Europe","S","α16",7,3600,914]
[null,null,null,null,null,null,null,null,null,null,null,null,null,null,null,null,null,null,null,null,null,null,null,null,null,null,null,null,null,null,null,null,null,null,"43171TE (SAN MICHEL)15Dα16","2018-03-12","TE (SAN MICHEL)",15,"Tennis Europe","D","α16",15,3601,914]
[null,null,null,null,null,null,null,null,null,null,null,null,null,null,null,null,null,null,null,null,null,null,null,null,null,null,null,null,null,null,null,null,null,null,"43203Ε3 15η (Η)363Sα12","2018-04-13","Ε3 15η (Η)",363,"ΣΑ ΡΑΦΗΝΑΣ","S","α12",5,3602,915]
[null,null,null,null,null,null,null,null,null,null,null,null,null,null,null,null,null,null,null,null,null,null,null,null,null,null,null,null,null,null,null,null,null,null,"43203Ε3 15η (Η)363Sκ12","2018-04-13","Ε3 15η (Η)",363,"ΣΑ ΡΑΦΗΝΑΣ","S","κ12",9,3603,915]
[null,null,null,null,null,null,null,null,null,null,null,null,null,null,null,null,null,null,null,null,null,null,null,null,null,null,null,null,null,null,null,null,null,null,"43203Ε3 15η (Η)363Sα16","2018-04-13","Ε3 15η (Η)",363,"ΣΑ ΡΑΦΗΝΑΣ","S","α16",7,3604,915]
[null,null,null,null,null,null,null,null,null,null,null,null,null,null,null,null,null,null,null,null,null,null,null,null,null,null,null,null,null,null,null,null,null,null,"43203Ε3 15η (Η)363Sκ16","2018-04-13","Ε3 15η (Η)",363,"ΣΑ ΡΑΦΗΝΑΣ","S","κ16",11,3605,915]
[null,null,null,null,null,null,null,null,null,null,null,null,null,null,null,null,null,null,null,null,null,null,null,null,null,null,null,null,null,null,null,null,null,null,"43211Ε3 16η (Δ)219Sα12","2018-04-21","Ε3 16η (Δ)",219,"ΟΑ ΙΩΑΝΝΙΝΩΝ","S","α12",5,3606,916]
[null,null,null,null,null,null,null,null,null,null,null,null,null,null,null,null,null,null,null,null,null,null,null,null,null,null,null,null,null,null,null,null,null,null,"43211Ε3 16η (Δ)219Sκ12","2018-04-21","Ε3 16η (Δ)",219,"ΟΑ ΙΩΑΝΝΙΝΩΝ","S","κ12",9,3607,916]
[null,null,null,null,null,null,null,null,null,null,null,null,null,null,null,null,null,null,null,null,null,null,null,null,null,null,null,null,null,null,null,null,null,null,"43211Ε3 16η (Δ)219Sα16","2018-04-21","Ε3 16η (Δ)",219,"ΟΑ ΙΩΑΝΝΙΝΩΝ","S","α16",7,3608,916]
[null,null,null,null,null,null,null,null,null,null,null,null,null,null,null,null,null,null,null,null,null,null,null,null,null,null,null,null,null,null,null,null,null,null,"43211Ε3 16η (Δ)219Sκ16","2018-04-21","Ε3 16η (Δ)",219,"ΟΑ ΙΩΑΝΝΙΝΩΝ","S","κ16",11,3609,916]
[null,null,null,null,null,null,null,null,null,null,null,null,null,null,null,null,null,null,null,null,null,null,null,null,null,null,null,null,null,null,null,null,null,null,"43210Ε3 16η (ΙΑ)423Sα12","2018-04-20","Ε3 16η (ΙΑ)",423,"ΑΟΑ ΑΡΓΥΡΟΥΠΟΛΗΣ","S","α12",5,3610,917]
[null,null,null,null,null,null,null,null,null,null,null,null,null,null,null,null,null,null,null,null,null,null,null,null,null,null,null,null,null,null,null,null,null,null,"43210Ε3 16η (ΙΑ)423Sκ12","2018-04-20","Ε3 16η (ΙΑ)",423,"ΑΟΑ ΑΡΓΥΡΟΥΠΟΛΗΣ","S","κ12",9,3611,917]
[null,null,null,null,null,null,null,null,null,null,null,null,null,null,null,null,null,null,null,null,null,null,null,null,null,null,null,null,null,null,null,null,null,null,"43210Ε3 16η (ΙΑ)423Sα16","2018-04-20","Ε3 16η (ΙΑ)",423,"ΑΟΑ ΑΡΓΥΡΟΥΠΟΛΗΣ","S","α16",7,3612,917]
[null,null,null,null,null,null,null,null,null,null,null,null,null,null,null,null,null,null,null,null,null,null,null,null,null,null,null,null,null,null,null,null,null,null,"43210Ε3 16η (ΙΑ)423Sκ16","2018-04-20","Ε3 16η (ΙΑ)",423,"ΑΟΑ ΑΡΓΥΡΟΥΠΟΛΗΣ","S","κ16",11,3613,917]
[null,null,null,null,null,null,null,null,null,null,null,null,null,null,null,null,null,null,null,null,null,null,null,null,null,null,null,null,null,null,null,null,null,null,"43217Ε3 17η (ΙΑ)423Sα14","2018-04-27","Ε3 17η (ΙΑ)",423,"ΑΟΑ ΑΡΓΥΡΟΥΠΟΛΗΣ","S","α14",6,3614,918]
[null,null,null,null,null,null,null,null,null,null,null,null,null,null,null,null,null,null,null,null,null,null,null,null,null,null,null,null,null,null,null,null,null,null,"43217Ε3 17η (ΙΑ)423Sκ14","2018-04-27","Ε3 17η (ΙΑ)",423,"ΑΟΑ ΑΡΓΥΡΟΥΠΟΛΗΣ","S","κ14",10,3615,918]
[null,null,null,null,null,null,null,null,null,null,null,null,null,null,null,null,null,null,null,null,null,null,null,null,null,null,null,null,null,null,null,null,null,null,"43211Ε3 16η (Ε)226Sα12","2018-04-21","Ε3 16η (Ε)",226,"ΑΣΑ ΛΑΡΙΣΑΣ","S","α12",5,3616,919]
[null,null,null,null,null,null,null,null,null,null,null,null,null,null,null,null,null,null,null,null,null,null,null,null,null,null,null,null,null,null,null,null,null,null,"43211Ε3 16η (Ε)226Sκ12","2018-04-21","Ε3 16η (Ε)",226,"ΑΣΑ ΛΑΡΙΣΑΣ","S","κ12",9,3617,919]
[null,null,null,null,null,null,null,null,null,null,null,null,null,null,null,null,null,null,null,null,null,null,null,null,null,null,null,null,null,null,null,null,null,null,"43211Ε3 16η (Ε)226Sα16","2018-04-21","Ε3 16η (Ε)",226,"ΑΣΑ ΛΑΡΙΣΑΣ","S","α16",7,3618,919]
[null,null,null,null,null,null,null,null,null,null,null,null,null,null,null,null,null,null,null,null,null,null,null,null,null,null,null,null,null,null,null,null,null,null,"43211Ε3 16η (Ε)226Sκ16","2018-04-21","Ε3 16η (Ε)",226,"ΑΣΑ ΛΑΡΙΣΑΣ","S","κ16",11,3619,919]
[null,null,null,null,null,null,null,null,null,null,null,null,null,null,null,null,null,null,null,null,null,null,null,null,null,null,null,null,null,null,null,null,null,null,"43210Ε3 16η (Θ)398Sα12","2018-04-20","Ε3 16η (Θ)",398,"ΟΑ ΠΕΤΡΟΥΠΟΛΗΣ","S","α12",5,3620,920]
[null,null,null,null,null,null,null,null,null,null,null,null,null,null,null,null,null,null,null,null,null,null,null,null,null,null,null,null,null,null,null,null,null,null,"43210Ε3 16η (Θ)398Sκ12","2018-04-20","Ε3 16η (Θ)",398,"ΟΑ ΠΕΤΡΟΥΠΟΛΗΣ","S","κ12",9,3621,920]
[null,null,null,null,null,null,null,null,null,null,null,null,null,null,null,null,null,null,null,null,null,null,null,null,null,null,null,null,null,null,null,null,null,null,"43210Ε3 16η (Θ)398Sα14","2018-04-20","Ε3 16η (Θ)",398,"ΟΑ ΠΕΤΡΟΥΠΟΛΗΣ","S","α14",6,3622,920]
[null,null,null,null,null,null,null,null,null,null,null,null,null,null,null,null,null,null,null,null,null,null,null,null,null,null,null,null,null,null,null,null,null,null,"43210Ε3 16η (Θ)398Sκ14","2018-04-20","Ε3 16η (Θ)",398,"ΟΑ ΠΕΤΡΟΥΠΟΛΗΣ","S","κ14",10,3623,920]
[null,null,null,null,null,null,null,null,null,null,null,null,null,null,null,null,null,null,null,null,null,null,null,null,null,null,null,null,null,null,null,null,null,null,"43210Ε3 16η (Θ)398Sα16","2018-04-20","Ε3 16η (Θ)",398,"ΟΑ ΠΕΤΡΟΥΠΟΛΗΣ","S","α16",7,3624,920]
[null,null,null,null,null,null,null,null,null,null,null,null,null,null,null,null,null,null,null,null,null,null,null,null,null,null,null,null,null,null,null,null,null,null,"43210Ε3 16η (Θ)398Sκ16","2018-04-20","Ε3 16η (Θ)",398,"ΟΑ ΠΕΤΡΟΥΠΟΛΗΣ","S","κ16",11,3625,920]
[null,null,null,null,null,null,null,null,null,null,null,null,null,null,null,null,null,null,null,null,null,null,null,null,null,null,null,null,null,null,null,null,null,null,"43211Ε3 16η (Γ)186Sα14","2018-04-21","Ε3 16η (Γ)",186,"ΟΑ ΒΕΡΟΙΑΣ","S","α14",6,3626,921]
[null,null,null,null,null,null,null,null,null,null,null,null,null,null,null,null,null,null,null,null,null,null,null,null,null,null,null,null,null,null,null,null,null,null,"43211Ε3 16η (Γ)186Sκ14","2018-04-21","Ε3 16η (Γ)",186,"ΟΑ ΒΕΡΟΙΑΣ","S","κ14",10,3627,921]
[null,null,null,null,null,null,null,null,null,null,null,null,null,null,null,null,null,null,null,null,null,null,null,null,null,null,null,null,null,null,null,null,null,null,"43185TE (ΗΡΑΚΛΕΙΟ ΟΑΑ)15Sα14","2018-03-26","TE (ΗΡΑΚΛΕΙΟ ΟΑΑ)",15,"Tennis Europe","S","α14",6,3628,922]
[null,null,null,null,null,null,null,null,null,null,null,null,null,null,null,null,null,null,null,null,null,null,null,null,null,null,null,null,null,null,null,null,null,null,"43185TE (ΗΡΑΚΛΕΙΟ ΟΑΑ)15Dα14","2018-03-26","TE (ΗΡΑΚΛΕΙΟ ΟΑΑ)",15,"Tennis Europe","D","α14",14,3629,922]
[null,null,null,null,null,null,null,null,null,null,null,null,null,null,null,null,null,null,null,null,null,null,null,null,null,null,null,null,null,null,null,null,null,null,"43185TE (ΗΡΑΚΛΕΙΟ ΟΑΑ)15Sκ14","2018-03-26","TE (ΗΡΑΚΛΕΙΟ ΟΑΑ)",15,"Tennis Europe","S","κ14",10,3630,922]
[null,null,null,null,null,null,null,null,null,null,null,null,null,null,null,null,null,null,null,null,null,null,null,null,null,null,null,null,null,null,null,null,null,null,"43185TE (ΗΡΑΚΛΕΙΟ ΟΑΑ)15Dκ14","2018-03-26","TE (ΗΡΑΚΛΕΙΟ ΟΑΑ)",15,"Tennis Europe","D","κ14",18,3631,922]
[null,null,null,null,null,null,null,null,null,null,null,null,null,null,null,null,null,null,null,null,null,null,null,null,null,null,null,null,null,null,null,null,null,null,"43192TE (ΠΕΥΚΗ Γ ΚΑΛΟΒΕΛΩΝΗΣ)15Sα14","2018-04-02","TE (ΠΕΥΚΗ Γ ΚΑΛΟΒΕΛΩΝΗΣ)",15,"Tennis Europe","S","α14",6,3632,923]
[null,null,null,null,null,null,null,null,null,null,null,null,null,null,null,null,null,null,null,null,null,null,null,null,null,null,null,null,null,null,null,null,null,null,"43192TE (ΠΕΥΚΗ Γ ΚΑΛΟΒΕΛΩΝΗΣ)15Dα14","2018-04-02","TE (ΠΕΥΚΗ Γ ΚΑΛΟΒΕΛΩΝΗΣ)",15,"Tennis Europe","D","α14",14,3633,923]
[null,null,null,null,null,null,null,null,null,null,null,null,null,null,null,null,null,null,null,null,null,null,null,null,null,null,null,null,null,null,null,null,null,null,"43192TE (ΠΕΥΚΗ Γ ΚΑΛΟΒΕΛΩΝΗΣ)15Sκ14","2018-04-02","TE (ΠΕΥΚΗ Γ ΚΑΛΟΒΕΛΩΝΗΣ)",15,"Tennis Europe","S","κ14",10,3634,923]
[null,null,null,null,null,null,null,null,null,null,null,null,null,null,null,null,null,null,null,null,null,null,null,null,null,null,null,null,null,null,null,null,null,null,"43192TE (ΠΕΥΚΗ Γ ΚΑΛΟΒΕΛΩΝΗΣ)15Dκ14","2018-04-02","TE (ΠΕΥΚΗ Γ ΚΑΛΟΒΕΛΩΝΗΣ)",15,"Tennis Europe","D","κ14",18,3635,923]
[null,null,null,null,null,null,null,null,null,null,null,null,null,null,null,null,null,null,null,null,null,null,null,null,null,null,null,null,null,null,null,null,null,null,"43164ITF (BULAWAYO)14Sα18","2018-03-05","ITF (BULAWAYO)",14,"ITF","S","α18",8,3636,924]
[null,null,null,null,null,null,null,null,null,null,null,null,null,null,null,null,null,null,null,null,null,null,null,null,null,null,null,null,null,null,null,null,null,null,"43164ITF (BULAWAYO)14Dα18","2018-03-05","ITF (BULAWAYO)",14,"ITF","D","α18",16,3637,924]
[null,null,null,null,null,null,null,null,null,null,null,null,null,null,null,null,null,null,null,null,null,null,null,null,null,null,null,null,null,null,null,null,null,null,"43218Ε3 17η (Ε)226Sα14","2018-04-28","Ε3 17η (Ε)",226,"ΑΣΑ ΛΑΡΙΣΑΣ","S","α14",6,3638,925]
[null,null,null,null,null,null,null,null,null,null,null,null,null,null,null,null,null,null,null,null,null,null,null,null,null,null,null,null,null,null,null,null,null,null,"43218Ε3 17η (Ε)226Sκ14","2018-04-28","Ε3 17η (Ε)",226,"ΑΣΑ ΛΑΡΙΣΑΣ","S","κ14",10,3639,925]
[null,null,null,null,null,null,null,null,null,null,null,null,null,null,null,null,null,null,null,null,null,null,null,null,null,null,null,null,null,null,null,null,null,null,{"$f":"AJ1155&AK1155&AL1155&AN1155&AO1155","v":"43211Ε3 16η (Β)147Sα14"},"2018-04-21","Ε3 16η (Β)",147,"ΜΓΣ ΑΠΟΛΛΩΝ ΚΑΛΑΜΑΡΙΑΣ","S","α14",6,3640,926]
[null,null,null,null,null,null,null,null,null,null,null,null,null,null,null,null,null,null,null,null,null,null,null,null,null,null,null,null,null,null,null,null,null,null,"43211Ε3 16η (Β)147Sκ14","2018-04-21","Ε3 16η (Β)",147,"ΜΓΣ ΑΠΟΛΛΩΝ ΚΑΛΑΜΑΡΙΑΣ","S","κ14",10,3641,926]
[null,null,null,null,null,null,null,null,null,null,null,null,null,null,null,null,null,null,null,null,null,null,null,null,null,null,null,null,null,null,null,null,null,null,"43211Ε3 16η (ΣΤ)268Sα14","2018-04-21","Ε3 16η (ΣΤ)",268,"ΑΟΑ ΠΑΤΡΩΝ","S","α14",6,3642,927]
[null,null,null,null,null,null,null,null,null,null,null,null,null,null,null,null,null,null,null,null,null,null,null,null,null,null,null,null,null,null,null,null,null,null,"43211Ε3 16η (ΣΤ)268Sκ14","2018-04-21","Ε3 16η (ΣΤ)",268,"ΑΟΑ ΠΑΤΡΩΝ","S","κ14",10,3643,927]
[null,null,null,null,null,null,null,null,null,null,null,null,null,null,null,null,null,null,null,null,null,null,null,null,null,null,null,null,null,null,null,null,null,null,"43218Ε3 17η (Δ)219Sα14","2018-04-28","Ε3 17η (Δ)",219,"ΟΑ ΙΩΑΝΝΙΝΩΝ","S","α14",6,3644,928]
[null,null,null,null,null,null,null,null,null,null,null,null,null,null,null,null,null,null,null,null,null,null,null,null,null,null,null,null,null,null,null,null,null,null,"43218Ε3 17η (Δ)219Sκ14","2018-04-28","Ε3 17η (Δ)",219,"ΟΑ ΙΩΑΝΝΙΝΩΝ","S","κ14",10,3645,928]
[null,null,null,null,null,null,null,null,null,null,null,null,null,null,null,null,null,null,null,null,null,null,null,null,null,null,null,null,null,null,null,null,null,null,"43218Ε3 17η (Α)115Sα12","2018-04-28","Ε3 17η (Α)",115,"ΟΑ ΞΑΝΘΗΣ","S","α12",5,3646,929]
[null,null,null,null,null,null,null,null,null,null,null,null,null,null,null,null,null,null,null,null,null,null,null,null,null,null,null,null,null,null,null,null,null,null,"43218Ε3 17η (Α)115Sα16","2018-04-28","Ε3 17η (Α)",115,"ΟΑ ΞΑΝΘΗΣ","S","α16",7,3647,929]
[null,null,null,null,null,null,null,null,null,null,null,null,null,null,null,null,null,null,null,null,null,null,null,null,null,null,null,null,null,null,null,null,null,null,"43218Ε3 17η (Α)115Sκ12","2018-04-28","Ε3 17η (Α)",115,"ΟΑ ΞΑΝΘΗΣ","S","κ12",9,3648,929]
[null,null,null,null,null,null,null,null,null,null,null,null,null,null,null,null,null,null,null,null,null,null,null,null,null,null,null,null,null,null,null,null,null,null,"43218Ε3 17η (Α)115Sκ16","2018-04-28","Ε3 17η (Α)",115,"ΟΑ ΞΑΝΘΗΣ","S","κ16",11,3649,929]
[null,null,null,null,null,null,null,null,null,null,null,null,null,null,null,null,null,null,null,null,null,null,null,null,null,null,null,null,null,null,null,null,null,null,"43218Ε3 17η (Ζ)305Sα12","2018-04-28","Ε3 17η (Ζ)",305,"ΗΡΑΚΛΕΙΟ ΟΑΑ","S","α12",5,3650,930]
[null,null,null,null,null,null,null,null,null,null,null,null,null,null,null,null,null,null,null,null,null,null,null,null,null,null,null,null,null,null,null,null,null,null,"43218Ε3 17η (Ζ)305Sκ12","2018-04-28","Ε3 17η (Ζ)",305,"ΗΡΑΚΛΕΙΟ ΟΑΑ","S","κ12",9,3651,930]
[null,null,null,null,null,null,null,null,null,null,null,null,null,null,null,null,null,null,null,null,null,null,null,null,null,null,null,null,null,null,null,null,null,null,"43218Ε3 17η (Ζ)305Sα14","2018-04-28","Ε3 17η (Ζ)",305,"ΗΡΑΚΛΕΙΟ ΟΑΑ","S","α14",6,3652,930]
[null,null,null,null,null,null,null,null,null,null,null,null,null,null,null,null,null,null,null,null,null,null,null,null,null,null,null,null,null,null,null,null,null,null,"43218Ε3 17η (Ζ)305Sκ14","2018-04-28","Ε3 17η (Ζ)",305,"ΗΡΑΚΛΕΙΟ ΟΑΑ","S","κ14",10,3653,930]
[null,null,null,null,null,null,null,null,null,null,null,null,null,null,null,null,null,null,null,null,null,null,null,null,null,null,null,null,null,null,null,null,null,null,"43218Ε3 17η (Ζ)305Sα16","2018-04-28","Ε3 17η (Ζ)",305,"ΗΡΑΚΛΕΙΟ ΟΑΑ","S","α16",7,3654,930]
[null,null,null,null,null,null,null,null,null,null,null,null,null,null,null,null,null,null,null,null,null,null,null,null,null,null,null,null,null,null,null,null,null,null,"43218Ε3 17η (Ζ)305Sκ16","2018-04-28","Ε3 17η (Ζ)",305,"ΗΡΑΚΛΕΙΟ ΟΑΑ","S","κ16",11,3655,930]
[null,null,null,null,null,null,null,null,null,null,null,null,null,null,null,null,null,null,null,null,null,null,null,null,null,null,null,null,null,null,null,null,null,null,"43217Ε3 17η (Η)363Sα14","2018-04-27","Ε3 17η (Η)",363,"ΣΑ ΡΑΦΗΝΑΣ","S","α14",6,3656,932]
[null,null,null,null,null,null,null,null,null,null,null,null,null,null,null,null,null,null,null,null,null,null,null,null,null,null,null,null,null,null,null,null,null,null,"43217Ε3 17η (Η)363Sκ14","2018-04-27","Ε3 17η (Η)",363,"ΣΑ ΡΑΦΗΝΑΣ","S","κ14",10,3657,932]
[null,null,null,null,null,null,null,null,null,null,null,null,null,null,null,null,null,null,null,null,null,null,null,null,null,null,null,null,null,null,null,null,null,null,"43218Ε3 17η (ΣΤ)285Sα12","2018-04-28","Ε3 17η (ΣΤ)",285,"ΟΑ ΚΑΛΑΜΑΤΑΣ","S","α12",5,3658,933]
[null,null,null,null,null,null,null,null,null,null,null,null,null,null,null,null,null,null,null,null,null,null,null,null,null,null,null,null,null,null,null,null,null,null,"43218Ε3 17η (ΣΤ)285Sα16","2018-04-28","Ε3 17η (ΣΤ)",285,"ΟΑ ΚΑΛΑΜΑΤΑΣ","S","α16",7,3659,933]
[null,null,null,null,null,null,null,null,null,null,null,null,null,null,null,null,null,null,null,null,null,null,null,null,null,null,null,null,null,null,null,null,null,null,"43218Ε3 17η (ΣΤ)285Sκ12","2018-04-28","Ε3 17η (ΣΤ)",285,"ΟΑ ΚΑΛΑΜΑΤΑΣ","S","κ12",9,3660,933]
[null,null,null,null,null,null,null,null,null,null,null,null,null,null,null,null,null,null,null,null,null,null,null,null,null,null,null,null,null,null,null,null,null,null,"43218Ε3 17η (ΣΤ)285Sκ16","2018-04-28","Ε3 17η (ΣΤ)",285,"ΟΑ ΚΑΛΑΜΑΤΑΣ","S","κ16",11,3661,933]
[null,null,null,null,null,null,null,null,null,null,null,null,null,null,null,null,null,null,null,null,null,null,null,null,null,null,null,null,null,null,null,null,null,null,"43224Ε4 18η (Β)152Sα12","2018-05-04","Ε4 18η (Β)",152,"ΟΑ ΚΑΛΑΜΑΡΙΑΣ","S","α12",5,3662,934]
[null,null,null,null,null,null,null,null,null,null,null,null,null,null,null,null,null,null,null,null,null,null,null,null,null,null,null,null,null,null,null,null,null,null,"43224Ε4 18η (Β)152Sκ12","2018-05-04","Ε4 18η (Β)",152,"ΟΑ ΚΑΛΑΜΑΡΙΑΣ","S","κ12",9,3663,934]
[null,null,null,null,null,null,null,null,null,null,null,null,null,null,null,null,null,null,null,null,null,null,null,null,null,null,null,null,null,null,null,null,null,null,"43224Ε4 18η (Β)137Sα14","2018-05-04","Ε4 18η (Β)",137,"ΑΣΑ ΠΑΝΟΡΑΜΑΤΟΣ ΠΥΛΑΙΑΣ","S","α14",6,3664,934]
[null,null,null,null,null,null,null,null,null,null,null,null,null,null,null,null,null,null,null,null,null,null,null,null,null,null,null,null,null,null,null,null,null,null,"43224Ε4 18η (Β)137Sκ14","2018-05-04","Ε4 18η (Β)",137,"ΑΣΑ ΠΑΝΟΡΑΜΑΤΟΣ ΠΥΛΑΙΑΣ","S","κ14",10,3665,934]
[null,null,null,null,null,null,null,null,null,null,null,null,null,null,null,null,null,null,null,null,null,null,null,null,null,null,null,null,null,null,null,null,null,null,"43224Ε4 18η (Β)137Sα16","2018-05-04","Ε4 18η (Β)",137,"ΑΣΑ ΠΑΝΟΡΑΜΑΤΟΣ ΠΥΛΑΙΑΣ","S","α16",7,3666,934]
[null,null,null,null,null,null,null,null,null,null,null,null,null,null,null,null,null,null,null,null,null,null,null,null,null,null,null,null,null,null,null,null,null,null,"43224Ε4 18η (Β)137Sκ16","2018-05-04","Ε4 18η (Β)",137,"ΑΣΑ ΠΑΝΟΡΑΜΑΤΟΣ ΠΥΛΑΙΑΣ","S","κ16",11,3667,934]
[null,null,null,null,null,null,null,null,null,null,null,null,null,null,null,null,null,null,null,null,null,null,null,null,null,null,null,null,null,null,null,null,null,null,"43224Ε1 18η (Β)124Sα12","2018-05-04","Ε1 18η (Β)",124,"ΑΑ ΑΛΜΠΑΤΡΟΣ","S","α12",5,3668,935]
[null,null,null,null,null,null,null,null,null,null,null,null,null,null,null,null,null,null,null,null,null,null,null,null,null,null,null,null,null,null,null,null,null,null,"43224Ε1 18η (Β)124Sκ12","2018-05-04","Ε1 18η (Β)",124,"ΑΑ ΑΛΜΠΑΤΡΟΣ","S","κ12",9,3669,935]
[null,null,null,null,null,null,null,null,null,null,null,null,null,null,null,null,null,null,null,null,null,null,null,null,null,null,null,null,null,null,null,null,null,null,"43224Ε1 18η (Β)165Sα14","2018-05-04","Ε1 18η (Β)",165,"ΑΣΑ ΘΕΣΣΑΛΟΝΙΚΗΣ","S","α14",6,3670,935]
[null,null,null,null,null,null,null,null,null,null,null,null,null,null,null,null,null,null,null,null,null,null,null,null,null,null,null,null,null,null,null,null,null,null,"43224Ε1 18η (Β)165Sκ14","2018-05-04","Ε1 18η (Β)",165,"ΑΣΑ ΘΕΣΣΑΛΟΝΙΚΗΣ","S","κ14",10,3671,935]
[null,null,null,null,null,null,null,null,null,null,null,null,null,null,null,null,null,null,null,null,null,null,null,null,null,null,null,null,null,null,null,null,null,null,"43224Ε1 18η (Β)130Sα16","2018-05-04","Ε1 18η (Β)",130,"ΑΟΑ ΛΕ ΡΑΚΕΤ","S","α16",7,3672,935]
[null,null,null,null,null,null,null,null,null,null,null,null,null,null,null,null,null,null,null,null,null,null,null,null,null,null,null,null,null,null,null,null,null,null,"43224Ε1 18η (Β)130Sκ16","2018-05-04","Ε1 18η (Β)",130,"ΑΟΑ ΛΕ ΡΑΚΕΤ","S","κ16",11,3673,935]
[null,null,null,null,null,null,null,null,null,null,null,null,null,null,null,null,null,null,null,null,null,null,null,null,null,null,null,null,null,null,null,null,null,null,"43224Ε1 18η (Β)152Sα18","2018-05-04","Ε1 18η (Β)",152,"ΟΑ ΚΑΛΑΜΑΡΙΑΣ","S","α18",8,3674,935]
[null,null,null,null,null,null,null,null,null,null,null,null,null,null,null,null,null,null,null,null,null,null,null,null,null,null,null,null,null,null,null,null,null,null,"43224Ε1 18η (Β)152Sκ18","2018-05-04","Ε1 18η (Β)",152,"ΟΑ ΚΑΛΑΜΑΡΙΑΣ","S","κ18",12,3675,935]
[null,null,null,null,null,null,null,null,null,null,null,null,null,null,null,null,null,null,null,null,null,null,null,null,null,null,null,null,null,null,null,null,null,null,"43232Ε3 19η (Γ)193Sα12","2018-05-12","Ε3 19η (Γ)",193,"ΟΑ ΝΑΟΥΣΑΣ","S","α12",5,3676,936]
[null,null,null,null,null,null,null,null,null,null,null,null,null,null,null,null,null,null,null,null,null,null,null,null,null,null,null,null,null,null,null,null,null,null,"43232Ε3 19η (Γ)193Sκ12","2018-05-12","Ε3 19η (Γ)",193,"ΟΑ ΝΑΟΥΣΑΣ","S","κ12",9,3677,936]
[null,null,null,null,null,null,null,null,null,null,null,null,null,null,null,null,null,null,null,null,null,null,null,null,null,null,null,null,null,null,null,null,null,null,"43232Ε3 19η (Γ)200Sα16","2018-05-12","Ε3 19η (Γ)",200,"ΣΑ ΣΚΥΔΡΑΣ","S","α16",7,3678,936]
[null,null,null,null,null,null,null,null,null,null,null,null,null,null,null,null,null,null,null,null,null,null,null,null,null,null,null,null,null,null,null,null,null,null,"43232Ε3 19η (Γ)200Sκ16","2018-05-12","Ε3 19η (Γ)",200,"ΣΑ ΣΚΥΔΡΑΣ","S","κ16",11,3679,936]
[null,null,null,null,null,null,null,null,null,null,null,null,null,null,null,null,null,null,null,null,null,null,null,null,null,null,null,null,null,null,null,null,null,null,"432252ο ΠΑΓΚΡΗΤΙΟ ΠΡΑΣ U10308Sα10","2018-05-05","2ο ΠΑΓΚΡΗΤΙΟ ΠΡΑΣ U10",308,"ΟΑ ΣΗΤΕΙΑΣ","S","α10",3,3680,937]
[null,null,null,null,null,null,null,null,null,null,null,null,null,null,null,null,null,null,null,null,null,null,null,null,null,null,null,null,null,null,null,null,null,null,"432252ο ΠΑΓΚΡΗΤΙΟ ΠΡΑΣ U10308Sκ10","2018-05-05","2ο ΠΑΓΚΡΗΤΙΟ ΠΡΑΣ U10",308,"ΟΑ ΣΗΤΕΙΑΣ","S","κ10",4,3685,937]
[null,null,null,null,null,null,null,null,null,null,null,null,null,null,null,null,null,null,null,null,null,null,null,null,null,null,null,null,null,null,null,null,null,null,"43232Ε3 19η (ΣΤ)294Sα14","2018-05-12","Ε3 19η (ΣΤ)",294,"ΣΑ ΤΡΙΠΟΛΗΣ","S","α14",6,3690,940]
[null,null,null,null,null,null,null,null,null,null,null,null,null,null,null,null,null,null,null,null,null,null,null,null,null,null,null,null,null,null,null,null,null,null,"43232Ε3 19η (ΣΤ)294Sκ14","2018-05-12","Ε3 19η (ΣΤ)",294,"ΣΑ ΤΡΙΠΟΛΗΣ","S","κ14",10,3691,940]
[null,null,null,null,null,null,null,null,null,null,null,null,null,null,null,null,null,null,null,null,null,null,null,null,null,null,null,null,null,null,null,null,null,null,"43232Ε3 19η (Α)115Sα14","2018-05-12","Ε3 19η (Α)",115,"ΟΑ ΞΑΝΘΗΣ","S","α14",6,3692,941]
[null,null,null,null,null,null,null,null,null,null,null,null,null,null,null,null,null,null,null,null,null,null,null,null,null,null,null,null,null,null,null,null,null,null,"43232Ε3 19η (Α)115Sκ14","2018-05-12","Ε3 19η (Α)",115,"ΟΑ ΞΑΝΘΗΣ","S","κ14",10,3693,941]
[null,null,null,null,null,null,null,null,null,null,null,null,null,null,null,null,null,null,null,null,null,null,null,null,null,null,null,null,null,null,null,null,null,null,"43199TE (TIRANA OPEN)15Sκ14","2018-04-09","TE (TIRANA OPEN)",15,"Tennis Europe","S","κ14",10,3694,942]
[null,null,null,null,null,null,null,null,null,null,null,null,null,null,null,null,null,null,null,null,null,null,null,null,null,null,null,null,null,null,null,null,null,null,"43199TE (TIRANA OPEN)15Dκ14","2018-04-09","TE (TIRANA OPEN)",15,"Tennis Europe","D","κ14",18,3695,942]
[null,null,null,null,null,null,null,null,null,null,null,null,null,null,null,null,null,null,null,null,null,null,null,null,null,null,null,null,null,null,null,null,null,null,"43192TE (YASON CUP)15Sκ16","2018-04-02","TE (YASON CUP)",15,"Tennis Europe","S","κ16",11,3696,943]
[null,null,null,null,null,null,null,null,null,null,null,null,null,null,null,null,null,null,null,null,null,null,null,null,null,null,null,null,null,null,null,null,null,null,"43192TE (YASON CUP)15Dκ16","2018-04-02","TE (YASON CUP)",15,"Tennis Europe","D","κ16",19,3697,943]
[null,null,null,null,null,null,null,null,null,null,null,null,null,null,null,null,null,null,null,null,null,null,null,null,null,null,null,null,null,null,null,null,null,null,"43213TE (HERODOTOU)15Sα16","2018-04-23","TE (HERODOTOU)",15,"Tennis Europe","S","α16",7,3698,944]
[null,null,null,null,null,null,null,null,null,null,null,null,null,null,null,null,null,null,null,null,null,null,null,null,null,null,null,null,null,null,null,null,null,null,"43213TE (HERODOTOU)15Dα16","2018-04-23","TE (HERODOTOU)",15,"Tennis Europe","D","α16",15,3699,944]
[null,null,null,null,null,null,null,null,null,null,null,null,null,null,null,null,null,null,null,null,null,null,null,null,null,null,null,null,null,null,null,null,null,null,"43213ITF (4TH EYPHEMIA)14Sα18","2018-04-23","ITF (4TH EYPHEMIA)",14,"ITF","S","α18",8,3700,945]
[null,null,null,null,null,null,null,null,null,null,null,null,null,null,null,null,null,null,null,null,null,null,null,null,null,null,null,null,null,null,null,null,null,null,"43213ITF (4TH EYPHEMIA)14Dα18","2018-04-23","ITF (4TH EYPHEMIA)",14,"ITF","D","α18",16,3701,945]
[null,null,null,null,null,null,null,null,null,null,null,null,null,null,null,null,null,null,null,null,null,null,null,null,null,null,null,null,null,null,null,null,null,null,"43234Open Πάτρας (ΣΤ)261Sανδ","2018-05-14","Open Πάτρας (ΣΤ)",261,"ΑΕΤ ΝΙΚΗ ΠΑΤΡΩΝ","S","ανδ",25,3702,946]
[null,null,null,null,null,null,null,null,null,null,null,null,null,null,null,null,null,null,null,null,null,null,null,null,null,null,null,null,null,null,null,null,null,null,"43234Open Πάτρας (ΣΤ)261Sγυν","2018-05-14","Open Πάτρας (ΣΤ)",261,"ΑΕΤ ΝΙΚΗ ΠΑΤΡΩΝ","S","γυν",26,3703,946]
[null,null,null,null,null,null,null,null,null,null,null,null,null,null,null,null,null,null,null,null,null,null,null,null,null,null,null,null,null,null,null,null,null,null,"43224Ε1 18η (Β)124Dα12","2018-05-04","Ε1 18η (Β)",124,"ΑΑ ΑΛΜΠΑΤΡΟΣ","D","α12",13,3704,935]
[null,null,null,null,null,null,null,null,null,null,null,null,null,null,null,null,null,null,null,null,null,null,null,null,null,null,null,null,null,null,null,null,null,null,"43224Ε1 18η (Β)124Dκ12","2018-05-04","Ε1 18η (Β)",124,"ΑΑ ΑΛΜΠΑΤΡΟΣ","D","κ12",17,3705,935]
[null,null,null,null,null,null,null,null,null,null,null,null,null,null,null,null,null,null,null,null,null,null,null,null,null,null,null,null,null,null,null,null,null,null,"43224Ε1 18η (Β)130Dα16","2018-05-04","Ε1 18η (Β)",130,"ΑΟΑ ΛΕ ΡΑΚΕΤ","D","α16",15,3706,935]
[null,null,null,null,null,null,null,null,null,null,null,null,null,null,null,null,null,null,null,null,null,null,null,null,null,null,null,null,null,null,null,null,null,null,"43224Ε1 18η (Β)130Dκ16","2018-05-04","Ε1 18η (Β)",130,"ΑΟΑ ΛΕ ΡΑΚΕΤ","D","κ16",19,3707,935]
[null,null,null,null,null,null,null,null,null,null,null,null,null,null,null,null,null,null,null,null,null,null,null,null,null,null,null,null,null,null,null,null,null,null,"43224Ε1 18η (Β)165Dα14","2018-05-04","Ε1 18η (Β)",165,"ΑΣΑ ΘΕΣΣΑΛΟΝΙΚΗΣ","D","α14",14,3708,935]
[null,null,null,null,null,null,null,null,null,null,null,null,null,null,null,null,null,null,null,null,null,null,null,null,null,null,null,null,null,null,null,null,null,null,"43224Ε1 18η (Β)165Dκ14","2018-05-04","Ε1 18η (Β)",165,"ΑΣΑ ΘΕΣΣΑΛΟΝΙΚΗΣ","D","κ14",18,3709,935]
[null,null,null,null,null,null,null,null,null,null,null,null,null,null,null,null,null,null,null,null,null,null,null,null,null,null,null,null,null,null,null,null,null,null,"43224Ε1 18η (Β)152Dα18","2018-05-04","Ε1 18η (Β)",152,"ΟΑ ΚΑΛΑΜΑΡΙΑΣ","D","α18",16,3710,935]
[null,null,null,null,null,null,null,null,null,null,null,null,null,null,null,null,null,null,null,null,null,null,null,null,null,null,null,null,null,null,null,null,null,null,"43224Ε1 18η (Β)152Dκ18","2018-05-04","Ε1 18η (Β)",152,"ΟΑ ΚΑΛΑΜΑΡΙΑΣ","D","κ18",20,3711,935]
[null,null,null,null,null,null,null,null,null,null,null,null,null,null,null,null,null,null,null,null,null,null,null,null,null,null,null,null,null,null,null,null,null,null,{"$f":"AJ1219&AK1219&AL1219&AN1219&AO1219","v":"43232Ε3 19η (Β)154Sα12"},"2018-05-12","Ε3 19η (Β)",154,"ΟΑ ΚΟΥΦΑΛΙΩΝ","S","α12",5,3712,947]
[null,null,null,null,null,null,null,null,null,null,null,null,null,null,null,null,null,null,null,null,null,null,null,null,null,null,null,null,null,null,null,null,null,null,"43232Ε3 19η (Β)154Sα16","2018-05-12","Ε3 19η (Β)",154,"ΟΑ ΚΟΥΦΑΛΙΩΝ","S","α16",7,3713,947]
[null,null,null,null,null,null,null,null,null,null,null,null,null,null,null,null,null,null,null,null,null,null,null,null,null,null,null,null,null,null,null,null,null,null,"43232Ε3 19η (Β)154Sκ12","2018-05-12","Ε3 19η (Β)",154,"ΟΑ ΚΟΥΦΑΛΙΩΝ","S","κ12",9,3714,947]
[null,null,null,null,null,null,null,null,null,null,null,null,null,null,null,null,null,null,null,null,null,null,null,null,null,null,null,null,null,null,null,null,null,null,"43232Ε3 19η (Β)154Sκ16","2018-05-12","Ε3 19η (Β)",154,"ΟΑ ΚΟΥΦΑΛΙΩΝ","S","κ16",11,3715,947]
[null,null,null,null,null,null,null,null,null,null,null,null,null,null,null,null,null,null,null,null,null,null,null,null,null,null,null,null,null,null,null,null,null,null,"43232Open 10αρια (ΣΤ)261Sα10","2018-05-12","Open 10αρια (ΣΤ)",261,"ΑΕΤ ΝΙΚΗ ΠΑΤΡΩΝ","S","α10",3,3716,948]
[null,null,null,null,null,null,null,null,null,null,null,null,null,null,null,null,null,null,null,null,null,null,null,null,null,null,null,null,null,null,null,null,null,null,"43232Open 10αρια (ΣΤ)261Sκ10","2018-05-12","Open 10αρια (ΣΤ)",261,"ΑΕΤ ΝΙΚΗ ΠΑΤΡΩΝ","S","κ10",4,3717,948]
[null,null,null,null,null,null,null,null,null,null,null,null,null,null,null,null,null,null,null,null,null,null,null,null,null,null,null,null,null,null,null,null,null,null,"43232Open 10αρια (ΣΤ)261Su10 πορ","2018-05-12","Open 10αρια (ΣΤ)",261,"ΑΕΤ ΝΙΚΗ ΠΑΤΡΩΝ","S","u10 πορ",2,3718,948]
[null,null,null,null,null,null,null,null,null,null,null,null,null,null,null,null,null,null,null,null,null,null,null,null,null,null,null,null,null,null,null,null,null,null,"432381ο Ατομικό 10 Βορράς219Sα10","2018-05-18","1ο Ατομικό 10 Βορράς",219,"ΟΑ ΙΩΑΝΝΙΝΩΝ","S","α10",3,3723,953]
[null,null,null,null,null,null,null,null,null,null,null,null,null,null,null,null,null,null,null,null,null,null,null,null,null,null,null,null,null,null,null,null,null,null,"432381ο Ατομικό 10 Βορράς219Sκ10","2018-05-18","1ο Ατομικό 10 Βορράς",219,"ΟΑ ΙΩΑΝΝΙΝΩΝ","S","κ10",4,3724,953]
[null,null,null,null,null,null,null,null,null,null,null,null,null,null,null,null,null,null,null,null,null,null,null,null,null,null,null,null,null,null,null,null,null,null,"432381ο Ατομικό 10 Νότος333Sα10","2018-05-18","1ο Ατομικό 10 Νότος",333,"ΑΟΑ ΑΛΕΞΑΝΔΡΟΣ Β","S","α10",3,3725,954]
[null,null,null,null,null,null,null,null,null,null,null,null,null,null,null,null,null,null,null,null,null,null,null,null,null,null,null,null,null,null,null,null,null,null,"432381ο Ατομικό 10 Νότος333Sκ10","2018-05-18","1ο Ατομικό 10 Νότος",333,"ΑΟΑ ΑΛΕΞΑΝΔΡΟΣ Β","S","κ10",4,3726,954]
[null,null,null,null,null,null,null,null,null,null,null,null,null,null,null,null,null,null,null,null,null,null,null,null,null,null,null,null,null,null,null,null,null,null,"43245Ε3 21η (Η)363Sα12","2018-05-25","Ε3 21η (Η)",363,"ΣΑ ΡΑΦΗΝΑΣ","S","α12",5,3727,955]
[null,null,null,null,null,null,null,null,null,null,null,null,null,null,null,null,null,null,null,null,null,null,null,null,null,null,null,null,null,null,null,null,null,null,"43245Ε3 21η (Η)363Sα16","2018-05-25","Ε3 21η (Η)",363,"ΣΑ ΡΑΦΗΝΑΣ","S","α16",7,3728,955]
[null,null,null,null,null,null,null,null,null,null,null,null,null,null,null,null,null,null,null,null,null,null,null,null,null,null,null,null,null,null,null,null,null,null,"43245Ε3 21η (Η)363Sκ12","2018-05-25","Ε3 21η (Η)",363,"ΣΑ ΡΑΦΗΝΑΣ","S","κ12",9,3729,955]
[null,null,null,null,null,null,null,null,null,null,null,null,null,null,null,null,null,null,null,null,null,null,null,null,null,null,null,null,null,null,null,null,null,null,"43245Ε3 21η (Η)363Sκ16","2018-05-25","Ε3 21η (Η)",363,"ΣΑ ΡΑΦΗΝΑΣ","S","κ16",11,3730,955]
[null,null,null,null,null,null,null,null,null,null,null,null,null,null,null,null,null,null,null,null,null,null,null,null,null,null,null,null,null,null,null,null,null,null,"43227TE (XVI TONEIG JOAN)15Sα16","2018-05-07","TE (XVI TONEIG JOAN)",15,"Tennis Europe","S","α16",7,3731,956]
[null,null,null,null,null,null,null,null,null,null,null,null,null,null,null,null,null,null,null,null,null,null,null,null,null,null,null,null,null,null,null,null,null,null,"43227TE (XVI TONEIG JOAN)15Sκ16","2018-05-07","TE (XVI TONEIG JOAN)",15,"Tennis Europe","S","κ16",11,3732,956]
[null,null,null,null,null,null,null,null,null,null,null,null,null,null,null,null,null,null,null,null,null,null,null,null,null,null,null,null,null,null,null,null,null,null,"43213TE (HERODOTOU)15Sκ16","2018-04-23","TE (HERODOTOU)",15,"Tennis Europe","S","κ16",11,3733,944]
[null,null,null,null,null,null,null,null,null,null,null,null,null,null,null,null,null,null,null,null,null,null,null,null,null,null,null,null,null,null,null,null,null,null,"43227TE (TIRANA OPEN)15Sα16","2018-05-07","TE (TIRANA OPEN)",15,"Tennis Europe","S","α16",7,3734,957]
[null,null,null,null,null,null,null,null,null,null,null,null,null,null,null,null,null,null,null,null,null,null,null,null,null,null,null,null,null,null,null,null,null,null,"43227TE (TIRANA OPEN)15Sκ16","2018-05-07","TE (TIRANA OPEN)",15,"Tennis Europe","S","κ16",11,3735,957]
[null,null,null,null,null,null,null,null,null,null,null,null,null,null,null,null,null,null,null,null,null,null,null,null,null,null,null,null,null,null,null,null,null,null,"43227TE (SPORT PALACE)15Sα14","2018-05-07","TE (SPORT PALACE)",15,"Tennis Europe","S","α14",6,3736,958]
[null,null,null,null,null,null,null,null,null,null,null,null,null,null,null,null,null,null,null,null,null,null,null,null,null,null,null,null,null,null,null,null,null,null,"43227TE (SPORT PALACE)15Sκ14","2018-05-07","TE (SPORT PALACE)",15,"Tennis Europe","S","κ14",10,3737,958]
[null,null,null,null,null,null,null,null,null,null,null,null,null,null,null,null,null,null,null,null,null,null,null,null,null,null,null,null,null,null,null,null,null,null,"43228ITF (DAMOUR CLUB)14Sα18","2018-05-08","ITF (DAMOUR CLUB)",14,"ITF","S","α18",8,3738,959]
[null,null,null,null,null,null,null,null,null,null,null,null,null,null,null,null,null,null,null,null,null,null,null,null,null,null,null,null,null,null,null,null,null,null,"43228ITF (DAMOUR CLUB)14Sκ18","2018-05-08","ITF (DAMOUR CLUB)",14,"ITF","S","κ18",12,3739,959]
[null,null,null,null,null,null,null,null,null,null,null,null,null,null,null,null,null,null,null,null,null,null,null,null,null,null,null,null,null,null,null,null,null,null,"43228ITF (DAMOUR CLUB)14Dα18","2018-05-08","ITF (DAMOUR CLUB)",14,"ITF","D","α18",16,3740,959]
[null,null,null,null,null,null,null,null,null,null,null,null,null,null,null,null,null,null,null,null,null,null,null,null,null,null,null,null,null,null,null,null,null,null,"43228ITF (DAMOUR CLUB)14Dκ18","2018-05-08","ITF (DAMOUR CLUB)",14,"ITF","D","κ18",20,3741,959]
[null,null,null,null,null,null,null,null,null,null,null,null,null,null,null,null,null,null,null,null,null,null,null,null,null,null,null,null,null,null,null,null,null,null,"43225ITF (BULAWAYO)14Sα18","2018-05-05","ITF (BULAWAYO)",14,"ITF","S","α18",8,3742,960]
[null,null,null,null,null,null,null,null,null,null,null,null,null,null,null,null,null,null,null,null,null,null,null,null,null,null,null,null,null,null,null,null,null,null,"43225ITF (BULAWAYO)14Sκ18","2018-05-05","ITF (BULAWAYO)",14,"ITF","S","κ18",12,3743,960]
[null,null,null,null,null,null,null,null,null,null,null,null,null,null,null,null,null,null,null,null,null,null,null,null,null,null,null,null,null,null,null,null,null,null,"43225ITF (BULAWAYO)14Dα18","2018-05-05","ITF (BULAWAYO)",14,"ITF","D","α18",16,3744,960]
[null,null,null,null,null,null,null,null,null,null,null,null,null,null,null,null,null,null,null,null,null,null,null,null,null,null,null,null,null,null,null,null,null,null,"43225ITF (BULAWAYO)14Dκ18","2018-05-05","ITF (BULAWAYO)",14,"ITF","D","κ18",20,3745,960]
[null,null,null,null,null,null,null,null,null,null,null,null,null,null,null,null,null,null,null,null,null,null,null,null,null,null,null,null,null,null,null,null,null,null,"43227TE (TIRANA OPEN)15Dκ16","2018-05-07","TE (TIRANA OPEN)",15,"Tennis Europe","D","κ16",19,3746,957]
[null,null,null,null,null,null,null,null,null,null,null,null,null,null,null,null,null,null,null,null,null,null,null,null,null,null,null,null,null,null,null,null,null,null,"43246Ε3 21η (Β)153Sα12","2018-05-26","Ε3 21η (Β)",153,"ΟΑ ΚΙΛΚΙΣ","S","α12",5,3747,961]
[null,null,null,null,null,null,null,null,null,null,null,null,null,null,null,null,null,null,null,null,null,null,null,null,null,null,null,null,null,null,null,null,null,null,"43246Ε3 21η (Β)153Sα16","2018-05-26","Ε3 21η (Β)",153,"ΟΑ ΚΙΛΚΙΣ","S","α16",7,3748,961]
[null,null,null,null,null,null,null,null,null,null,null,null,null,null,null,null,null,null,null,null,null,null,null,null,null,null,null,null,null,null,null,null,null,null,"43246Ε3 21η (Β)153Sκ12","2018-05-26","Ε3 21η (Β)",153,"ΟΑ ΚΙΛΚΙΣ","S","κ12",9,3749,961]
[null,null,null,null,null,null,null,null,null,null,null,null,null,null,null,null,null,null,null,null,null,null,null,null,null,null,null,null,null,null,null,null,null,null,"43246Ε3 21η (Β)153Sκ16","2018-05-26","Ε3 21η (Β)",153,"ΟΑ ΚΙΛΚΙΣ","S","κ16",11,3750,961]
[null,null,null,null,null,null,null,null,null,null,null,null,null,null,null,null,null,null,null,null,null,null,null,null,null,null,null,null,null,null,null,null,null,null,"432539η ΠΑΓΚ. ΓΙΟΡΤΗ ΠΡΑΣΙΝΟΥ  (Ζ)305Sα10","2018-06-02","9η ΠΑΓΚ. ΓΙΟΡΤΗ ΠΡΑΣΙΝΟΥ  (Ζ)",305,"ΗΡΑΚΛΕΙΟ ΟΑΑ","S","α10",3,3751,962]
[null,null,null,null,null,null,null,null,null,null,null,null,null,null,null,null,null,null,null,null,null,null,null,null,null,null,null,null,null,null,null,null,null,null,"432539η ΠΑΓΚ. ΓΙΟΡΤΗ ΠΡΑΣΙΝΟΥ  (Ζ)305Sκ10","2018-06-02","9η ΠΑΓΚ. ΓΙΟΡΤΗ ΠΡΑΣΙΝΟΥ  (Ζ)",305,"ΗΡΑΚΛΕΙΟ ΟΑΑ","S","κ10",4,3752,962]
[null,null,null,null,null,null,null,null,null,null,null,null,null,null,null,null,null,null,null,null,null,null,null,null,null,null,null,null,null,null,null,null,null,null,"43259Β΄Φάση 10άρια245Sα10","2018-06-08","Β΄Φάση 10άρια",245,"ΟΑ ΝΙΚΑΙΑ ΛΑΡΙΣΑΣ","S","α10",3,3753,963]
[null,null,null,null,null,null,null,null,null,null,null,null,null,null,null,null,null,null,null,null,null,null,null,null,null,null,null,null,null,null,null,null,null,null,"43259Β΄Φάση 10άρια245Sκ10","2018-06-08","Β΄Φάση 10άρια",245,"ΟΑ ΝΙΚΑΙΑ ΛΑΡΙΣΑΣ","S","κ10",4,3754,963]
[null,null,null,null,null,null,null,null,null,null,null,null,null,null,null,null,null,null,null,null,null,null,null,null,null,null,null,null,null,null,null,null,null,null,"43258Τριεθνής Συνάντηση195Sα12","2018-06-07","Τριεθνής Συνάντηση",195,"ΟΑ ΠΤΟΛΕΜΑΪΔΑΣ","S","α12",5,3755,964]
[null,null,null,null,null,null,null,null,null,null,null,null,null,null,null,null,null,null,null,null,null,null,null,null,null,null,null,null,null,null,null,null,null,null,"43258Τριεθνής Συνάντηση195Sα14","2018-06-07","Τριεθνής Συνάντηση",195,"ΟΑ ΠΤΟΛΕΜΑΪΔΑΣ","S","α14",6,3756,964]
[null,null,null,null,null,null,null,null,null,null,null,null,null,null,null,null,null,null,null,null,null,null,null,null,null,null,null,null,null,null,null,null,null,null,"43258Τριεθνής Συνάντηση195Sα16","2018-06-07","Τριεθνής Συνάντηση",195,"ΟΑ ΠΤΟΛΕΜΑΪΔΑΣ","S","α16",7,3757,964]
[null,null,null,null,null,null,null,null,null,null,null,null,null,null,null,null,null,null,null,null,null,null,null,null,null,null,null,null,null,null,null,null,null,null,"43258Τριεθνής Συνάντηση195Sκ12","2018-06-07","Τριεθνής Συνάντηση",195,"ΟΑ ΠΤΟΛΕΜΑΪΔΑΣ","S","κ12",9,3758,964]
[null,null,null,null,null,null,null,null,null,null,null,null,null,null,null,null,null,null,null,null,null,null,null,null,null,null,null,null,null,null,null,null,null,null,"43258Τριεθνής Συνάντηση195Sκ14","2018-06-07","Τριεθνής Συνάντηση",195,"ΟΑ ΠΤΟΛΕΜΑΪΔΑΣ","S","κ14",10,3759,964]
[null,null,null,null,null,null,null,null,null,null,null,null,null,null,null,null,null,null,null,null,null,null,null,null,null,null,null,null,null,null,null,null,null,null,"43258Τριεθνής Συνάντηση195Sκ16","2018-06-07","Τριεθνής Συνάντηση",195,"ΟΑ ΠΤΟΛΕΜΑΪΔΑΣ","S","κ16",11,3760,964]
[null,null,null,null,null,null,null,null,null,null,null,null,null,null,null,null,null,null,null,null,null,null,null,null,null,null,null,null,null,null,null,null,null,null,"43261Open ΠΑΥΛΕΙΑ286Sανδ","2018-06-10","Open ΠΑΥΛΕΙΑ",286,"ΟΑ ΚΟΡΙΝΘΟΥ","S","ανδ",25,3761,965]
[null,null,null,null,null,null,null,null,null,null,null,null,null,null,null,null,null,null,null,null,null,null,null,null,null,null,null,null,null,null,null,null,null,null,"43234TE (NATIONAL PARK)15Sα16","2018-05-14","TE (NATIONAL PARK)",15,"Tennis Europe","S","α16",7,3762,966]
[null,null,null,null,null,null,null,null,null,null,null,null,null,null,null,null,null,null,null,null,null,null,null,null,null,null,null,null,null,null,null,null,null,null,"43234TE (NATIONAL PARK)15Sκ16","2018-05-14","TE (NATIONAL PARK)",15,"Tennis Europe","S","κ16",11,3763,966]
[null,null,null,null,null,null,null,null,null,null,null,null,null,null,null,null,null,null,null,null,null,null,null,null,null,null,null,null,null,null,null,null,null,null,"43234TE (NATIONAL PARK)15Dα16","2018-05-14","TE (NATIONAL PARK)",15,"Tennis Europe","D","α16",15,3764,966]
[null,null,null,null,null,null,null,null,null,null,null,null,null,null,null,null,null,null,null,null,null,null,null,null,null,null,null,null,null,null,null,null,null,null,"43234TE (NATIONAL PARK)15Dκ16","2018-05-14","TE (NATIONAL PARK)",15,"Tennis Europe","D","κ16",19,3765,966]
[null,null,null,null,null,null,null,null,null,null,null,null,null,null,null,null,null,null,null,null,null,null,null,null,null,null,null,null,null,null,null,null,null,null,"43234TE (VI MEMORIJAL JOVANA)15Sα14","2018-05-14","TE (VI MEMORIJAL JOVANA)",15,"Tennis Europe","S","α14",6,3766,967]
[null,null,null,null,null,null,null,null,null,null,null,null,null,null,null,null,null,null,null,null,null,null,null,null,null,null,null,null,null,null,null,null,null,null,"43234TE (VI MEMORIJAL JOVANA)15Sκ14","2018-05-14","TE (VI MEMORIJAL JOVANA)",15,"Tennis Europe","S","κ14",10,3767,967]
[null,null,null,null,null,null,null,null,null,null,null,null,null,null,null,null,null,null,null,null,null,null,null,null,null,null,null,null,null,null,null,null,null,null,"43286Ε3 27η (Θ)400Sα12","2018-07-05","Ε3 27η (Θ)",400,"ΟΑ ΧΑΛΚΙΔΑΣ","S","α12",5,3768,968]
[null,null,null,null,null,null,null,null,null,null,null,null,null,null,null,null,null,null,null,null,null,null,null,null,null,null,null,null,null,null,null,null,null,null,"43286Ε3 27η (Θ)400Sκ12","2018-07-05","Ε3 27η (Θ)",400,"ΟΑ ΧΑΛΚΙΔΑΣ","S","κ12",9,3769,968]
[null,null,null,null,null,null,null,null,null,null,null,null,null,null,null,null,null,null,null,null,null,null,null,null,null,null,null,null,null,null,null,null,null,null,"43286Ε3 27η (Θ)400Sα14","2018-07-05","Ε3 27η (Θ)",400,"ΟΑ ΧΑΛΚΙΔΑΣ","S","α14",6,3770,968]
[null,null,null,null,null,null,null,null,null,null,null,null,null,null,null,null,null,null,null,null,null,null,null,null,null,null,null,null,null,null,null,null,null,null,"43286Ε3 27η (Θ)400Sκ14","2018-07-05","Ε3 27η (Θ)",400,"ΟΑ ΧΑΛΚΙΔΑΣ","S","κ14",10,3771,968]
[null,null,null,null,null,null,null,null,null,null,null,null,null,null,null,null,null,null,null,null,null,null,null,null,null,null,null,null,null,null,null,null,null,null,"43286Ε3 27η (Θ)400Sα16","2018-07-05","Ε3 27η (Θ)",400,"ΟΑ ΧΑΛΚΙΔΑΣ","S","α16",7,3772,968]
[null,null,null,null,null,null,null,null,null,null,null,null,null,null,null,null,null,null,null,null,null,null,null,null,null,null,null,null,null,null,null,null,null,null,"43286Ε3 27η (Θ)400Sκ16","2018-07-05","Ε3 27η (Θ)",400,"ΟΑ ΧΑΛΚΙΔΑΣ","S","κ16",11,3773,968]
[null,null,null,null,null,null,null,null,null,null,null,null,null,null,null,null,null,null,null,null,null,null,null,null,null,null,null,null,null,null,null,null,null,null,"43129ITF (AL-SIKAUNABEYAH)14Sα18","2018-01-29","ITF (AL-SIKAUNABEYAH)",14,"ITF","S","α18",8,3774,969]
[null,null,null,null,null,null,null,null,null,null,null,null,null,null,null,null,null,null,null,null,null,null,null,null,null,null,null,null,null,null,null,null,null,null,"43220TE (HAYDAR ALIYEV)15Sα16","2018-04-30","TE (HAYDAR ALIYEV)",15,"Tennis Europe","S","α16",7,3775,970]
[null,null,null,null,null,null,null,null,null,null,null,null,null,null,null,null,null,null,null,null,null,null,null,null,null,null,null,null,null,null,null,null,null,null,"43220TE (HAYDAR ALIYEV)15Sκ16","2018-04-30","TE (HAYDAR ALIYEV)",15,"Tennis Europe","S","κ16",11,3776,970]
[null,null,null,null,null,null,null,null,null,null,null,null,null,null,null,null,null,null,null,null,null,null,null,null,null,null,null,null,null,null,null,null,null,null,"43234TE (TEJT U14)15Sα14","2018-05-14","TE (TEJT U14)",15,"Tennis Europe","S","α14",6,3777,971]
[null,null,null,null,null,null,null,null,null,null,null,null,null,null,null,null,null,null,null,null,null,null,null,null,null,null,null,null,null,null,null,null,null,null,"43234TE (TEJT U14)15Dα14","2018-05-14","TE (TEJT U14)",15,"Tennis Europe","D","α14",14,3778,971]

{"sheet":"matches","index":6,"n_rows":17,"n_cols":19,"rows_kept":17,"cut":false,"hidden":true,"merged":[]}
["round","W-ID","winner","L-ID","looser","score",null," Player "," Position ",null,"Set-up",null,null,"draw#","organizer","club","title","category","drawSize"]
[16,{"$f":"IF(OR(MD!$M$5=1,MD!$M$5=2), IF(MD!$M$5=1,MD!$I$5,MD!$I$6),\"#\")","v":26198},{"$f":"TRIM(LEFT(VLOOKUP(B2,ALMD!$C$3:$D$18,2,FALSE),FIND(\" \",VLOOKUP(B2,ALMD!$C$3:$D$18,2,FALSE),1)-1))","v":"ΛΑΜΠΡΟΠΟΥΛΟΥ"},{"$f":"IF(OR(MD!$M$5 =1,MD!$M$5 =2), IF(MD!$M$5 =2,MD!$I$5,MD!$I$6),\"#\")","v":34396},{"$f":"TRIM(LEFT(VLOOKUP(D2,ALMD!$C$3:$D$18,2,FALSE),FIND(\" \",VLOOKUP(D2,ALMD!$C$3:$D$18,2,FALSE),1)-1))","v":"ΜΗΤΡΟΠΟΥΛΟΥ"},{"$f":"MD!$O6","v":"40 40"},null,{"$f":"B16","v":37585},"1st",null,"organizer: ",{"$f":"Setup!$B$3","v":"ΣΤ' ΕΝΩΣΗ"},null,{"$f":"IF(COUNTIF(MD!$I:$I,B2)>0,MATCH(B2,MD!$I:$I,0)-4,\"\")&\" \"&IF(COUNTIF(MD!$I:$I,D2)>0,MATCH(D2,MD!$I:$I,0)-4,\"\")","v":"1 2"},{"$f":"Setup!$B$3","v":"ΣΤ' ΕΝΩΣΗ"},{"$f":"TRIM(LEFT($L$4,10))","v":"ΣΑ ΤΡΙΠΟΛΗ"},{"$f":"TRIM(LEFT($L$3,10))","v":"Ε3 26η"},{"$f":"SUBSTITUTE(SUBSTITUTE(TRIM($L$7),\"Κ\",\"g\"),\"Α\",\"b\")","v":"g14"},16]
[16,{"$f":"IF(OR(MD!$M$7=1,MD!$M$7=2), IF(MD!$M$7=1,MD!$I$7,MD!$I$8),\"#\")","v":38912},{"$f":"TRIM(LEFT(VLOOKUP(B3,ALMD!$C$3:$D$18,2,FALSE),FIND(\" \",VLOOKUP(B3,ALMD!$C$3:$D$18,2,FALSE),1)-1))","v":"ΖΩΓΡΑΦΟΥ"},{"$f":"IF(OR(MD!$M$7 =1,MD!$M$7 =2), IF(MD!$M$7 =2,MD!$I$7,MD!$I$8),\"#\")","v":40747},{"$f":"TRIM(LEFT(VLOOKUP(D3,ALMD!$C$3:$D$18,2,FALSE),FIND(\" \",VLOOKUP(D3,ALMD!$C$3:$D$18,2,FALSE),1)-1))","v":"ΤΟΥΜΠΑΝΙΑΡΗ"},{"$f":"MD!$O8","v":"53 40"},null,{"$f":"D16","v":26198},"2nd",null,"title: ",{"$f":"Setup!$B$7","v":"Ε3 26η"},null,{"$f":"IF(COUNTIF(MD!$I:$I,B3)>0,MATCH(B3,MD!$I:$I,0)-4,\"\")&\" \"&IF(COUNTIF(MD!$I:$I,D3)>0,MATCH(D3,MD!$I:$I,0)-4,\"\")","v":"4 3"},{"$f":"Setup!$B$3","v":"ΣΤ' ΕΝΩΣΗ"},{"$f":"TRIM(LEFT($L$4,10))","v":"ΣΑ ΤΡΙΠΟΛΗ"},{"$f":"TRIM(LEFT($L$3,10))","v":"Ε3 26η"},{"$f":"SUBSTITUTE(SUBSTITUTE(TRIM($L$7),\"Κ\",\"g\"),\"Α\",\"b\")","v":"g14"},16]
[16,{"$f":"IF(OR(MD!$M$9=1,MD!$M$9=2), IF(MD!$M$9=1,MD!$I$9,MD!$I$10),\"#\")","v":37337},{"$f":"TRIM(LEFT(VLOOKUP(B4,ALMD!$C$3:$D$18,2,FALSE),FIND(\" \",VLOOKUP(B4,ALMD!$C$3:$D$18,2,FALSE),1)-1))","v":"ΔΕΛΗ"},{"$f":"IF(OR(MD!$M$9 =1,MD!$M$9 =2), IF(MD!$M$9 =2,MD!$I$9,MD!$I$10),\"#\")","v":38401},{"$f":"TRIM(LEFT(VLOOKUP(D4,ALMD!$C$3:$D$18,2,FALSE),FIND(\" \",VLOOKUP(D4,ALMD!$C$3:$D$18,2,FALSE),1)-1))","v":"ΚΛΑΟΥΔΑΤΟΥ"},{"$f":"MD!$O10","v":"40 41"},null,{"$f":"D14","v":37337},"3_4",null,"club: ",{"$f":"Setup!$B$4","v":"ΣΑ ΤΡΙΠΟΛΗΣ"},null,{"$f":"IF(COUNTIF(MD!$I:$I,B4)>0,MATCH(B4,MD!$I:$I,0)-4,\"\")&\" \"&IF(COUNTIF(MD!$I:$I,D4)>0,MATCH(D4,MD!$I:$I,0)-4,\"\")","v":"5 6"},{"$f":"Setup!$B$3","v":"ΣΤ' ΕΝΩΣΗ"},"ΣΑ ΤΡΙΠΟΛΗ","Ε3 26η","g14",16]
[16,{"$f":"IF(OR(MD!$M$11=1,MD!$M$11=2), IF(MD!$M$11=1,MD!$I$11,MD!$I$12),\"#\")","v":33355},{"$f":"TRIM(LEFT(VLOOKUP(B5,ALMD!$C$3:$D$18,2,FALSE),FIND(\" \",VLOOKUP(B5,ALMD!$C$3:$D$18,2,FALSE),1)-1))","v":"ΒΟΥΔΟΥΡΗ"},{"$f":"IF(OR(MD!$M$11=1,MD!$M$11=2), IF(MD!$M$11=2,MD!$I$11,MD!$I$12),\"#\")","v":40340},{"$f":"TRIM(LEFT(VLOOKUP(D5,ALMD!$C$3:$D$18,2,FALSE),FIND(\" \",VLOOKUP(D5,ALMD!$C$3:$D$18,2,FALSE),1)-1))","v":"ΝΙΚΟΛΑΚΟΠΟΥΛΟΥ"},{"$f":"MD!$O12","v":"40 40"},null,{"$f":"D15","v":35985},"3_4",null,"grade: ",{"$f":"Setup!$B$5","v":"Ε3"},null,{"$f":"IF(COUNTIF(MD!$I:$I,B5)>0,MATCH(B5,MD!$I:$I,0)-4,\"\")&\" \"&IF(COUNTIF(MD!$I:$I,D5)>0,MATCH(D5,MD!$I:$I,0)-4,\"\")","v":"8 7"},{"$f":"Setup!$B$3","v":"ΣΤ' ΕΝΩΣΗ"},"ΣΑ ΤΡΙΠΟΛΗ","Ε3 26η","g14",16]
[16,{"$f":"IF(OR(MD!$M$13=1,MD!$M$13=2), IF(MD!$M$13=1,MD!$I$13,MD!$I$14),\"#\")","v":35985},{"$f":"TRIM(LEFT(VLOOKUP(B6,ALMD!$C$3:$D$18,2,FALSE),FIND(\" \",VLOOKUP(B6,ALMD!$C$3:$D$18,2,FALSE),1)-1))","v":"ΖΟΥΓΡΑ"},{"$f":"IF(OR(MD!$M$13=1,MD!$M$13=2), IF(MD!$M$13=2,MD!$I$13,MD!$I$14),\"#\")","v":35595},{"$f":"TRIM(LEFT(VLOOKUP(D6,ALMD!$C$3:$D$18,2,FALSE),FIND(\" \",VLOOKUP(D6,ALMD!$C$3:$D$18,2,FALSE),1)-1))","v":"ΤΟΥΛΑ"},{"$f":"MD!$O14","v":"41 42"},null,{"$f":"D10","v":38912},"5_8",null,"week: ",{"$f":"Setup!B10","v":"βδ.: 26η"},null,{"$f":"IF(COUNTIF(MD!$I:$I,B6)>0,MATCH(B6,MD!$I:$I,0)-4,\"\")&\" \"&IF(COUNTIF(MD!$I:$I,D6)>0,MATCH(D6,MD!$I:$I,0)-4,\"\")","v":"9 10"},{"$f":"Setup!$B$3","v":"ΣΤ' ΕΝΩΣΗ"},"ΣΑ ΤΡΙΠΟΛΗ","Ε3 26η","g14",16]
[16,{"$f":"IF(OR(MD!$M$15=1,MD!$M$15=2), IF(MD!$M$15=1,MD!$I$15,MD!$I$16),\"#\")","v":35515},{"$f":"TRIM(LEFT(VLOOKUP(B7,ALMD!$C$3:$D$18,2,FALSE),FIND(\" \",VLOOKUP(B7,ALMD!$C$3:$D$18,2,FALSE),1)-1))","v":"ΚΟΤΙΝΗ"},{"$f":"IF(OR(MD!$M$15=1,MD!$M$15=2), IF(MD!$M$15=2,MD!$I$15,MD!$I$16),\"#\")","v":33668},{"$f":"TRIM(LEFT(VLOOKUP(D7,ALMD!$C$3:$D$18,2,FALSE),FIND(\" \",VLOOKUP(D7,ALMD!$C$3:$D$18,2,FALSE),1)-1))","v":"ΚΑΛΤΕΖΙΩΤΗ"},{"$f":"MD!$O16","v":"42 41"},null,{"$f":"D11","v":33355},"5_8",null,"category: ",{"$f":"Setup!$B$6","v":"Κ14"},null,{"$f":"IF(COUNTIF(MD!$I:$I,B7)>0,MATCH(B7,MD!$I:$I,0)-4,\"\")&\" \"&IF(COUNTIF(MD!$I:$I,D7)>0,MATCH(D7,MD!$I:$I,0)-4,\"\")","v":"12 11"},{"$f":"Setup!$B$3","v":"ΣΤ' ΕΝΩΣΗ"},"ΣΑ ΤΡΙΠΟΛΗ","Ε3 26η","g14",16]
[16,{"$f":"IF(OR(MD!$M$17=1,MD!$M$17=2), IF(MD!$M$17=1,MD!$I$17,MD!$I$18),\"#\")","v":90169},{"$f":"TRIM(LEFT(VLOOKUP(B8,ALMD!$C$3:$D$18,2,FALSE),FIND(\" \",VLOOKUP(B8,ALMD!$C$3:$D$18,2,FALSE),1)-1))","v":"ΑΣΕΝΟΒΑ"},{"$f":"IF(OR(MD!$M$17=1,MD!$M$17=2), IF(MD!$M$17=2,MD!$I$17,MD!$I$18),\"#\")","v":38845},{"$f":"TRIM(LEFT(VLOOKUP(D8,ALMD!$C$3:$D$18,2,FALSE),FIND(\" \",VLOOKUP(D8,ALMD!$C$3:$D$18,2,FALSE),1)-1))","v":"ΤΣΙΛΙΜΠΗ"},{"$f":"MD!$O18","v":"40 42"},null,{"$f":"D12","v":35515},"5_8",null,"period: ",{"$f":"DAY(Setup!$B$8)&\"/\"&MONTH(Setup!$B$8)&\"-\"&DAY(Setup!$B$9)&\"/\"&MONTH(Setup!$B$9)&\"/\"&YEAR(Setup!$B$9)","v":"30/6-1/7/2018"},null,{"$f":"IF(COUNTIF(MD!$I:$I,B8)>0,MATCH(B8,MD!$I:$I,0)-4,\"\")&\" \"&IF(COUNTIF(MD!$I:$I,D8)>0,MATCH(D8,MD!$I:$I,0)-4,\"\")","v":"13 14"},{"$f":"Setup!$B$3","v":"ΣΤ' ΕΝΩΣΗ"},"ΣΑ ΤΡΙΠΟΛΗ","Ε3 26η","g14",16]
[16,{"$f":"IF(OR(MD!$M$19=1,MD!$M$19=2), IF(MD!$M$19=1,MD!$I$19,MD!$I$20),\"#\")","v":37585},{"$f":"TRIM(LEFT(VLOOKUP(B9,ALMD!$C$3:$D$18,2,FALSE),FIND(\" \",VLOOKUP(B9,ALMD!$C$3:$D$18,2,FALSE),1)-1))","v":"ΣΤΡΑΤΗ"},{"$f":"IF(OR(MD!$M$19=1,MD!$M$19=2), IF(MD!$M$19=2,MD!$I$19,MD!$I$20),\"#\")","v":39327},{"$f":"TRIM(LEFT(VLOOKUP(D9,ALMD!$C$3:$D$18,2,FALSE),FIND(\" \",VLOOKUP(D9,ALMD!$C$3:$D$18,2,FALSE),1)-1))","v":"ΜΠΟΥΖΟΥ"},{"$f":"MD!$O20","v":"40 40"},null,{"$f":"D13","v":90169},"5_8",null,"filename: ",{"$f":"MID(CELL(\"filename\"), (FIND(\"[\",CELL(\"filename\"))+1), FIND(\"]\",CELL(\"filename\"))-FIND(\"[\",CELL(\"filename\"))-1)","v":"ε3 26η στ κ14 s md.xlsm"},null,{"$f":"IF(COUNTIF(MD!$I:$I,B9)>0,MATCH(B9,MD!$I:$I,0)-4,\"\")&\" \"&IF(COUNTIF(MD!$I:$I,D9)>0,MATCH(D9,MD!$I:$I,0)-4,\"\")","v":"16 15"},{"$f":"Setup!$B$3","v":"ΣΤ' ΕΝΩΣΗ"},"ΣΑ ΤΡΙΠΟΛΗ","Ε3 26η","g14",16]
[8,{"$f":"IF(OR(MD!$P$6=1,MD!$P$6=2), IF(MD!$P$6 =1,MD!$N$5,MD!$N$7),\"#\")","v":26198},{"$f":"TRIM(LEFT(VLOOKUP(B10,ALMD!$C$3:$D$18,2,FALSE),FIND(\" \",VLOOKUP(B10,ALMD!$C$3:$D$18,2,FALSE),1)-1))","v":"ΛΑΜΠΡΟΠΟΥΛΟΥ"},{"$f":"IF(OR(MD!$P$6 =1,MD!$P$6 =2), IF(MD!$P$6 =2,MD!$N$5,MD!$N$7),\"#\")","v":38912},{"$f":"TRIM(LEFT(VLOOKUP(D10,ALMD!$C$3:$D$18,2,FALSE),FIND(\" \",VLOOKUP(D10,ALMD!$C$3:$D$18,2,FALSE),1)-1))","v":"ΖΩΓΡΑΦΟΥ"},{"$f":"MD!$R7","v":"41 41"},null,{"$f":"D2","v":34396},"9_16",null,null,null,null,{"$f":"IF(COUNTIF(MD!$N:$N,B10)>0,MATCH(B10,MD!$N:$N,0)-4,\"\")&\" \"&IF(COUNTIF(MD!$N:$N,D10)>0,MATCH(D10,MD!$N:$N,0)-4,\"\")","v":"1 3"},{"$f":"Setup!$B$3","v":"ΣΤ' ΕΝΩΣΗ"},"ΣΑ ΤΡΙΠΟΛΗ","Ε3 26η","g14",16]
[8,{"$f":"IF(OR(MD!$P$10=1,MD!$P$10=2), IF(MD!$P$10=1,MD!$N$9,MD!$N$11),\"#\")","v":37337},{"$f":"TRIM(LEFT(VLOOKUP(B11,ALMD!$C$3:$D$18,2,FALSE),FIND(\" \",VLOOKUP(B11,ALMD!$C$3:$D$18,2,FALSE),1)-1))","v":"ΔΕΛΗ"},{"$f":"IF(OR(MD!$P$10=1,MD!$P$10=2), IF(MD!$P$10=2,MD!$N$9,MD!$N$11),\"#\")","v":33355},{"$f":"TRIM(LEFT(VLOOKUP(D11,ALMD!$C$3:$D$18,2,FALSE),FIND(\" \",VLOOKUP(D11,ALMD!$C$3:$D$18,2,FALSE),1)-1))","v":"ΒΟΥΔΟΥΡΗ"},{"$f":"MD!$R11","v":"41 41"},null,40747,"9_16",null,null,null,null,{"$f":"IF(COUNTIF(MD!$N:$N,B11)>0,MATCH(B11,MD!$N:$N,0)-4,\"\")&\" \"&IF(COUNTIF(MD!$N:$N,D11)>0,MATCH(D11,MD!$N:$N,0)-4,\"\")","v":"5 7"},{"$f":"Setup!$B$3","v":"ΣΤ' ΕΝΩΣΗ"},"ΣΑ ΤΡΙΠΟΛΗ","Ε3 26η","g14",16]
[8,{"$f":"IF(OR(MD!$P$14=1,MD!$P$14=2), IF(MD!$P$14=1,MD!$N$13,MD!$N$15),\"#\")","v":35985},{"$f":"TRIM(LEFT(VLOOKUP(B12,ALMD!$C$3:$D$18,2,FALSE),FIND(\" \",VLOOKUP(B12,ALMD!$C$3:$D$18,2,FALSE),1)-1))","v":"ΖΟΥΓΡΑ"},{"$f":"IF(OR(MD!$P$14=1,MD!$P$14=2), IF(MD!$P$14=2,MD!$N$13,MD!$N$15),\"#\")","v":35515},{"$f":"TRIM(LEFT(VLOOKUP(D12,ALMD!$C$3:$D$18,2,FALSE),FIND(\" \",VLOOKUP(D12,ALMD!$C$3:$D$18,2,FALSE),1)-1))","v":"ΚΟΤΙΝΗ"},{"$f":"MD!$R15","v":"54(3) 40"},null,38401,"9_16",null,null,null,null,{"$f":"IF(COUNTIF(MD!$N:$N,B12)>0,MATCH(B12,MD!$N:$N,0)-4,\"\")&\" \"&IF(COUNTIF(MD!$N:$N,D12)>0,MATCH(D12,MD!$N:$N,0)-4,\"\")","v":"9 11"},{"$f":"Setup!$B$3","v":"ΣΤ' ΕΝΩΣΗ"},"ΣΑ ΤΡΙΠΟΛΗ","Ε3 26η","g14",16]
[8,{"$f":"IF(OR(MD!$P$18=1,MD!$P$18=2), IF(MD!$P$18=1,MD!$N$17,MD!$N$19),\"#\")","v":37585},{"$f":"TRIM(LEFT(VLOOKUP(B13,ALMD!$C$3:$D$18,2,FALSE),FIND(\" \",VLOOKUP(B13,ALMD!$C$3:$D$18,2,FALSE),1)-1))","v":"ΣΤΡΑΤΗ"},{"$f":"IF(OR(MD!$P$18=1,MD!$P$18=2), IF(MD!$P$18=2,MD!$N$17,MD!$N$19),\"#\")","v":90169},{"$f":"TRIM(LEFT(VLOOKUP(D13,ALMD!$C$3:$D$18,2,FALSE),FIND(\" \",VLOOKUP(D13,ALMD!$C$3:$D$18,2,FALSE),1)-1))","v":"ΑΣΕΝΟΒΑ"},{"$f":"MD!$R19","v":"41 41"},null,40340,"9_16",null,null,null,null,{"$f":"IF(COUNTIF(MD!$N:$N,B13)>0,MATCH(B13,MD!$N:$N,0)-4,\"\")&\" \"&IF(COUNTIF(MD!$N:$N,D13)>0,MATCH(D13,MD!$N:$N,0)-4,\"\")","v":"15 13"},{"$f":"Setup!$B$3","v":"ΣΤ' ΕΝΩΣΗ"},"ΣΑ ΤΡΙΠΟΛΗ","Ε3 26η","g14",16]
[4,{"$f":"IF(OR(MD!$S$8=1,MD!$S$8=2), IF(MD!$S$8=1,MD!$Q$6,MD!$Q$10),\"#\")","v":26198},{"$f":"TRIM(LEFT(VLOOKUP(B14,ALMD!$C$3:$D$18,2,FALSE),FIND(\" \",VLOOKUP(B14,ALMD!$C$3:$D$18,2,FALSE),1)-1))","v":"ΛΑΜΠΡΟΠΟΥΛΟΥ"},{"$f":"IF(OR(MD!$S$8 =1,MD!$S$8 =2), IF(MD!$S$8 =2,MD!$Q$6,MD!$Q$10),\"#\")","v":37337},{"$f":"TRIM(LEFT(VLOOKUP(D14,ALMD!$C$3:$D$18,2,FALSE),FIND(\" \",VLOOKUP(D14,ALMD!$C$3:$D$18,2,FALSE),1)-1))","v":"ΔΕΛΗ"},{"$f":"MD!$U9","v":"62 57 63"},null,35595,"9_16",null,null,null,null,{"$f":"IF(COUNTIF(MD!$Q:$Q,B14)>0,MATCH(B14,MD!$Q:$Q,0)-4,\"\")&\" \"&IF(COUNTIF(MD!$Q:$Q,D14)>0,MATCH(D14,MD!$Q:$Q,0)-4,\"\")","v":"2 6"},{"$f":"Setup!$B$3","v":"ΣΤ' ΕΝΩΣΗ"},"ΣΑ ΤΡΙΠΟΛΗ","Ε3 26η","g14",16]
[4,{"$f":"IF(OR(MD!$S$16=1,MD!$S$16=2), IF(MD!$S$16=1,MD!$Q$14,MD!$Q$18),\"#\")","v":37585},{"$f":"TRIM(LEFT(VLOOKUP(B15,ALMD!$C$3:$D$18,2,FALSE),FIND(\" \",VLOOKUP(B15,ALMD!$C$3:$D$18,2,FALSE),1)-1))","v":"ΣΤΡΑΤΗ"},{"$f":"IF(OR(MD!$S$16=1,MD!$S$16=2), IF(MD!$S$16=2,MD!$Q$14,MD!$Q$18),\"#\")","v":35985},{"$f":"TRIM(LEFT(VLOOKUP(D15,ALMD!$C$3:$D$18,2,FALSE),FIND(\" \",VLOOKUP(D15,ALMD!$C$3:$D$18,2,FALSE),1)-1))","v":"ΖΟΥΓΡΑ"},{"$f":"MD!$U17","v":"57 62 62"},null,33668,"9_16",null,null,null,null,{"$f":"IF(COUNTIF(MD!$Q:$Q,B15)>0,MATCH(B15,MD!$Q:$Q,0)-4,\"\")&\" \"&IF(COUNTIF(MD!$Q:$Q,D15)>0,MATCH(D15,MD!$Q:$Q,0)-4,\"\")","v":"14 10"},{"$f":"Setup!$B$3","v":"ΣΤ' ΕΝΩΣΗ"},"ΣΑ ΤΡΙΠΟΛΗ","Ε3 26η","g14",16]
[2,{"$f":"IF(OR(MD!$S$12=1,MD!$S$12=2), IF(MD!$S$12=1,MD!$T$8,MD!$T$16),\"#\")","v":37585},{"$f":"TRIM(LEFT(VLOOKUP(B16,ALMD!$C$3:$D$18,2,FALSE),FIND(\" \",VLOOKUP(B16,ALMD!$C$3:$D$18,2,FALSE),1)-1))","v":"ΣΤΡΑΤΗ"},{"$f":"IF(OR(MD!$S$12=1,MD!$S$12=2), IF(MD!$S$12=2,MD!$T$8,MD!$T$16),\"#\")","v":26198},{"$f":"TRIM(LEFT(VLOOKUP(D16,ALMD!$C$3:$D$18,2,FALSE),FIND(\" \",VLOOKUP(D16,ALMD!$C$3:$D$18,2,FALSE),1)-1))","v":"ΛΑΜΠΡΟΠΟΥΛΟΥ"},{"$f":"MD!$U13","v":"67(3) 60 ret."},null,38845,"9_16",null,null,null,null,{"$f":"IF(COUNTIF(MD!$T:$T,B16)>0,MATCH(B16,MD!$T:$T,0)-4,\"\")&\" \"&IF(COUNTIF(MD!$T:$T,D16)>0,MATCH(D16,MD!$T:$T,0)-4,\"\")","v":"8 4"},{"$f":"Setup!$B$3","v":"ΣΤ' ΕΝΩΣΗ"},"ΣΑ ΤΡΙΠΟΛΗ","Ε3 26η","g14",16]
[null,null,null,null,null,null,null,39327,"9_16",null,null,null,null,null,{"$f":"Setup!$B$3","v":"ΣΤ' ΕΝΩΣΗ"},"ΣΑ ΤΡΙΠΟΛΗ","Ε3 26η","g14",16]

{"sheet":"e-efoa","index":7,"n_rows":19,"n_cols":43,"rows_kept":19,"cut":false,"hidden":true,"merged":[]}
["organizer","club","title","group","Dsize","MStartDate","Td Id","round","WPlayerCode","LPlayerCode","Score","WRow","LRow","WSeed","LSeed","W","L","n/m",null,"seed","cmnt","Td Id"," PlayerCode","Round","Wins","Matches","PtsQ","PtsM","Age",null,"ID","name","row","seed",null,"RankKey",null,"MatcheNames","key","PlayerName 1","PlayerName 2"]
[{"$f":"Setup!$B$3","v":"ΣΤ' ΕΝΩΣΗ"},{"$f":"Setup!$Z$6","v":294},{"$f":"Setup!$Z$5","v":"Ε3 26η (ΣΤ)"},{"$f":"SUBSTITUTE(TRIM(Setup!$B$6),\"-\",\"\")","v":"Κ14"},"Smd16",{"$f":"TEXT(Setup!$B$8,\"ΕΕΕΕ-ΜΜ-ΗΗ\")","v":"2018-06-30"},{"$f":"Setup!$U$7&\" \"&Setup!$T$7","v":{"$error":"#N/A"}},"R16",{"$f":"IF(OR(MD!$M$5=1,MD!$M$5=2), IF(MD!$M$5=1,MD!$I$5,MD!$I$6),\"\")","v":26198},{"$f":"IF(OR(MD!$M$5 =1,MD!$M$5 =2), IF(MD!$M$5 =2,MD!$I$5,MD!$I$6),\"\")","v":34396},{"$f":"TRIM(MD!$O6)","v":"40 40"},{"$f":"IF(AND(I2<>\"\",I2>0),IF(VALUE(I2)>0,VLOOKUP(I2,$AE:$AH,3,FALSE),0),0)","v":1},{"$f":"IF(AND(J2<>\"\",J2>0),IF(VALUE(J2)>0,VLOOKUP(J2,$AE:$AH,3,FALSE),0),0)","v":2},{"$f":"IF(AND(I2<>\"\",I2>0),IF(VALUE(I2)>0,VLOOKUP(I2,$AE:$AH,4,FALSE),0),0)","v":1},{"$f":"IF(AND(J2<>\"\",J2>0),IF(VALUE(J2)>0,VLOOKUP(J2,$AE:$AH,4,FALSE),0),0)","v":14},{"$f":"IF(R2=\"\",I2,\"\")","v":26198},{"$f":"IF(AND($R2=\"\",LEFT($K2)<>LOWER(\"w\")),J2,\"\")","v":34396},{"$f":"IF(OR(J2=0,K2=\"\"),1,IF(TEXT(K2,\"0\")=SUBSTITUTE(LOWER(K2),\"m\",\"\"),\"\",1))","v":""},null,{"$f":"IF(W2<>\"\",IF(VALUE(W2)>0,VLOOKUP(W2,$AE:$AH,4,FALSE),\"\"),\"\")","v":2},{"$f":"IF(NOT(OR(W2=0,W2=\" \",W2=\"\")),IF(INDIRECT(\"ALMD!B\"&MATCH(W2,ALMD!$C$3:$C$18,0)+2)>0,INDIRECT(\"ALMD!B\"&MATCH(W2,ALMD!$C$3:$C$18,0)+2),\"\"),\"\")","v":""},{"$f":"Setup!$U$7&\" \"&Setup!$T$7","v":{"$error":"#N/A"}},{"$f":"I16","v":37585},"1st",{"$f":"IF($W2>0,COUNTIF($P$2:$P$16,$W2),0)","v":4},{"$f":"IF($W2>0,COUNTIF($P$2:$P$16,$W2)+COUNTIF($Q$2:$Q$16,$W2),0)","v":4},{"$f":"IF($W19>0,IF(COUNTIF($W$19:$W$34,$W2)>0,VLOOKUP($W2,$W$19:$AP$34,20,FALSE),0),0)","v":0},{"$f":"IF(OR($Z2=0,$Z2=\"\",$U2=\"DQ\"),0,VLOOKUP($AJ2,tables!$AF:$AG,2,FALSE))","v":18},{"$f":"IF(W2>0,YEAR(Setup!$B$8)-YEAR(VLOOKUP(W2,ALMD!$C:$F,3,FALSE)),0)","v":13},null,{"$f":"MD!$I5","v":26198},{"$f":"MD!$K5","v":"ΛΑΜΠΡΟΠΟΥΛΟΥ Β"},{"$f":"IF(AE2>0,MD!$A5,\"\")","v":1},{"$f":"MD!$G5","v":1},null,{"$f":"SUBSTITUTE(SUBSTITUTE(Setup!$B$5&\"S-\"&Setup!$B$13&\"-\"&X2,\"Ανδ-\",\"\"),\"Γυν-\",\"\")","v":"Ε3S-14-1st"},null,{"$f":"IF(AO2>\" \", IF(OR(AM2=AM3,AM2=AM1), IF(AM2=AM3,AN2&\"/\"&AN3&\" - \"&AO2&\"/\"&AO3, AN1&\"/\"&AN2&\" - \"&AO1&\"/\"&AO2),AN2&\" - \"&AO2), IF(OR(AM2=AM3,AM2=AM1), IF(AM2=AM3,AN2&\"/\"&AN3, AN1&\"/\"&AN2),AN2))","v":{"$error":"#N/A"}},{"$f":"G2&H2&L2","v":{"$error":"#N/A"}},{"$f":"IF(I2<=0,\"\",TRIM(LEFT(LEFT(VLOOKUP(I2,$AE:$AF,2,FALSE),FIND(\" \",VLOOKUP(I2,$AE:$AF,2,FALSE),1)-1),15)&\" \"&LEFT(MID(VLOOKUP(I2,$AE:$AF,2,FALSE),FIND(\" \",VLOOKUP(I2,$AE:$AF,2,FALSE),1)+1,20),3)))","v":"ΛΑΜΠΡΟΠΟΥΛΟΥ Β"},{"$f":"IF(J2<=0,\"\",TRIM(LEFT(LEFT(VLOOKUP(J2,$AE:$AF,2,FALSE),FIND(\" \",VLOOKUP(J2,$AE:$AF,2,FALSE),1)-1),15)&\" \"&LEFT(MID(VLOOKUP(J2,$AE:$AF,2,FALSE),FIND(\" \",VLOOKUP(J2,$AE:$AF,2,FALSE),1)+1,20),3)))","v":"ΜΗΤΡΟΠΟΥΛΟΥ Α"}]
[{"$f":"Setup!$B$3","v":"ΣΤ' ΕΝΩΣΗ"},{"$f":"Setup!$Z$6","v":294},{"$f":"Setup!$Z$5","v":"Ε3 26η (ΣΤ)"},{"$f":"SUBSTITUTE(TRIM(Setup!$B$6),\"-\",\"\")","v":"Κ14"},"Smd16",{"$f":"TEXT(Setup!$B$8,\"ΕΕΕΕ-ΜΜ-ΗΗ\")","v":"2018-06-30"},{"$f":"Setup!$U$7&\" \"&Setup!$T$7","v":{"$error":"#N/A"}},"R16",{"$f":"IF(OR(MD!$M$7=1,MD!$M$7=2), IF(MD!$M$7=1,MD!$I$7,MD!$I$8),\"\")","v":38912},{"$f":"IF(OR(MD!$M$7 =1,MD!$M$7 =2), IF(MD!$M$7 =2,MD!$I$7,MD!$I$8),\"\")","v":40747},{"$f":"TRIM(MD!$O8)","v":"53 40"},4,3,15,16,{"$f":"IF(R3=\"\",I3,\"\")","v":38912},{"$f":"IF(AND($R3=\"\",LEFT($K3)<>LOWER(\"w\")),J3,\"\")","v":40747},{"$f":"IF(OR(J3=0,K3=\"\"),1,IF(TEXT(K3,\"0\")=SUBSTITUTE(LOWER(K3),\"m\",\"\"),\"\",1))","v":""},null,1,{"$f":"IF(NOT(OR(W3=0,W3=\" \",W3=\"\")),IF(INDIRECT(\"ALMD!B\"&MATCH(W3,ALMD!$C$3:$C$18,0)+2)>0,INDIRECT(\"ALMD!B\"&MATCH(W3,ALMD!$C$3:$C$18,0)+2),\"\"),\"\")","v":""},{"$f":"Setup!$U$7&\" \"&Setup!$T$7","v":{"$error":"#N/A"}},{"$f":"J16","v":26198},"2nd",{"$f":"IF($W3>0,COUNTIF($P$2:$P$16,$W3),0)","v":3},{"$f":"IF($W3>0,COUNTIF($P$2:$P$16,$W3)+COUNTIF($Q$2:$Q$16,$W3),0)","v":4},{"$f":"IF($W20>0,IF(COUNTIF($W$19:$W$34,$W3)>0,VLOOKUP($W3,$W$19:$AP$34,20,FALSE),0),0)","v":0},{"$f":"IF(OR($Z3=0,$Z3=\"\",$U3=\"DQ\"),0,VLOOKUP($AJ3,tables!$AF:$AG,2,FALSE))","v":15},{"$f":"IF(W3>0,YEAR(Setup!$B$8)-YEAR(VLOOKUP(W3,ALMD!$C:$F,3,FALSE)),0)","v":14},null,{"$f":"MD!$I6","v":34396},{"$f":"MD!$K6","v":"ΜΗΤΡΟΠΟΥΛΟΥ Α"},{"$f":"IF(AE3>0,MD!$A6,\"\")","v":2},{"$f":"MD!$G6","v":14},null,{"$f":"SUBSTITUTE(SUBSTITUTE(Setup!$B$5&\"S-\"&Setup!$B$13&\"-\"&X3,\"Ανδ-\",\"\"),\"Γυν-\",\"\")","v":"Ε3S-14-2nd"},null,{"$error":"#N/A"},{"$error":"#N/A"},"ΖΩΓΡΑΦΟΥ Α","ΤΟΥΜΠΑΝΙΑΡΗ Μ"]
[{"$f":"Setup!$B$3","v":"ΣΤ' ΕΝΩΣΗ"},{"$f":"Setup!$Z$6","v":294},{"$f":"Setup!$Z$5","v":"Ε3 26η (ΣΤ)"},{"$f":"SUBSTITUTE(TRIM(Setup!$B$6),\"-\",\"\")","v":"Κ14"},"Smd16",{"$f":"TEXT(Setup!$B$8,\"ΕΕΕΕ-ΜΜ-ΗΗ\")","v":"2018-06-30"},{"$f":"Setup!$U$7&\" \"&Setup!$T$7","v":{"$error":"#N/A"}},"R16",{"$f":"IF(OR(MD!$M$9=1,MD!$M$9=2), IF(MD!$M$9=1,MD!$I$9,MD!$I$10),\"\")","v":37337},{"$f":"IF(OR(MD!$M$9 =1,MD!$M$9 =2), IF(MD!$M$9 =2,MD!$I$9,MD!$I$10),\"\")","v":38401},{"$f":"TRIM(MD!$O10)","v":"40 41"},5,6,3,11,37337,38401,"",null,3,{"$f":"IF(NOT(OR(W4=0,W4=\" \",W4=\"\")),IF(INDIRECT(\"ALMD!B\"&MATCH(W4,ALMD!$C$3:$C$18,0)+2)>0,INDIRECT(\"ALMD!B\"&MATCH(W4,ALMD!$C$3:$C$18,0)+2),\"\"),\"\")","v":""},{"$f":"Setup!$U$7&\" \"&Setup!$T$7","v":{"$error":"#N/A"}},{"$f":"J14","v":37337},"3_4",2,3,0,{"$f":"IF(OR($Z4=0,$Z4=\"\",$U4=\"DQ\"),0,VLOOKUP($AJ4,tables!$AF:$AG,2,FALSE))","v":9},{"$f":"IF(W4>0,YEAR(Setup!$B$8)-YEAR(VLOOKUP(W4,ALMD!$C:$F,3,FALSE)),0)","v":14},null,{"$f":"MD!$I7","v":40747},{"$f":"MD!$K7","v":"ΤΟΥΜΠΑΝΙΑΡΗ Μ"},{"$f":"IF(AE4>0,MD!$A7,\"\")","v":3},{"$f":"MD!$G7","v":16},null,{"$f":"SUBSTITUTE(SUBSTITUTE(Setup!$B$5&\"S-\"&Setup!$B$13&\"-\"&X4,\"Ανδ-\",\"\"),\"Γυν-\",\"\")","v":"Ε3S-14-3_4"},null,{"$error":"#N/A"},{"$error":"#N/A"},"ΔΕΛΗ Μ","ΚΛΑΟΥΔΑΤΟΥ Δ"]
[{"$f":"Setup!$B$3","v":"ΣΤ' ΕΝΩΣΗ"},{"$f":"Setup!$Z$6","v":294},{"$f":"Setup!$Z$5","v":"Ε3 26η (ΣΤ)"},{"$f":"SUBSTITUTE(TRIM(Setup!$B$6),\"-\",\"\")","v":"Κ14"},"Smd16",{"$f":"TEXT(Setup!$B$8,\"ΕΕΕΕ-ΜΜ-ΗΗ\")","v":"2018-06-30"},{"$f":"Setup!$U$7&\" \"&Setup!$T$7","v":{"$error":"#N/A"}},"R16",{"$f":"IF(OR(MD!$M$11=1,MD!$M$11=2), IF(MD!$M$11=1,MD!$I$11,MD!$I$12),\"\")","v":33355},{"$f":"IF(OR(MD!$M$11=1,MD!$M$11=2), IF(MD!$M$11=2,MD!$I$11,MD!$I$12),\"\")","v":40340},{"$f":"TRIM(MD!$O12)","v":"40 40"},8,7,7,13,33355,40340,"",null,4,{"$f":"IF(NOT(OR(W5=0,W5=\" \",W5=\"\")),IF(INDIRECT(\"ALMD!B\"&MATCH(W5,ALMD!$C$3:$C$18,0)+2)>0,INDIRECT(\"ALMD!B\"&MATCH(W5,ALMD!$C$3:$C$18,0)+2),\"\"),\"\")","v":""},{"$f":"Setup!$U$7&\" \"&Setup!$T$7","v":{"$error":"#N/A"}},{"$f":"J15","v":35985},"3_4",2,3,0,{"$f":"IF(OR($Z5=0,$Z5=\"\",$U5=\"DQ\"),0,VLOOKUP($AJ5,tables!$AF:$AG,2,FALSE))","v":9},{"$f":"IF(W5>0,YEAR(Setup!$B$8)-YEAR(VLOOKUP(W5,ALMD!$C:$F,3,FALSE)),0)","v":13},null,{"$f":"MD!$I8","v":38912},{"$f":"MD!$K8","v":"ΖΩΓΡΑΦΟΥ Α"},{"$f":"IF(AE5>0,MD!$A8,\"\")","v":4},{"$f":"MD!$G8","v":15},null,{"$f":"SUBSTITUTE(SUBSTITUTE(Setup!$B$5&\"S-\"&Setup!$B$13&\"-\"&X5,\"Ανδ-\",\"\"),\"Γυν-\",\"\")","v":"Ε3S-14-3_4"},null,{"$error":"#N/A"},{"$error":"#N/A"},"ΒΟΥΔΟΥΡΗ Μ","ΝΙΚΟΛΑΚΟΠΟΥΛΟΥ Α"]
[{"$f":"Setup!$B$3","v":"ΣΤ' ΕΝΩΣΗ"},{"$f":"Setup!$Z$6","v":294},{"$f":"Setup!$Z$5","v":"Ε3 26η (ΣΤ)"},{"$f":"SUBSTITUTE(TRIM(Setup!$B$6),\"-\",\"\")","v":"Κ14"},"Smd16",{"$f":"TEXT(Setup!$B$8,\"ΕΕΕΕ-ΜΜ-ΗΗ\")","v":"2018-06-30"},{"$f":"Setup!$U$7&\" \"&Setup!$T$7","v":{"$error":"#N/A"}},"R16",{"$f":"IF(OR(MD!$M$13=1,MD!$M$13=2), IF(MD!$M$13=1,MD!$I$13,MD!$I$14),\"\")","v":35985},{"$f":"IF(OR(MD!$M$13=1,MD!$M$13=2), IF(MD!$M$13=2,MD!$I$13,MD!$I$14),\"\")","v":35595},{"$f":"TRIM(MD!$O14)","v":"41 42"},9,10,4,9,35985,35595,"",null,15,{"$f":"IF(NOT(OR(W6=0,W6=\" \",W6=\"\")),IF(INDIRECT(\"ALMD!B\"&MATCH(W6,ALMD!$C$3:$C$18,0)+2)>0,INDIRECT(\"ALMD!B\"&MATCH(W6,ALMD!$C$3:$C$18,0)+2),\"\"),\"\")","v":""},{"$f":"Setup!$U$7&\" \"&Setup!$T$7","v":{"$error":"#N/A"}},{"$f":"J10","v":38912},"5_8",1,2,0,{"$f":"IF(OR($Z6=0,$Z6=\"\",$U6=\"DQ\"),0,VLOOKUP($AJ6,tables!$AF:$AG,2,FALSE))","v":6},{"$f":"IF(W6>0,YEAR(Setup!$B$8)-YEAR(VLOOKUP(W6,ALMD!$C:$F,3,FALSE)),0)","v":12},null,{"$f":"MD!$I9","v":37337},{"$f":"MD!$K9","v":"ΔΕΛΗ Μ"},{"$f":"IF(AE6>0,MD!$A9,\"\")","v":5},{"$f":"MD!$G9","v":3},null,{"$f":"SUBSTITUTE(SUBSTITUTE(IF(AND(OR(Y6=0,Y6=\"\"), Setup!$B$17>\"\"), Setup!$B$5&\"S-\"&Setup!$B$13&\"-\"&Setup!$B$17, Setup!$B$5&\"S-\"&Setup!$B$13&\"-\"&X6),\"Ανδ-\",\"\"),\"Γυν-\",\"\")","v":"Ε3S-14-5_8"},null,{"$error":"#N/A"},{"$error":"#N/A"},"ΖΟΥΓΡΑ Ι","ΤΟΥΛΑ Μ"]
[{"$f":"Setup!$B$3","v":"ΣΤ' ΕΝΩΣΗ"},{"$f":"Setup!$Z$6","v":294},{"$f":"Setup!$Z$5","v":"Ε3 26η (ΣΤ)"},{"$f":"SUBSTITUTE(TRIM(Setup!$B$6),\"-\",\"\")","v":"Κ14"},"Smd16",{"$f":"TEXT(Setup!$B$8,\"ΕΕΕΕ-ΜΜ-ΗΗ\")","v":"2018-06-30"},{"$f":"Setup!$U$7&\" \"&Setup!$T$7","v":{"$error":"#N/A"}},"R16",{"$f":"IF(OR(MD!$M$15=1,MD!$M$15=2), IF(MD!$M$15=1,MD!$I$15,MD!$I$16),\"\")","v":35515},{"$f":"IF(OR(MD!$M$15=1,MD!$M$15=2), IF(MD!$M$15=2,MD!$I$15,MD!$I$16),\"\")","v":33668},{"$f":"TRIM(MD!$O16)","v":"42 41"},12,11,10,6,35515,33668,"",null,7,{"$f":"IF(NOT(OR(W7=0,W7=\" \",W7=\"\")),IF(INDIRECT(\"ALMD!B\"&MATCH(W7,ALMD!$C$3:$C$18,0)+2)>0,INDIRECT(\"ALMD!B\"&MATCH(W7,ALMD!$C$3:$C$18,0)+2),\"\"),\"\")","v":""},{"$f":"Setup!$U$7&\" \"&Setup!$T$7","v":{"$error":"#N/A"}},{"$f":"J11","v":33355},"5_8",1,2,0,{"$f":"IF(OR($Z7=0,$Z7=\"\",$U7=\"DQ\"),0,VLOOKUP($AJ7,tables!$AF:$AG,2,FALSE))","v":6},{"$f":"IF(W7>0,YEAR(Setup!$B$8)-YEAR(VLOOKUP(W7,ALMD!$C:$F,3,FALSE)),0)","v":14},null,{"$f":"MD!$I10","v":38401},{"$f":"MD!$K10","v":"ΚΛΑΟΥΔΑΤΟΥ Δ"},{"$f":"IF(AE7>0,MD!$A10,\"\")","v":6},{"$f":"MD!$G10","v":11},null,{"$f":"SUBSTITUTE(SUBSTITUTE(IF(AND(OR(Y7=0,Y7=\"\"), Setup!$B$17>\"\"), Setup!$B$5&\"S-\"&Setup!$B$13&\"-\"&Setup!$B$17, Setup!$B$5&\"S-\"&Setup!$B$13&\"-\"&X7),\"Ανδ-\",\"\"),\"Γυν-\",\"\")","v":"Ε3S-14-5_8"},null,{"$error":"#N/A"},{"$error":"#N/A"},"ΚΟΤΙΝΗ Μ","ΚΑΛΤΕΖΙΩΤΗ Ε"]
[{"$f":"Setup!$B$3","v":"ΣΤ' ΕΝΩΣΗ"},{"$f":"Setup!$Z$6","v":294},{"$f":"Setup!$Z$5","v":"Ε3 26η (ΣΤ)"},{"$f":"SUBSTITUTE(TRIM(Setup!$B$6),\"-\",\"\")","v":"Κ14"},"Smd16",{"$f":"TEXT(Setup!$B$8,\"ΕΕΕΕ-ΜΜ-ΗΗ\")","v":"2018-06-30"},{"$f":"Setup!$U$7&\" \"&Setup!$T$7","v":{"$error":"#N/A"}},"R16",{"$f":"IF(OR(MD!$M$17=1,MD!$M$17=2), IF(MD!$M$17=1,MD!$I$17,MD!$I$18),\"\")","v":90169},{"$f":"IF(OR(MD!$M$17=1,MD!$M$17=2), IF(MD!$M$17=2,MD!$I$17,MD!$I$18),\"\")","v":38845},{"$f":"TRIM(MD!$O18)","v":"40 42"},13,14,5,12,90169,38845,"",null,10,{"$f":"IF(NOT(OR(W8=0,W8=\" \",W8=\"\")),IF(INDIRECT(\"ALMD!B\"&MATCH(W8,ALMD!$C$3:$C$18,0)+2)>0,INDIRECT(\"ALMD!B\"&MATCH(W8,ALMD!$C$3:$C$18,0)+2),\"\"),\"\")","v":""},{"$f":"Setup!$U$7&\" \"&Setup!$T$7","v":{"$error":"#N/A"}},{"$f":"J12","v":35515},"5_8",1,2,0,{"$f":"IF(OR($Z8=0,$Z8=\"\",$U8=\"DQ\"),0,VLOOKUP($AJ8,tables!$AF:$AG,2,FALSE))","v":6},{"$f":"IF(W8>0,YEAR(Setup!$B$8)-YEAR(VLOOKUP(W8,ALMD!$C:$F,3,FALSE)),0)","v":12},null,{"$f":"MD!$I11","v":40340},{"$f":"MD!$K11","v":"ΝΙΚΟΛΑΚΟΠΟΥΛΟΥ Α"},{"$f":"IF(AE8>0,MD!$A11,\"\")","v":7},{"$f":"MD!$G11","v":13},null,{"$f":"SUBSTITUTE(SUBSTITUTE(IF(AND(OR(Y8=0,Y8=\"\"), Setup!$B$17>\"\"), Setup!$B$5&\"S-\"&Setup!$B$13&\"-\"&Setup!$B$17, Setup!$B$5&\"S-\"&Setup!$B$13&\"-\"&X8),\"Ανδ-\",\"\"),\"Γυν-\",\"\")","v":"Ε3S-14-5_8"},null,{"$error":"#N/A"},{"$error":"#N/A"},"ΑΣΕΝΟΒΑ Γ","ΤΣΙΛΙΜΠΗ Δ"]
[{"$f":"Setup!$B$3","v":"ΣΤ' ΕΝΩΣΗ"},{"$f":"Setup!$Z$6","v":294},{"$f":"Setup!$Z$5","v":"Ε3 26η (ΣΤ)"},{"$f":"SUBSTITUTE(TRIM(Setup!$B$6),\"-\",\"\")","v":"Κ14"},"Smd16",{"$f":"TEXT(Setup!$B$8,\"ΕΕΕΕ-ΜΜ-ΗΗ\")","v":"2018-06-30"},{"$f":"Setup!$U$7&\" \"&Setup!$T$7","v":{"$error":"#N/A"}},"R16",{"$f":"IF(OR(MD!$M$19=1,MD!$M$19=2), IF(MD!$M$19=1,MD!$I$19,MD!$I$20),\"\")","v":37585},{"$f":"IF(OR(MD!$M$19=1,MD!$M$19=2), IF(MD!$M$19=2,MD!$I$19,MD!$I$20),\"\")","v":39327},{"$f":"TRIM(MD!$O20)","v":"40 40"},16,15,2,8,37585,39327,"",null,5,{"$f":"IF(NOT(OR(W9=0,W9=\" \",W9=\"\")),IF(INDIRECT(\"ALMD!B\"&MATCH(W9,ALMD!$C$3:$C$18,0)+2)>0,INDIRECT(\"ALMD!B\"&MATCH(W9,ALMD!$C$3:$C$18,0)+2),\"\"),\"\")","v":""},{"$f":"Setup!$U$7&\" \"&Setup!$T$7","v":{"$error":"#N/A"}},{"$f":"J13","v":90169},"5_8",1,2,0,{"$f":"IF(OR($Z9=0,$Z9=\"\",$U9=\"DQ\"),0,VLOOKUP($AJ9,tables!$AF:$AG,2,FALSE))","v":6},{"$f":"IF(W9>0,YEAR(Setup!$B$8)-YEAR(VLOOKUP(W9,ALMD!$C:$F,3,FALSE)),0)","v":118},null,{"$f":"MD!$I12","v":33355},{"$f":"MD!$K12","v":"ΒΟΥΔΟΥΡΗ Μ"},{"$f":"IF(AE9>0,MD!$A12,\"\")","v":8},{"$f":"MD!$G12","v":7},null,{"$f":"SUBSTITUTE(SUBSTITUTE(IF(AND(OR(Y9=0,Y9=\"\"), Setup!$B$17>\"\"), Setup!$B$5&\"S-\"&Setup!$B$13&\"-\"&Setup!$B$17, Setup!$B$5&\"S-\"&Setup!$B$13&\"-\"&X9),\"Ανδ-\",\"\"),\"Γυν-\",\"\")","v":"Ε3S-14-5_8"},null,{"$f":"IF(AO9>\" \", IF(OR(AM9=AM10,AM9=AM8), IF(AM9=AM10,AN9&\"/\"&AN10&\" - \"&AO9&\"/\"&AO10, AN8&\"/\"&AN9&\" - \"&AO8&\"/\"&AO9),AN9&\" - \"&AO9), IF(OR(AM9=AM10,AM9=AM8), IF(AM9=AM10,AN9&\"/\"&AN10, AN8&\"/\"&AN9),AN9))","v":{"$error":"#N/A"}},{"$f":"G9&H9&L9","v":{"$error":"#N/A"}},"ΣΤΡΑΤΗ Γ","ΜΠΟΥΖΟΥ Ε"]
[{"$f":"Setup!$B$3","v":"ΣΤ' ΕΝΩΣΗ"},{"$f":"Setup!$Z$6","v":294},{"$f":"Setup!$Z$5","v":"Ε3 26η (ΣΤ)"},{"$f":"SUBSTITUTE(TRIM(Setup!$B$6),\"-\",\"\")","v":"Κ14"},"Smd16",{"$f":"TEXT(Setup!$B$8,\"ΕΕΕΕ-ΜΜ-ΗΗ\")","v":"2018-06-30"},{"$f":"Setup!$U$7&\" \"&Setup!$T$7","v":{"$error":"#N/A"}},"R08",{"$f":"IF(OR(MD!$P$6=1,MD!$P$6=2), IF(MD!$P$6 =1,MD!$N$5,MD!$N$7),\"\")","v":26198},{"$f":"IF(OR(MD!$P$6 =1,MD!$P$6 =2), IF(MD!$P$6 =2,MD!$N$5,MD!$N$7),\"\")","v":38912},{"$f":"TRIM(MD!$R7)","v":"41 41"},1,4,1,15,26198,38912,"",null,14,{"$f":"IF(NOT(OR(W10=0,W10=\" \",W10=\"\")),IF(INDIRECT(\"ALMD!B\"&MATCH(W10,ALMD!$C$3:$C$18,0)+2)>0,INDIRECT(\"ALMD!B\"&MATCH(W10,ALMD!$C$3:$C$18,0)+2),\"\"),\"\")","v":""},{"$f":"Setup!$U$7&\" \"&Setup!$T$7","v":{"$error":"#N/A"}},{"$f":"J2","v":34396},"9_16",0,1,0,{"$f":"IF(OR($Z10=0,$Z10=\"\",$U10=\"DQ\"),0,VLOOKUP($AJ10,tables!$AF:$AG,2,FALSE))","v":3},{"$f":"IF(W10>0,YEAR(Setup!$B$8)-YEAR(VLOOKUP(W10,ALMD!$C:$F,3,FALSE)),0)","v":13},null,{"$f":"MD!$I13","v":35985},{"$f":"MD!$K13","v":"ΖΟΥΓΡΑ Ι"},{"$f":"IF(AE10>0,MD!$A13,\"\")","v":9},{"$f":"MD!$G13","v":4},null,{"$f":"SUBSTITUTE(SUBSTITUTE(IF(AND(OR(Y10=0,Y10=\"\"), Setup!$B$17>\"\"), Setup!$B$5&\"S-\"&Setup!$B$13&\"-\"&Setup!$B$17, Setup!$B$5&\"S-\"&Setup!$B$13&\"-\"&X10),\"Ανδ-\",\"\"),\"Γυν-\",\"\")","v":"Ε3S-14-17_32"},null,{"$error":"#N/A"},{"$error":"#N/A"},"ΛΑΜΠΡΟΠΟΥΛΟΥ Β","ΖΩΓΡΑΦΟΥ Α"]
[{"$f":"Setup!$B$3","v":"ΣΤ' ΕΝΩΣΗ"},{"$f":"Setup!$Z$6","v":294},{"$f":"Setup!$Z$5","v":"Ε3 26η (ΣΤ)"},{"$f":"SUBSTITUTE(TRIM(Setup!$B$6),\"-\",\"\")","v":"Κ14"},"Smd16",{"$f":"TEXT(Setup!$B$8,\"ΕΕΕΕ-ΜΜ-ΗΗ\")","v":"2018-06-30"},{"$f":"Setup!$U$7&\" \"&Setup!$T$7","v":{"$error":"#N/A"}},"R08",{"$f":"IF(OR(MD!$P$10=1,MD!$P$10=2), IF(MD!$P$10=1,MD!$N$9,MD!$N$11),\"\")","v":37337},{"$f":"IF(OR(MD!$P$10=1,MD!$P$10=2), IF(MD!$P$10=2,MD!$N$9,MD!$N$11),\"\")","v":33355},{"$f":"TRIM(MD!$R11)","v":"41 41"},5,8,3,7,37337,33355,"",null,16,{"$f":"IF(NOT(OR(W11=0,W11=\" \",W11=\"\")),IF(INDIRECT(\"ALMD!B\"&MATCH(W11,ALMD!$C$3:$C$18,0)+2)>0,INDIRECT(\"ALMD!B\"&MATCH(W11,ALMD!$C$3:$C$18,0)+2),\"\"),\"\")","v":""},{"$f":"Setup!$U$7&\" \"&Setup!$T$7","v":{"$error":"#N/A"}},40747,"9_16",0,1,0,{"$f":"IF(OR($Z11=0,$Z11=\"\",$U11=\"DQ\"),0,VLOOKUP($AJ11,tables!$AF:$AG,2,FALSE))","v":3},{"$f":"IF(W11>0,YEAR(Setup!$B$8)-YEAR(VLOOKUP(W11,ALMD!$C:$F,3,FALSE)),0)","v":13},null,{"$f":"MD!$I14","v":35595},{"$f":"MD!$K14","v":"ΤΟΥΛΑ Μ"},{"$f":"IF(AE11>0,MD!$A14,\"\")","v":10},{"$f":"MD!$G14","v":9},null,{"$f":"SUBSTITUTE(SUBSTITUTE(IF(AND(OR(Y11=0,Y11=\"\"), Setup!$B$17>\"\"), Setup!$B$5&\"S-\"&Setup!$B$13&\"-\"&Setup!$B$17, Setup!$B$5&\"S-\"&Setup!$B$13&\"-\"&X11),\"Ανδ-\",\"\"),\"Γυν-\",\"\")","v":"Ε3S-14-17_32"},null,{"$error":"#N/A"},{"$error":"#N/A"},"ΔΕΛΗ Μ","ΒΟΥΔΟΥΡΗ Μ"]
[{"$f":"Setup!$B$3","v":"ΣΤ' ΕΝΩΣΗ"},{"$f":"Setup!$Z$6","v":294},{"$f":"Setup!$Z$5","v":"Ε3 26η (ΣΤ)"},{"$f":"SUBSTITUTE(TRIM(Setup!$B$6),\"-\",\"\")","v":"Κ14"},"Smd16",{"$f":"TEXT(Setup!$B$8,\"ΕΕΕΕ-ΜΜ-ΗΗ\")","v":"2018-06-30"},{"$f":"Setup!$U$7&\" \"&Setup!$T$7","v":{"$error":"#N/A"}},"R08",{"$f":"IF(OR(MD!$P$14=1,MD!$P$14=2), IF(MD!$P$14=1,MD!$N$13,MD!$N$15),\"\")","v":35985},{"$f":"IF(OR(MD!$P$14=1,MD!$P$14=2), IF(MD!$P$14=2,MD!$N$13,MD!$N$15),\"\")","v":35515},{"$f":"TRIM(MD!$R15)","v":"54(3) 40"},9,12,4,10,35985,35515,"",null,11,{"$f":"IF(NOT(OR(W12=0,W12=\" \",W12=\"\")),IF(INDIRECT(\"ALMD!B\"&MATCH(W12,ALMD!$C$3:$C$18,0)+2)>0,INDIRECT(\"ALMD!B\"&MATCH(W12,ALMD!$C$3:$C$18,0)+2),\"\"),\"\")","v":""},{"$f":"Setup!$U$7&\" \"&Setup!$T$7","v":{"$error":"#N/A"}},38401,"9_16",0,1,0,{"$f":"IF(OR($Z12=0,$Z12=\"\",$U12=\"DQ\"),0,VLOOKUP($AJ12,tables!$AF:$AG,2,FALSE))","v":3},{"$f":"IF(W12>0,YEAR(Setup!$B$8)-YEAR(VLOOKUP(W12,ALMD!$C:$F,3,FALSE)),0)","v":11},null,{"$f":"MD!$I15","v":33668},{"$f":"MD!$K15","v":"ΚΑΛΤΕΖΙΩΤΗ Ε"},{"$f":"IF(AE12>0,MD!$A15,\"\")","v":11},{"$f":"MD!$G15","v":6},null,{"$f":"SUBSTITUTE(SUBSTITUTE(IF(AND(OR(Y12=0,Y12=\"\"), Setup!$B$17>\"\"), Setup!$B$5&\"S-\"&Setup!$B$13&\"-\"&Setup!$B$17, Setup!$B$5&\"S-\"&Setup!$B$13&\"-\"&X12),\"Ανδ-\",\"\"),\"Γυν-\",\"\")","v":"Ε3S-14-17_32"},null,{"$error":"#N/A"},{"$error":"#N/A"},"ΖΟΥΓΡΑ Ι","ΚΟΤΙΝΗ Μ"]
[{"$f":"Setup!$B$3","v":"ΣΤ' ΕΝΩΣΗ"},{"$f":"Setup!$Z$6","v":294},{"$f":"Setup!$Z$5","v":"Ε3 26η (ΣΤ)"},{"$f":"SUBSTITUTE(TRIM(Setup!$B$6),\"-\",\"\")","v":"Κ14"},"Smd16",{"$f":"TEXT(Setup!$B$8,\"ΕΕΕΕ-ΜΜ-ΗΗ\")","v":"2018-06-30"},{"$f":"Setup!$U$7&\" \"&Setup!$T$7","v":{"$error":"#N/A"}},"R08",{"$f":"IF(OR(MD!$P$18=1,MD!$P$18=2), IF(MD!$P$18=1,MD!$N$17,MD!$N$19),\"\")","v":37585},{"$f":"IF(OR(MD!$P$18=1,MD!$P$18=2), IF(MD!$P$18=2,MD!$N$17,MD!$N$19),\"\")","v":90169},{"$f":"TRIM(MD!$R19)","v":"41 41"},16,13,2,5,37585,90169,"",null,13,{"$f":"IF(NOT(OR(W13=0,W13=\" \",W13=\"\")),IF(INDIRECT(\"ALMD!B\"&MATCH(W13,ALMD!$C$3:$C$18,0)+2)>0,INDIRECT(\"ALMD!B\"&MATCH(W13,ALMD!$C$3:$C$18,0)+2),\"\"),\"\")","v":""},{"$f":"Setup!$U$7&\" \"&Setup!$T$7","v":{"$error":"#N/A"}},40340,"9_16",0,1,0,{"$f":"IF(OR($Z13=0,$Z13=\"\",$U13=\"DQ\"),0,VLOOKUP($AJ13,tables!$AF:$AG,2,FALSE))","v":3},{"$f":"IF(W13>0,YEAR(Setup!$B$8)-YEAR(VLOOKUP(W13,ALMD!$C:$F,3,FALSE)),0)","v":12},null,{"$f":"MD!$I16","v":35515},{"$f":"MD!$K16","v":"ΚΟΤΙΝΗ Μ"},{"$f":"IF(AE13>0,MD!$A16,\"\")","v":12},{"$f":"MD!$G16","v":10},null,{"$f":"SUBSTITUTE(SUBSTITUTE(IF(AND(OR(Y13=0,Y13=\"\"), Setup!$B$17>\"\"), Setup!$B$5&\"S-\"&Setup!$B$13&\"-\"&Setup!$B$17, Setup!$B$5&\"S-\"&Setup!$B$13&\"-\"&X13),\"Ανδ-\",\"\"),\"Γυν-\",\"\")","v":"Ε3S-14-17_32"},null,{"$error":"#N/A"},{"$error":"#N/A"},"ΣΤΡΑΤΗ Γ","ΑΣΕΝΟΒΑ Γ"]
[{"$f":"Setup!$B$3","v":"ΣΤ' ΕΝΩΣΗ"},{"$f":"Setup!$Z$6","v":294},{"$f":"Setup!$Z$5","v":"Ε3 26η (ΣΤ)"},{"$f":"SUBSTITUTE(TRIM(Setup!$B$6),\"-\",\"\")","v":"Κ14"},"Smd16",{"$f":"TEXT(Setup!$B$8,\"ΕΕΕΕ-ΜΜ-ΗΗ\")","v":"2018-06-30"},{"$f":"Setup!$U$7&\" \"&Setup!$T$7","v":{"$error":"#N/A"}},"Ημιτελ",{"$f":"IF(OR(MD!$S$8=1,MD!$S$8=2), IF(MD!$S$8=1,MD!$Q$6,MD!$Q$10),\"\")","v":26198},{"$f":"IF(OR(MD!$S$8 =1,MD!$S$8 =2), IF(MD!$S$8 =2,MD!$Q$6,MD!$Q$10),\"\")","v":37337},{"$f":"TRIM(MD!$U9)","v":"62 57 63"},1,5,1,3,26198,37337,"",null,9,{"$f":"IF(NOT(OR(W14=0,W14=\" \",W14=\"\")),IF(INDIRECT(\"ALMD!B\"&MATCH(W14,ALMD!$C$3:$C$18,0)+2)>0,INDIRECT(\"ALMD!B\"&MATCH(W14,ALMD!$C$3:$C$18,0)+2),\"\"),\"\")","v":""},{"$f":"Setup!$U$7&\" \"&Setup!$T$7","v":{"$error":"#N/A"}},35595,"9_16",0,1,0,{"$f":"IF(OR($Z14=0,$Z14=\"\",$U14=\"DQ\"),0,VLOOKUP($AJ14,tables!$AF:$AG,2,FALSE))","v":3},{"$f":"IF(W14>0,YEAR(Setup!$B$8)-YEAR(VLOOKUP(W14,ALMD!$C:$F,3,FALSE)),0)","v":12},null,{"$f":"MD!$I17","v":90169},{"$f":"MD!$K17","v":"ΑΣΕΝΟΒΑ Γ"},{"$f":"IF(AE14>0,MD!$A17,\"\")","v":13},{"$f":"MD!$G17","v":5},null,{"$f":"SUBSTITUTE(SUBSTITUTE(IF(AND(OR(Y14=0,Y14=\"\"), Setup!$B$17>\"\"), Setup!$B$5&\"S-\"&Setup!$B$13&\"-\"&Setup!$B$17, Setup!$B$5&\"S-\"&Setup!$B$13&\"-\"&X14),\"Ανδ-\",\"\"),\"Γυν-\",\"\")","v":"Ε3S-14-17_32"},null,{"$error":"#N/A"},{"$error":"#N/A"},"ΛΑΜΠΡΟΠΟΥΛΟΥ Β","ΔΕΛΗ Μ"]
[{"$f":"Setup!$B$3","v":"ΣΤ' ΕΝΩΣΗ"},{"$f":"Setup!$Z$6","v":294},{"$f":"Setup!$Z$5","v":"Ε3 26η (ΣΤ)"},{"$f":"SUBSTITUTE(TRIM(Setup!$B$6),\"-\",\"\")","v":"Κ14"},"Smd16",{"$f":"TEXT(Setup!$B$8,\"ΕΕΕΕ-ΜΜ-ΗΗ\")","v":"2018-06-30"},{"$f":"Setup!$U$7&\" \"&Setup!$T$7","v":{"$error":"#N/A"}},"Ημιτελ",{"$f":"IF(OR(MD!$S$16=1,MD!$S$16=2), IF(MD!$S$16=1,MD!$Q$14,MD!$Q$18),\"\")","v":37585},{"$f":"IF(OR(MD!$S$16=1,MD!$S$16=2), IF(MD!$S$16=2,MD!$Q$14,MD!$Q$18),\"\")","v":35985},{"$f":"TRIM(MD!$U17)","v":"57 62 62"},16,9,2,4,37585,35985,"",null,6,{"$f":"IF(NOT(OR(W15=0,W15=\" \",W15=\"\")),IF(INDIRECT(\"ALMD!B\"&MATCH(W15,ALMD!$C$3:$C$18,0)+2)>0,INDIRECT(\"ALMD!B\"&MATCH(W15,ALMD!$C$3:$C$18,0)+2),\"\"),\"\")","v":""},{"$f":"Setup!$U$7&\" \"&Setup!$T$7","v":{"$error":"#N/A"}},33668,"9_16",0,1,0,{"$f":"IF(OR($Z15=0,$Z15=\"\",$U15=\"DQ\"),0,VLOOKUP($AJ15,tables!$AF:$AG,2,FALSE))","v":3},{"$f":"IF(W15>0,YEAR(Setup!$B$8)-YEAR(VLOOKUP(W15,ALMD!$C:$F,3,FALSE)),0)","v":14},null,{"$f":"MD!$I18","v":38845},{"$f":"MD!$K18","v":"ΤΣΙΛΙΜΠΗ Δ"},{"$f":"IF(AE15>0,MD!$A18,\"\")","v":14},{"$f":"MD!$G18","v":12},null,{"$f":"SUBSTITUTE(SUBSTITUTE(IF(AND(OR(Y15=0,Y15=\"\"), Setup!$B$17>\"\"), Setup!$B$5&\"S-\"&Setup!$B$13&\"-\"&Setup!$B$17, Setup!$B$5&\"S-\"&Setup!$B$13&\"-\"&X15),\"Ανδ-\",\"\"),\"Γυν-\",\"\")","v":"Ε3S-14-17_32"},null,{"$error":"#N/A"},{"$error":"#N/A"},"ΣΤΡΑΤΗ Γ","ΖΟΥΓΡΑ Ι"]
[{"$f":"Setup!$B$3","v":"ΣΤ' ΕΝΩΣΗ"},{"$f":"Setup!$Z$6","v":294},{"$f":"Setup!$Z$5","v":"Ε3 26η (ΣΤ)"},{"$f":"SUBSTITUTE(TRIM(Setup!$B$6),\"-\",\"\")","v":"Κ14"},"Smd16",{"$f":"TEXT(Setup!$B$8,\"ΕΕΕΕ-ΜΜ-ΗΗ\")","v":"2018-06-30"},{"$f":"Setup!$U$7&\" \"&Setup!$T$7","v":{"$error":"#N/A"}},"Τελικός",{"$f":"IF(OR(MD!$S$12=1,MD!$S$12=2), IF(MD!$S$12=1,MD!$T$8,MD!$T$16),\"\")","v":37585},{"$f":"IF(OR(MD!$S$12=1,MD!$S$12=2), IF(MD!$S$12=2,MD!$T$8,MD!$T$16),\"\")","v":26198},{"$f":"TRIM(MD!$U13)","v":"67(3) 60 ret."},16,1,2,1,37585,26198,"",null,12,{"$f":"IF(NOT(OR(W16=0,W16=\" \",W16=\"\")),IF(INDIRECT(\"ALMD!B\"&MATCH(W16,ALMD!$C$3:$C$18,0)+2)>0,INDIRECT(\"ALMD!B\"&MATCH(W16,ALMD!$C$3:$C$18,0)+2),\"\"),\"\")","v":""},{"$f":"Setup!$U$7&\" \"&Setup!$T$7","v":{"$error":"#N/A"}},38845,"9_16",0,1,0,{"$f":"IF(OR($Z16=0,$Z16=\"\",$U16=\"DQ\"),0,VLOOKUP($AJ16,tables!$AF:$AG,2,FALSE))","v":3},{"$f":"IF(W16>0,YEAR(Setup!$B$8)-YEAR(VLOOKUP(W16,ALMD!$C:$F,3,FALSE)),0)","v":13},null,{"$f":"MD!$I19","v":39327},{"$f":"MD!$K19","v":"ΜΠΟΥΖΟΥ Ε"},{"$f":"IF(AE16>0,MD!$A19,\"\")","v":15},{"$f":"MD!$G19","v":8},null,{"$f":"SUBSTITUTE(SUBSTITUTE(IF(AND(OR(Y16=0,Y16=\"\"), Setup!$B$17>\"\"), Setup!$B$5&\"S-\"&Setup!$B$13&\"-\"&Setup!$B$17, Setup!$B$5&\"S-\"&Setup!$B$13&\"-\"&X16),\"Ανδ-\",\"\"),\"Γυν-\",\"\")","v":"Ε3S-14-17_32"},null,{"$error":"#N/A"},{"$error":"#N/A"},"ΣΤΡΑΤΗ Γ","ΛΑΜΠΡΟΠΟΥΛΟΥ Β"]
[{"$f":"Setup!$B$3","v":"ΣΤ' ΕΝΩΣΗ"},{"$f":"Setup!$Z$6","v":294},{"$f":"Setup!$Z$5","v":"Ε3 26η (ΣΤ)"},{"$f":"SUBSTITUTE(TRIM(Setup!$B$6),\"-\",\"\")","v":"Κ14"},"Smd16",{"$f":"TEXT(Setup!$B$8,\"ΕΕΕΕ-ΜΜ-ΗΗ\")","v":"2018-06-30"},null,null,null,null,null,null,null,null,null,null,null,null,null,8,{"$f":"IF(NOT(OR(W17=0,W17=\" \",W17=\"\")),IF(INDIRECT(\"ALMD!B\"&MATCH(W17,ALMD!$C$3:$C$18,0)+2)>0,INDIRECT(\"ALMD!B\"&MATCH(W17,ALMD!$C$3:$C$18,0)+2),\"\"),\"\")","v":""},{"$f":"Setup!$U$7&\" \"&Setup!$T$7","v":{"$error":"#N/A"}},39327,"9_16",0,1,0,{"$f":"IF(OR($Z17=0,$Z17=\"\",$U17=\"DQ\"),0,VLOOKUP($AJ17,tables!$AF:$AG,2,FALSE))","v":3},{"$f":"IF(W17>0,YEAR(Setup!$B$8)-YEAR(VLOOKUP(W17,ALMD!$C:$F,3,FALSE)),0)","v":13},null,{"$f":"MD!$I20","v":37585},{"$f":"MD!$K20","v":"ΣΤΡΑΤΗ Γ"},{"$f":"IF(AE17>0,MD!$A20,\"\")","v":16},{"$f":"MD!$G20","v":2},null,{"$f":"SUBSTITUTE(SUBSTITUTE(IF(AND(OR(Y17=0,Y17=\"\"), Setup!$B$17>\"\"), Setup!$B$5&\"S-\"&Setup!$B$13&\"-\"&Setup!$B$17, Setup!$B$5&\"S-\"&Setup!$B$13&\"-\"&X17),\"Ανδ-\",\"\"),\"Γυν-\",\"\")","v":"Ε3S-14-17_32"}]
[null,null,null,null,null,null,null,null,null,null,null,null,null,null,null,null,null,null,null,null,null,null,null,null,null,null,null,null,null,null,null,null,null,null,null,null,null,null,null,null,null,"PtsQ","aa19"]
[null,null,null,null,null,null,null,null,null,null,null,null,null,null,null,null,null,null,null,null,null,null,null,null,null,null,null,null,null,null,null,null,null,null,null,null,null,null,null,null,null,null,"'=IF(COUNTIF($W$2:$W$17,$W19)>0,0,$AP19)"]